-- MySQL dump 9.11
--
-- Host: localhost    Database: localsite_gs3mgdemo
-- ------------------------------------------------------
-- Server version	4.0.20-standard

--
-- Table structure for table `build`
--

CREATE TABLE build (
  buildRef int(11) NOT NULL auto_increment,
  buildKey varchar(64) default NULL,
  buildValue tinytext,
  PRIMARY KEY  (buildRef)
) TYPE=MyISAM;

--
-- Dumping data for table `build`
--

INSERT INTO build VALUES (1,'NextSeqNo','7');
INSERT INTO build VALUES (2,'lastBuildDate','20050201');

--
-- Table structure for table `classdata`
--

CREATE TABLE classdata (
  ClassifyRef int(11) default NULL,
  Label tinytext,
  Value tinytext
) TYPE=MyISAM;

--
-- Dumping data for table `classdata`
--


--
-- Table structure for table `classdocuments`
--

CREATE TABLE classdocuments (
  ClassifyRef int(11) default NULL,
  DocID tinytext,
  DocOrder int(11) default NULL
) TYPE=MyISAM;

--
-- Dumping data for table `classdocuments`
--

INSERT INTO classdocuments VALUES (2,'20050201:5',1);
INSERT INTO classdocuments VALUES (3,'20050201:2',1);
INSERT INTO classdocuments VALUES (4,'20050201:3',1);
INSERT INTO classdocuments VALUES (4,'20050201:4',2);
INSERT INTO classdocuments VALUES (5,'20050201:1',1);
INSERT INTO classdocuments VALUES (10,'20050201:1',1);
INSERT INTO classdocuments VALUES (10,'20050201:2',2);
INSERT INTO classdocuments VALUES (15,'20050201:3',1);
INSERT INTO classdocuments VALUES (15,'20050201:4',2);
INSERT INTO classdocuments VALUES (22,'20050201:5',1);
INSERT INTO classdocuments VALUES (25,'20050201:5',1);
INSERT INTO classdocuments VALUES (30,'20050201:3',1);
INSERT INTO classdocuments VALUES (30,'20050201:4',2);
INSERT INTO classdocuments VALUES (34,'20050201:1',1);
INSERT INTO classdocuments VALUES (34,'20050201:2',2);
INSERT INTO classdocuments VALUES (36,'20050201:3',1);
INSERT INTO classdocuments VALUES (36,'20050201:4',2);
INSERT INTO classdocuments VALUES (41,'20050201:2',1);
INSERT INTO classdocuments VALUES (42,'20050201:1',1);
INSERT INTO classdocuments VALUES (45,'20050201:4',1);
INSERT INTO classdocuments VALUES (46,'20050201:5',1);

--
-- Table structure for table `classifiers`
--

CREATE TABLE classifiers (
  ClassifyRef int(11) NOT NULL auto_increment,
  ClassifyID tinytext,
  ParentID tinytext,
  ClassifyOrder tinytext,
  Name tinytext,
  Description tinytext,
  NumLeafDocs int(11) default NULL,
  PRIMARY KEY  (ClassifyRef)
) TYPE=MyISAM;

--
-- Dumping data for table `classifiers`
--

INSERT INTO classifiers VALUES (1,'CLTit','','0','','Classifier',5);
INSERT INTO classifiers VALUES (2,'CLTit.d','CLTit','1','d','d',1);
INSERT INTO classifiers VALUES (3,'CLTit.m','CLTit','2','m','m',1);
INSERT INTO classifiers VALUES (4,'CLTit.f','CLTit','3','f','f',2);
INSERT INTO classifiers VALUES (5,'CLTit.l','CLTit','4','l','l',1);
INSERT INTO classifiers VALUES (6,'CLOrg','','0','','Classifier',5);
INSERT INTO classifiers VALUES (7,'CLOrg.1','CLOrg','1','ACCU','ACCU',0);
INSERT INTO classifiers VALUES (8,'CLOrg.2','CLOrg','2','Agenda 21','Agenda 21',0);
INSERT INTO classifiers VALUES (9,'CLOrg.3','CLOrg','3','Alkire','Alkire',0);
INSERT INTO classifiers VALUES (10,'CLOrg.4','CLOrg','4','BOSTID','BOSTID',2);
INSERT INTO classifiers VALUES (11,'CLOrg.5','CLOrg','5','Chandra','Chandra',0);
INSERT INTO classifiers VALUES (12,'CLOrg.6','CLOrg','6','CPS','CPS',0);
INSERT INTO classifiers VALUES (13,'CLOrg.7','CLOrg','7','EC Courier','EC Courier',0);
INSERT INTO classifiers VALUES (14,'CLOrg.8','CLOrg','8','FAO','FAO',2);
INSERT INTO classifiers VALUES (15,'CLOrg.8.1','CLOrg.8','1','FAO Better Farming series','FAO Better Farming Series',2);
INSERT INTO classifiers VALUES (16,'CLOrg.9','CLOrg','9','Habitat','Habitat',0);
INSERT INTO classifiers VALUES (17,'CLOrg.10','CLOrg','10','Inforse','Inforse',0);
INSERT INTO classifiers VALUES (18,'CLOrg.12','CLOrg','12','International Institute for Rural Reconstruction','International Institute for Rural Reconstruction',0);
INSERT INTO classifiers VALUES (19,'CLOrg.13','CLOrg','13','NGLS','NGLS',0);
INSERT INTO classifiers VALUES (20,'CLOrg.14','CLOrg','14','Peace Corps','Peace Corps',0);
INSERT INTO classifiers VALUES (21,'CLOrg.15','CLOrg','15','UNESCO','UNESCO',0);
INSERT INTO classifiers VALUES (22,'CLOrg.16','CLOrg','16','World Bank','World Bank',1);
INSERT INTO classifiers VALUES (23,'CLSubject','','0','','Classifier',7);
INSERT INTO classifiers VALUES (24,'CLSubject.10','CLSubject','10','Society, Culture, Community, Woman, Youth, Population','Society, Culture, Community, Woman, Youth, Population',1);
INSERT INTO classifiers VALUES (25,'CLSubject.10.5','CLSubject.10','5','Women, gender and development, women\'s organizations','Women, gender and development, women\'s organizations',1);
INSERT INTO classifiers VALUES (26,'CLSubject.10.6','CLSubject.10','6','Social sciences, sociology (works comprising several subgroups) incl. participatory research and training','Social sciences, sociology (works comprising several subgroups) incl. participatory research and training',0);
INSERT INTO classifiers VALUES (27,'CLSubject.12','CLSubject','12','Communication, Information and Documentation','Communication, Information and Documentation',0);
INSERT INTO classifiers VALUES (28,'CLSubject.12.2','CLSubject.12','2','Communication, telecommunication, mass communication, mass media, film-making','Communication, telecommunication, mass communication, mass media, film-making',0);
INSERT INTO classifiers VALUES (29,'CLSubject.13','CLSubject','13','Agriculture and Food Processing','Agriculture and Food Processing',2);
INSERT INTO classifiers VALUES (30,'CLSubject.13.8','CLSubject.13','8','Better Farming series of FAO and INADES - 46 booklets','Better Farming series of FAO and INADES - 46 booklets',2);
INSERT INTO classifiers VALUES (31,'CLSubject.14','CLSubject','14','Animal Husbandry and Animal Product Processing','Animal Husbandry and Animal Product Processing',2);
INSERT INTO classifiers VALUES (32,'CLSubject.14.2','CLSubject.14','2','Veterinary medicine, animal diseases','Veterinary medicine, animal diseases',0);
INSERT INTO classifiers VALUES (33,'CLSubject.14.5','CLSubject.14','5','Cattle','Cattle',0);
INSERT INTO classifiers VALUES (34,'CLSubject.14.6','CLSubject.14','6','Other animals (micro-livestock, little known animals, silkworms, reptiles, frogs, snails, game, etc.)','Other animals (micro-livestock, little known animals, silkworms, reptiles, frogs, snails, game, etc.)',2);
INSERT INTO classifiers VALUES (35,'CLSubject.15','CLSubject','15','Settlements, Housing, Building - Infrastructure Construction (Roads etc)','Settlements, Housing, Building - Infrastructure Construction (Roads etc)',2);
INSERT INTO classifiers VALUES (36,'CLSubject.15.3','CLSubject.15','3','Settlements and housing: general works incl. low- cost housing, planning techniques, surveying, etc.','Settlements and housing: general works incl. low- cost housing, planning techniques, surveying, etc.',2);
INSERT INTO classifiers VALUES (37,'CLSubject.16','CLSubject','16','Development Periodicals and Magazines','Development Periodicals and Magazines',0);
INSERT INTO classifiers VALUES (38,'CLSubject.16.1','CLSubject.16','1','Sustainable Energy Newsletters of the INFORSE network','Sustainable Energy Newsletters of the INFORSE network',0);
INSERT INTO classifiers VALUES (39,'CLSubject.16.2','CLSubject.16','2','The Courier ACP 1990 - 1996 Africa-Caribbean-Pacific - European Union','The Courier ACP 1990 - 1996 Africa-Caribbean-Pacific - European Union',0);
INSERT INTO classifiers VALUES (40,'CLKeyword','','0','','Classifier',4);
INSERT INTO classifiers VALUES (41,'CLKeyword.1','CLKeyword','1','introduce small animals and micro-livestock in your farm','introduce small animals and micro-livestock in your farm',1);
INSERT INTO classifiers VALUES (42,'CLKeyword.2','CLKeyword','2','introduce little-known Asian farm animals with a promising future','introduce little-known Asian farm animals with a promising future',1);
INSERT INTO classifiers VALUES (43,'CLKeyword.3','CLKeyword','3','utilize the Water Buffalo more effectively','utilize the Water Buffalo more effectively',0);
INSERT INTO classifiers VALUES (44,'CLKeyword.4','CLKeyword','4','start a butterfly farm','start a butterfly farm',0);
INSERT INTO classifiers VALUES (45,'CLKeyword.5','CLKeyword','5','farm snails','farm snails',1);
INSERT INTO classifiers VALUES (46,'CLKeyword.6','CLKeyword','6','achieve gender equality','achieve gender equality',1);

--
-- Table structure for table `divisionfilerefs`
--

CREATE TABLE divisionfilerefs (
  DocID varchar(64) default NULL,
  DivisionRef int(11) default NULL,
  DivisionType varchar(16) default NULL,
  FileID varchar(32) default NULL
) TYPE=MyISAM;

--
-- Dumping data for table `divisionfilerefs`
--

INSERT INTO divisionfilerefs VALUES ('20050201:1',1,'Group','FILEGROUP_PRELUDE28');
INSERT INTO divisionfilerefs VALUES ('20050201:1',2,'Group','FILEGROUP_PRELUDE1');
INSERT INTO divisionfilerefs VALUES ('20050201:1',3,'Group','FILEGROUP_PRELUDE2');
INSERT INTO divisionfilerefs VALUES ('20050201:1',4,'Group','FILEGROUP_PRELUDE3');
INSERT INTO divisionfilerefs VALUES ('20050201:1',5,'Group','FILEGROUP_PRELUDE9');
INSERT INTO divisionfilerefs VALUES ('20050201:1',6,'Group','FILEGROUP_PRELUDE4');
INSERT INTO divisionfilerefs VALUES ('20050201:1',7,'Group','FILEGROUP_PRELUDE5');
INSERT INTO divisionfilerefs VALUES ('20050201:1',8,'Group','FILEGROUP_PRELUDE6');
INSERT INTO divisionfilerefs VALUES ('20050201:1',9,'Group','FILEGROUP_PRELUDE7');
INSERT INTO divisionfilerefs VALUES ('20050201:1',10,'Group','FILEGROUP_PRELUDE8');
INSERT INTO divisionfilerefs VALUES ('20050201:1',11,'Group','FILEGROUP_PRELUDE15');
INSERT INTO divisionfilerefs VALUES ('20050201:1',12,'Group','FILEGROUP_PRELUDE10');
INSERT INTO divisionfilerefs VALUES ('20050201:1',13,'Group','FILEGROUP_PRELUDE11');
INSERT INTO divisionfilerefs VALUES ('20050201:1',14,'Group','FILEGROUP_PRELUDE12');
INSERT INTO divisionfilerefs VALUES ('20050201:1',15,'Group','FILEGROUP_PRELUDE13');
INSERT INTO divisionfilerefs VALUES ('20050201:1',16,'Group','FILEGROUP_PRELUDE14');
INSERT INTO divisionfilerefs VALUES ('20050201:1',17,'Group','FILEGROUP_PRELUDE21');
INSERT INTO divisionfilerefs VALUES ('20050201:1',18,'Group','FILEGROUP_PRELUDE16');
INSERT INTO divisionfilerefs VALUES ('20050201:1',19,'Group','FILEGROUP_PRELUDE17');
INSERT INTO divisionfilerefs VALUES ('20050201:1',20,'Group','FILEGROUP_PRELUDE18');
INSERT INTO divisionfilerefs VALUES ('20050201:1',21,'Group','FILEGROUP_PRELUDE19');
INSERT INTO divisionfilerefs VALUES ('20050201:1',22,'Group','FILEGROUP_PRELUDE20');
INSERT INTO divisionfilerefs VALUES ('20050201:1',23,'Group','FILEGROUP_PRELUDE22');
INSERT INTO divisionfilerefs VALUES ('20050201:1',24,'Group','FILEGROUP_PRELUDE25');
INSERT INTO divisionfilerefs VALUES ('20050201:1',25,'Group','FILEGROUP_PRELUDE23');
INSERT INTO divisionfilerefs VALUES ('20050201:1',26,'Group','FILEGROUP_PRELUDE24');
INSERT INTO divisionfilerefs VALUES ('20050201:1',27,'Group','FILEGROUP_PRELUDE26');
INSERT INTO divisionfilerefs VALUES ('20050201:1',28,'Group','FILEGROUP_PRELUDE27');
INSERT INTO divisionfilerefs VALUES ('20050201:1',29,'Group','default.26');
INSERT INTO divisionfilerefs VALUES ('20050201:1',29,'Group','default.22');
INSERT INTO divisionfilerefs VALUES ('20050201:1',29,'Group','default.24');
INSERT INTO divisionfilerefs VALUES ('20050201:1',29,'Group','default.20');
INSERT INTO divisionfilerefs VALUES ('20050201:1',29,'Group','default.23');
INSERT INTO divisionfilerefs VALUES ('20050201:1',29,'Group','default.25');
INSERT INTO divisionfilerefs VALUES ('20050201:1',29,'Group','default.19');
INSERT INTO divisionfilerefs VALUES ('20050201:1',29,'Group','default.16');
INSERT INTO divisionfilerefs VALUES ('20050201:1',29,'Group','default.17');
INSERT INTO divisionfilerefs VALUES ('20050201:1',29,'Group','default.18');
INSERT INTO divisionfilerefs VALUES ('20050201:1',29,'Group','default.21');
INSERT INTO divisionfilerefs VALUES ('20050201:1',29,'Group','default.2');
INSERT INTO divisionfilerefs VALUES ('20050201:1',29,'Group','default.3');
INSERT INTO divisionfilerefs VALUES ('20050201:1',29,'Group','default.4');
INSERT INTO divisionfilerefs VALUES ('20050201:1',29,'Group','default.32');
INSERT INTO divisionfilerefs VALUES ('20050201:1',29,'Group','default.5');
INSERT INTO divisionfilerefs VALUES ('20050201:1',29,'Group','default.6');
INSERT INTO divisionfilerefs VALUES ('20050201:1',29,'Group','default.7');
INSERT INTO divisionfilerefs VALUES ('20050201:1',29,'Group','default.8');
INSERT INTO divisionfilerefs VALUES ('20050201:1',29,'Group','default.9');
INSERT INTO divisionfilerefs VALUES ('20050201:1',29,'Group','default.11');
INSERT INTO divisionfilerefs VALUES ('20050201:1',29,'Group','default.30');
INSERT INTO divisionfilerefs VALUES ('20050201:1',29,'Group','default.12');
INSERT INTO divisionfilerefs VALUES ('20050201:1',29,'Group','default.13');
INSERT INTO divisionfilerefs VALUES ('20050201:2',30,'Group','FILEGROUP_PRELUDE51');
INSERT INTO divisionfilerefs VALUES ('20050201:2',31,'Group','FILEGROUP_PRELUDE1');
INSERT INTO divisionfilerefs VALUES ('20050201:2',32,'Group','FILEGROUP_PRELUDE2');
INSERT INTO divisionfilerefs VALUES ('20050201:2',33,'Group','FILEGROUP_PRELUDE3');
INSERT INTO divisionfilerefs VALUES ('20050201:2',34,'Group','FILEGROUP_PRELUDE8');
INSERT INTO divisionfilerefs VALUES ('20050201:2',35,'Group','FILEGROUP_PRELUDE4');
INSERT INTO divisionfilerefs VALUES ('20050201:2',36,'Group','FILEGROUP_PRELUDE5');
INSERT INTO divisionfilerefs VALUES ('20050201:2',37,'Group','FILEGROUP_PRELUDE6');
INSERT INTO divisionfilerefs VALUES ('20050201:2',38,'Group','FILEGROUP_PRELUDE7');
INSERT INTO divisionfilerefs VALUES ('20050201:2',39,'Group','FILEGROUP_PRELUDE18');
INSERT INTO divisionfilerefs VALUES ('20050201:2',40,'Group','FILEGROUP_PRELUDE9');
INSERT INTO divisionfilerefs VALUES ('20050201:2',41,'Group','FILEGROUP_PRELUDE10');
INSERT INTO divisionfilerefs VALUES ('20050201:2',42,'Group','FILEGROUP_PRELUDE11');
INSERT INTO divisionfilerefs VALUES ('20050201:2',43,'Group','FILEGROUP_PRELUDE12');
INSERT INTO divisionfilerefs VALUES ('20050201:2',44,'Group','FILEGROUP_PRELUDE13');
INSERT INTO divisionfilerefs VALUES ('20050201:2',45,'Group','FILEGROUP_PRELUDE14');
INSERT INTO divisionfilerefs VALUES ('20050201:2',46,'Group','FILEGROUP_PRELUDE15');
INSERT INTO divisionfilerefs VALUES ('20050201:2',47,'Group','FILEGROUP_PRELUDE16');
INSERT INTO divisionfilerefs VALUES ('20050201:2',48,'Group','FILEGROUP_PRELUDE17');
INSERT INTO divisionfilerefs VALUES ('20050201:2',49,'Group','FILEGROUP_PRELUDE20');
INSERT INTO divisionfilerefs VALUES ('20050201:2',50,'Group','FILEGROUP_PRELUDE19');
INSERT INTO divisionfilerefs VALUES ('20050201:2',51,'Group','FILEGROUP_PRELUDE32');
INSERT INTO divisionfilerefs VALUES ('20050201:2',52,'Group','FILEGROUP_PRELUDE21');
INSERT INTO divisionfilerefs VALUES ('20050201:2',53,'Group','FILEGROUP_PRELUDE22');
INSERT INTO divisionfilerefs VALUES ('20050201:2',54,'Group','FILEGROUP_PRELUDE23');
INSERT INTO divisionfilerefs VALUES ('20050201:2',55,'Group','FILEGROUP_PRELUDE24');
INSERT INTO divisionfilerefs VALUES ('20050201:2',56,'Group','FILEGROUP_PRELUDE25');
INSERT INTO divisionfilerefs VALUES ('20050201:2',57,'Group','FILEGROUP_PRELUDE26');
INSERT INTO divisionfilerefs VALUES ('20050201:2',58,'Group','FILEGROUP_PRELUDE27');
INSERT INTO divisionfilerefs VALUES ('20050201:2',59,'Group','FILEGROUP_PRELUDE28');
INSERT INTO divisionfilerefs VALUES ('20050201:2',60,'Group','FILEGROUP_PRELUDE29');
INSERT INTO divisionfilerefs VALUES ('20050201:2',61,'Group','FILEGROUP_PRELUDE30');
INSERT INTO divisionfilerefs VALUES ('20050201:2',62,'Group','FILEGROUP_PRELUDE31');
INSERT INTO divisionfilerefs VALUES ('20050201:2',63,'Group','FILEGROUP_PRELUDE40');
INSERT INTO divisionfilerefs VALUES ('20050201:2',64,'Group','FILEGROUP_PRELUDE33');
INSERT INTO divisionfilerefs VALUES ('20050201:2',65,'Group','FILEGROUP_PRELUDE34');
INSERT INTO divisionfilerefs VALUES ('20050201:2',66,'Group','FILEGROUP_PRELUDE35');
INSERT INTO divisionfilerefs VALUES ('20050201:2',67,'Group','FILEGROUP_PRELUDE36');
INSERT INTO divisionfilerefs VALUES ('20050201:2',68,'Group','FILEGROUP_PRELUDE37');
INSERT INTO divisionfilerefs VALUES ('20050201:2',69,'Group','FILEGROUP_PRELUDE38');
INSERT INTO divisionfilerefs VALUES ('20050201:2',70,'Group','FILEGROUP_PRELUDE39');
INSERT INTO divisionfilerefs VALUES ('20050201:2',71,'Group','FILEGROUP_PRELUDE43');
INSERT INTO divisionfilerefs VALUES ('20050201:2',72,'Group','FILEGROUP_PRELUDE41');
INSERT INTO divisionfilerefs VALUES ('20050201:2',73,'Group','FILEGROUP_PRELUDE42');
INSERT INTO divisionfilerefs VALUES ('20050201:2',74,'Group','FILEGROUP_PRELUDE45');
INSERT INTO divisionfilerefs VALUES ('20050201:2',75,'Group','FILEGROUP_PRELUDE44');
INSERT INTO divisionfilerefs VALUES ('20050201:2',76,'Group','FILEGROUP_PRELUDE49');
INSERT INTO divisionfilerefs VALUES ('20050201:2',77,'Group','FILEGROUP_PRELUDE46');
INSERT INTO divisionfilerefs VALUES ('20050201:2',78,'Group','FILEGROUP_PRELUDE47');
INSERT INTO divisionfilerefs VALUES ('20050201:2',79,'Group','FILEGROUP_PRELUDE48');
INSERT INTO divisionfilerefs VALUES ('20050201:2',80,'Group','FILEGROUP_PRELUDE50');
INSERT INTO divisionfilerefs VALUES ('20050201:2',81,'Group','default.2');
INSERT INTO divisionfilerefs VALUES ('20050201:2',81,'Group','default.65');
INSERT INTO divisionfilerefs VALUES ('20050201:2',81,'Group','default.68');
INSERT INTO divisionfilerefs VALUES ('20050201:2',81,'Group','default.67');
INSERT INTO divisionfilerefs VALUES ('20050201:2',81,'Group','default.66');
INSERT INTO divisionfilerefs VALUES ('20050201:2',81,'Group','default.1');
INSERT INTO divisionfilerefs VALUES ('20050201:2',81,'Group','default.17');
INSERT INTO divisionfilerefs VALUES ('20050201:2',81,'Group','default.16');
INSERT INTO divisionfilerefs VALUES ('20050201:2',81,'Group','default.14');
INSERT INTO divisionfilerefs VALUES ('20050201:2',81,'Group','default.15');
INSERT INTO divisionfilerefs VALUES ('20050201:2',81,'Group','default.18');
INSERT INTO divisionfilerefs VALUES ('20050201:2',81,'Group','default.19');
INSERT INTO divisionfilerefs VALUES ('20050201:2',81,'Group','default.20');
INSERT INTO divisionfilerefs VALUES ('20050201:2',81,'Group','default.21');
INSERT INTO divisionfilerefs VALUES ('20050201:2',81,'Group','default.22');
INSERT INTO divisionfilerefs VALUES ('20050201:2',81,'Group','default.23');
INSERT INTO divisionfilerefs VALUES ('20050201:2',81,'Group','default.24');
INSERT INTO divisionfilerefs VALUES ('20050201:2',81,'Group','default.25');
INSERT INTO divisionfilerefs VALUES ('20050201:2',81,'Group','default.26');
INSERT INTO divisionfilerefs VALUES ('20050201:2',81,'Group','default.27');
INSERT INTO divisionfilerefs VALUES ('20050201:2',81,'Group','default.28');
INSERT INTO divisionfilerefs VALUES ('20050201:2',81,'Group','default.29');
INSERT INTO divisionfilerefs VALUES ('20050201:2',81,'Group','default.30');
INSERT INTO divisionfilerefs VALUES ('20050201:2',81,'Group','default.31');
INSERT INTO divisionfilerefs VALUES ('20050201:2',81,'Group','default.32');
INSERT INTO divisionfilerefs VALUES ('20050201:2',81,'Group','default.33');
INSERT INTO divisionfilerefs VALUES ('20050201:2',81,'Group','default.34');
INSERT INTO divisionfilerefs VALUES ('20050201:2',81,'Group','default.35');
INSERT INTO divisionfilerefs VALUES ('20050201:2',81,'Group','default.36');
INSERT INTO divisionfilerefs VALUES ('20050201:2',81,'Group','default.37');
INSERT INTO divisionfilerefs VALUES ('20050201:2',81,'Group','default.38');
INSERT INTO divisionfilerefs VALUES ('20050201:2',81,'Group','default.39');
INSERT INTO divisionfilerefs VALUES ('20050201:2',81,'Group','default.40');
INSERT INTO divisionfilerefs VALUES ('20050201:2',81,'Group','default.41');
INSERT INTO divisionfilerefs VALUES ('20050201:2',81,'Group','default.42');
INSERT INTO divisionfilerefs VALUES ('20050201:2',81,'Group','default.43');
INSERT INTO divisionfilerefs VALUES ('20050201:2',81,'Group','default.44');
INSERT INTO divisionfilerefs VALUES ('20050201:2',81,'Group','default.45');
INSERT INTO divisionfilerefs VALUES ('20050201:2',81,'Group','default.46');
INSERT INTO divisionfilerefs VALUES ('20050201:2',81,'Group','default.47');
INSERT INTO divisionfilerefs VALUES ('20050201:2',81,'Group','default.48');
INSERT INTO divisionfilerefs VALUES ('20050201:2',81,'Group','default.49');
INSERT INTO divisionfilerefs VALUES ('20050201:2',81,'Group','default.50');
INSERT INTO divisionfilerefs VALUES ('20050201:2',81,'Group','default.51');
INSERT INTO divisionfilerefs VALUES ('20050201:2',81,'Group','default.52');
INSERT INTO divisionfilerefs VALUES ('20050201:2',81,'Group','default.53');
INSERT INTO divisionfilerefs VALUES ('20050201:2',81,'Group','default.54');
INSERT INTO divisionfilerefs VALUES ('20050201:2',81,'Group','default.55');
INSERT INTO divisionfilerefs VALUES ('20050201:2',81,'Group','default.56');
INSERT INTO divisionfilerefs VALUES ('20050201:2',81,'Group','default.57');
INSERT INTO divisionfilerefs VALUES ('20050201:2',81,'Group','default.58');
INSERT INTO divisionfilerefs VALUES ('20050201:2',81,'Group','default.59');
INSERT INTO divisionfilerefs VALUES ('20050201:2',81,'Group','default.60');
INSERT INTO divisionfilerefs VALUES ('20050201:2',81,'Group','default.61');
INSERT INTO divisionfilerefs VALUES ('20050201:2',81,'Group','default.69');
INSERT INTO divisionfilerefs VALUES ('20050201:2',81,'Group','default.62');
INSERT INTO divisionfilerefs VALUES ('20050201:2',81,'Group','default.63');
INSERT INTO divisionfilerefs VALUES ('20050201:2',81,'Group','default.64');
INSERT INTO divisionfilerefs VALUES ('20050201:2',81,'Group','default.11');
INSERT INTO divisionfilerefs VALUES ('20050201:2',81,'Group','default.10');
INSERT INTO divisionfilerefs VALUES ('20050201:2',81,'Group','default.9');
INSERT INTO divisionfilerefs VALUES ('20050201:2',81,'Group','default.12');
INSERT INTO divisionfilerefs VALUES ('20050201:3',82,'Group','FILEGROUP_PRELUDE22');
INSERT INTO divisionfilerefs VALUES ('20050201:3',83,'Group','FILEGROUP_PRELUDE2');
INSERT INTO divisionfilerefs VALUES ('20050201:3',84,'Group','FILEGROUP_PRELUDE1');
INSERT INTO divisionfilerefs VALUES ('20050201:3',85,'Group','FILEGROUP_PRELUDE15');
INSERT INTO divisionfilerefs VALUES ('20050201:3',86,'Group','FILEGROUP_PRELUDE3');
INSERT INTO divisionfilerefs VALUES ('20050201:3',87,'Group','FILEGROUP_PRELUDE4');
INSERT INTO divisionfilerefs VALUES ('20050201:3',88,'Group','FILEGROUP_PRELUDE5');
INSERT INTO divisionfilerefs VALUES ('20050201:3',89,'Group','FILEGROUP_PRELUDE6');
INSERT INTO divisionfilerefs VALUES ('20050201:3',90,'Group','FILEGROUP_PRELUDE7');
INSERT INTO divisionfilerefs VALUES ('20050201:3',91,'Group','FILEGROUP_PRELUDE8');
INSERT INTO divisionfilerefs VALUES ('20050201:3',92,'Group','FILEGROUP_PRELUDE9');
INSERT INTO divisionfilerefs VALUES ('20050201:3',93,'Group','FILEGROUP_PRELUDE10');
INSERT INTO divisionfilerefs VALUES ('20050201:3',94,'Group','FILEGROUP_PRELUDE11');
INSERT INTO divisionfilerefs VALUES ('20050201:3',95,'Group','FILEGROUP_PRELUDE12');
INSERT INTO divisionfilerefs VALUES ('20050201:3',96,'Group','FILEGROUP_PRELUDE13');
INSERT INTO divisionfilerefs VALUES ('20050201:3',97,'Group','FILEGROUP_PRELUDE14');
INSERT INTO divisionfilerefs VALUES ('20050201:3',98,'Group','FILEGROUP_PRELUDE18');
INSERT INTO divisionfilerefs VALUES ('20050201:3',99,'Group','FILEGROUP_PRELUDE16');
INSERT INTO divisionfilerefs VALUES ('20050201:3',100,'Group','FILEGROUP_PRELUDE17');
INSERT INTO divisionfilerefs VALUES ('20050201:3',101,'Group','FILEGROUP_PRELUDE19');
INSERT INTO divisionfilerefs VALUES ('20050201:3',102,'Group','FILEGROUP_PRELUDE21');
INSERT INTO divisionfilerefs VALUES ('20050201:3',103,'Group','FILEGROUP_PRELUDE20');
INSERT INTO divisionfilerefs VALUES ('20050201:3',104,'Group','default.6');
INSERT INTO divisionfilerefs VALUES ('20050201:3',104,'Group','default.7');
INSERT INTO divisionfilerefs VALUES ('20050201:3',104,'Group','default.8');
INSERT INTO divisionfilerefs VALUES ('20050201:3',104,'Group','default.9');
INSERT INTO divisionfilerefs VALUES ('20050201:3',104,'Group','default.11');
INSERT INTO divisionfilerefs VALUES ('20050201:3',104,'Group','default.10');
INSERT INTO divisionfilerefs VALUES ('20050201:3',104,'Group','default.16');
INSERT INTO divisionfilerefs VALUES ('20050201:3',104,'Group','default.15');
INSERT INTO divisionfilerefs VALUES ('20050201:3',104,'Group','default.12');
INSERT INTO divisionfilerefs VALUES ('20050201:3',104,'Group','default.13');
INSERT INTO divisionfilerefs VALUES ('20050201:3',104,'Group','default.14');
INSERT INTO divisionfilerefs VALUES ('20050201:3',104,'Group','default.79');
INSERT INTO divisionfilerefs VALUES ('20050201:3',104,'Group','default.78');
INSERT INTO divisionfilerefs VALUES ('20050201:3',104,'Group','default.77');
INSERT INTO divisionfilerefs VALUES ('20050201:3',104,'Group','default.76');
INSERT INTO divisionfilerefs VALUES ('20050201:3',104,'Group','default.75');
INSERT INTO divisionfilerefs VALUES ('20050201:3',104,'Group','default.74');
INSERT INTO divisionfilerefs VALUES ('20050201:3',104,'Group','default.73');
INSERT INTO divisionfilerefs VALUES ('20050201:3',104,'Group','default.72');
INSERT INTO divisionfilerefs VALUES ('20050201:3',104,'Group','default.71');
INSERT INTO divisionfilerefs VALUES ('20050201:3',104,'Group','default.70');
INSERT INTO divisionfilerefs VALUES ('20050201:3',104,'Group','default.69');
INSERT INTO divisionfilerefs VALUES ('20050201:3',104,'Group','default.68');
INSERT INTO divisionfilerefs VALUES ('20050201:3',104,'Group','default.67');
INSERT INTO divisionfilerefs VALUES ('20050201:3',104,'Group','default.66');
INSERT INTO divisionfilerefs VALUES ('20050201:3',104,'Group','default.65');
INSERT INTO divisionfilerefs VALUES ('20050201:3',104,'Group','default.64');
INSERT INTO divisionfilerefs VALUES ('20050201:3',104,'Group','default.63');
INSERT INTO divisionfilerefs VALUES ('20050201:3',104,'Group','default.62');
INSERT INTO divisionfilerefs VALUES ('20050201:3',104,'Group','default.61');
INSERT INTO divisionfilerefs VALUES ('20050201:3',104,'Group','default.60');
INSERT INTO divisionfilerefs VALUES ('20050201:3',104,'Group','default.59');
INSERT INTO divisionfilerefs VALUES ('20050201:3',104,'Group','default.58');
INSERT INTO divisionfilerefs VALUES ('20050201:3',104,'Group','default.57');
INSERT INTO divisionfilerefs VALUES ('20050201:3',104,'Group','default.56');
INSERT INTO divisionfilerefs VALUES ('20050201:3',104,'Group','default.55');
INSERT INTO divisionfilerefs VALUES ('20050201:3',104,'Group','default.54');
INSERT INTO divisionfilerefs VALUES ('20050201:3',104,'Group','default.53');
INSERT INTO divisionfilerefs VALUES ('20050201:3',104,'Group','default.52');
INSERT INTO divisionfilerefs VALUES ('20050201:3',104,'Group','default.51');
INSERT INTO divisionfilerefs VALUES ('20050201:3',104,'Group','default.50');
INSERT INTO divisionfilerefs VALUES ('20050201:3',104,'Group','default.49');
INSERT INTO divisionfilerefs VALUES ('20050201:3',104,'Group','default.48');
INSERT INTO divisionfilerefs VALUES ('20050201:3',104,'Group','default.47');
INSERT INTO divisionfilerefs VALUES ('20050201:3',104,'Group','default.46');
INSERT INTO divisionfilerefs VALUES ('20050201:3',104,'Group','default.45');
INSERT INTO divisionfilerefs VALUES ('20050201:3',104,'Group','default.44');
INSERT INTO divisionfilerefs VALUES ('20050201:3',104,'Group','default.43');
INSERT INTO divisionfilerefs VALUES ('20050201:3',104,'Group','default.42');
INSERT INTO divisionfilerefs VALUES ('20050201:3',104,'Group','default.41');
INSERT INTO divisionfilerefs VALUES ('20050201:3',104,'Group','default.40');
INSERT INTO divisionfilerefs VALUES ('20050201:3',104,'Group','default.39');
INSERT INTO divisionfilerefs VALUES ('20050201:3',104,'Group','default.38');
INSERT INTO divisionfilerefs VALUES ('20050201:3',104,'Group','default.37');
INSERT INTO divisionfilerefs VALUES ('20050201:3',104,'Group','default.36');
INSERT INTO divisionfilerefs VALUES ('20050201:3',104,'Group','default.35');
INSERT INTO divisionfilerefs VALUES ('20050201:3',104,'Group','default.34');
INSERT INTO divisionfilerefs VALUES ('20050201:3',104,'Group','default.33');
INSERT INTO divisionfilerefs VALUES ('20050201:3',104,'Group','default.32');
INSERT INTO divisionfilerefs VALUES ('20050201:3',104,'Group','default.31');
INSERT INTO divisionfilerefs VALUES ('20050201:3',104,'Group','default.30');
INSERT INTO divisionfilerefs VALUES ('20050201:3',104,'Group','default.29');
INSERT INTO divisionfilerefs VALUES ('20050201:3',104,'Group','default.28');
INSERT INTO divisionfilerefs VALUES ('20050201:3',104,'Group','default.27');
INSERT INTO divisionfilerefs VALUES ('20050201:3',104,'Group','default.26');
INSERT INTO divisionfilerefs VALUES ('20050201:3',104,'Group','default.25');
INSERT INTO divisionfilerefs VALUES ('20050201:3',104,'Group','default.24');
INSERT INTO divisionfilerefs VALUES ('20050201:3',104,'Group','default.23');
INSERT INTO divisionfilerefs VALUES ('20050201:3',104,'Group','default.22');
INSERT INTO divisionfilerefs VALUES ('20050201:3',104,'Group','default.20');
INSERT INTO divisionfilerefs VALUES ('20050201:3',104,'Group','default.19');
INSERT INTO divisionfilerefs VALUES ('20050201:3',104,'Group','default.17');
INSERT INTO divisionfilerefs VALUES ('20050201:3',104,'Group','default.18');
INSERT INTO divisionfilerefs VALUES ('20050201:3',104,'Group','default.21');
INSERT INTO divisionfilerefs VALUES ('20050201:4',105,'Group','FILEGROUP_PRELUDE23');
INSERT INTO divisionfilerefs VALUES ('20050201:4',106,'Group','FILEGROUP_PRELUDE1');
INSERT INTO divisionfilerefs VALUES ('20050201:4',107,'Group','FILEGROUP_PRELUDE5');
INSERT INTO divisionfilerefs VALUES ('20050201:4',108,'Group','FILEGROUP_PRELUDE2');
INSERT INTO divisionfilerefs VALUES ('20050201:4',109,'Group','FILEGROUP_PRELUDE3');
INSERT INTO divisionfilerefs VALUES ('20050201:4',110,'Group','FILEGROUP_PRELUDE4');
INSERT INTO divisionfilerefs VALUES ('20050201:4',111,'Group','FILEGROUP_PRELUDE10');
INSERT INTO divisionfilerefs VALUES ('20050201:4',112,'Group','FILEGROUP_PRELUDE6');
INSERT INTO divisionfilerefs VALUES ('20050201:4',113,'Group','FILEGROUP_PRELUDE7');
INSERT INTO divisionfilerefs VALUES ('20050201:4',114,'Group','FILEGROUP_PRELUDE8');
INSERT INTO divisionfilerefs VALUES ('20050201:4',115,'Group','FILEGROUP_PRELUDE9');
INSERT INTO divisionfilerefs VALUES ('20050201:4',116,'Group','FILEGROUP_PRELUDE13');
INSERT INTO divisionfilerefs VALUES ('20050201:4',117,'Group','FILEGROUP_PRELUDE11');
INSERT INTO divisionfilerefs VALUES ('20050201:4',118,'Group','FILEGROUP_PRELUDE12');
INSERT INTO divisionfilerefs VALUES ('20050201:4',119,'Group','FILEGROUP_PRELUDE17');
INSERT INTO divisionfilerefs VALUES ('20050201:4',120,'Group','FILEGROUP_PRELUDE14');
INSERT INTO divisionfilerefs VALUES ('20050201:4',121,'Group','FILEGROUP_PRELUDE15');
INSERT INTO divisionfilerefs VALUES ('20050201:4',122,'Group','FILEGROUP_PRELUDE16');
INSERT INTO divisionfilerefs VALUES ('20050201:4',123,'Group','FILEGROUP_PRELUDE18');
INSERT INTO divisionfilerefs VALUES ('20050201:4',124,'Group','FILEGROUP_PRELUDE22');
INSERT INTO divisionfilerefs VALUES ('20050201:4',125,'Group','FILEGROUP_PRELUDE19');
INSERT INTO divisionfilerefs VALUES ('20050201:4',126,'Group','FILEGROUP_PRELUDE20');
INSERT INTO divisionfilerefs VALUES ('20050201:4',127,'Group','FILEGROUP_PRELUDE21');
INSERT INTO divisionfilerefs VALUES ('20050201:4',128,'Group','default.2');
INSERT INTO divisionfilerefs VALUES ('20050201:4',128,'Group','default.35');
INSERT INTO divisionfilerefs VALUES ('20050201:4',128,'Group','default.38');
INSERT INTO divisionfilerefs VALUES ('20050201:4',128,'Group','default.37');
INSERT INTO divisionfilerefs VALUES ('20050201:4',128,'Group','default.36');
INSERT INTO divisionfilerefs VALUES ('20050201:4',128,'Group','default.1');
INSERT INTO divisionfilerefs VALUES ('20050201:4',128,'Group','default.17');
INSERT INTO divisionfilerefs VALUES ('20050201:4',128,'Group','default.16');
INSERT INTO divisionfilerefs VALUES ('20050201:4',128,'Group','default.14');
INSERT INTO divisionfilerefs VALUES ('20050201:4',128,'Group','default.15');
INSERT INTO divisionfilerefs VALUES ('20050201:4',128,'Group','default.18');
INSERT INTO divisionfilerefs VALUES ('20050201:4',128,'Group','default.19');
INSERT INTO divisionfilerefs VALUES ('20050201:4',128,'Group','default.20');
INSERT INTO divisionfilerefs VALUES ('20050201:4',128,'Group','default.21');
INSERT INTO divisionfilerefs VALUES ('20050201:4',128,'Group','default.22');
INSERT INTO divisionfilerefs VALUES ('20050201:4',128,'Group','default.23');
INSERT INTO divisionfilerefs VALUES ('20050201:4',128,'Group','default.24');
INSERT INTO divisionfilerefs VALUES ('20050201:4',128,'Group','default.25');
INSERT INTO divisionfilerefs VALUES ('20050201:4',128,'Group','default.26');
INSERT INTO divisionfilerefs VALUES ('20050201:4',128,'Group','default.27');
INSERT INTO divisionfilerefs VALUES ('20050201:4',128,'Group','default.28');
INSERT INTO divisionfilerefs VALUES ('20050201:4',128,'Group','default.29');
INSERT INTO divisionfilerefs VALUES ('20050201:4',128,'Group','default.30');
INSERT INTO divisionfilerefs VALUES ('20050201:4',128,'Group','default.31');
INSERT INTO divisionfilerefs VALUES ('20050201:4',128,'Group','default.39');
INSERT INTO divisionfilerefs VALUES ('20050201:4',128,'Group','default.32');
INSERT INTO divisionfilerefs VALUES ('20050201:4',128,'Group','default.33');
INSERT INTO divisionfilerefs VALUES ('20050201:4',128,'Group','default.34');
INSERT INTO divisionfilerefs VALUES ('20050201:4',128,'Group','default.11');
INSERT INTO divisionfilerefs VALUES ('20050201:4',128,'Group','default.10');
INSERT INTO divisionfilerefs VALUES ('20050201:4',128,'Group','default.9');
INSERT INTO divisionfilerefs VALUES ('20050201:4',128,'Group','default.12');
INSERT INTO divisionfilerefs VALUES ('20050201:5',129,'Group','FILEGROUP_PRELUDE46');
INSERT INTO divisionfilerefs VALUES ('20050201:5',130,'Group','FILEGROUP_PRELUDE1');
INSERT INTO divisionfilerefs VALUES ('20050201:5',131,'Group','FILEGROUP_PRELUDE2');
INSERT INTO divisionfilerefs VALUES ('20050201:5',132,'Group','FILEGROUP_PRELUDE9');
INSERT INTO divisionfilerefs VALUES ('20050201:5',133,'Group','FILEGROUP_PRELUDE3');
INSERT INTO divisionfilerefs VALUES ('20050201:5',134,'Group','FILEGROUP_PRELUDE4');
INSERT INTO divisionfilerefs VALUES ('20050201:5',135,'Group','FILEGROUP_PRELUDE5');
INSERT INTO divisionfilerefs VALUES ('20050201:5',136,'Group','FILEGROUP_PRELUDE6');
INSERT INTO divisionfilerefs VALUES ('20050201:5',137,'Group','FILEGROUP_PRELUDE7');
INSERT INTO divisionfilerefs VALUES ('20050201:5',138,'Group','FILEGROUP_PRELUDE8');
INSERT INTO divisionfilerefs VALUES ('20050201:5',139,'Group','FILEGROUP_PRELUDE10');
INSERT INTO divisionfilerefs VALUES ('20050201:5',140,'Group','FILEGROUP_PRELUDE15');
INSERT INTO divisionfilerefs VALUES ('20050201:5',141,'Group','FILEGROUP_PRELUDE11');
INSERT INTO divisionfilerefs VALUES ('20050201:5',142,'Group','FILEGROUP_PRELUDE12');
INSERT INTO divisionfilerefs VALUES ('20050201:5',143,'Group','FILEGROUP_PRELUDE13');
INSERT INTO divisionfilerefs VALUES ('20050201:5',144,'Group','FILEGROUP_PRELUDE14');
INSERT INTO divisionfilerefs VALUES ('20050201:5',145,'Group','FILEGROUP_PRELUDE26');
INSERT INTO divisionfilerefs VALUES ('20050201:5',146,'Group','FILEGROUP_PRELUDE16');
INSERT INTO divisionfilerefs VALUES ('20050201:5',147,'Group','FILEGROUP_PRELUDE17');
INSERT INTO divisionfilerefs VALUES ('20050201:5',148,'Group','FILEGROUP_PRELUDE18');
INSERT INTO divisionfilerefs VALUES ('20050201:5',149,'Group','FILEGROUP_PRELUDE19');
INSERT INTO divisionfilerefs VALUES ('20050201:5',150,'Group','FILEGROUP_PRELUDE20');
INSERT INTO divisionfilerefs VALUES ('20050201:5',151,'Group','FILEGROUP_PRELUDE21');
INSERT INTO divisionfilerefs VALUES ('20050201:5',152,'Group','FILEGROUP_PRELUDE22');
INSERT INTO divisionfilerefs VALUES ('20050201:5',153,'Group','FILEGROUP_PRELUDE23');
INSERT INTO divisionfilerefs VALUES ('20050201:5',154,'Group','FILEGROUP_PRELUDE24');
INSERT INTO divisionfilerefs VALUES ('20050201:5',155,'Group','FILEGROUP_PRELUDE25');
INSERT INTO divisionfilerefs VALUES ('20050201:5',156,'Group','FILEGROUP_PRELUDE43');
INSERT INTO divisionfilerefs VALUES ('20050201:5',157,'Group','FILEGROUP_PRELUDE27');
INSERT INTO divisionfilerefs VALUES ('20050201:5',158,'Group','FILEGROUP_PRELUDE28');
INSERT INTO divisionfilerefs VALUES ('20050201:5',159,'Group','FILEGROUP_PRELUDE29');
INSERT INTO divisionfilerefs VALUES ('20050201:5',160,'Group','FILEGROUP_PRELUDE30');
INSERT INTO divisionfilerefs VALUES ('20050201:5',161,'Group','FILEGROUP_PRELUDE31');
INSERT INTO divisionfilerefs VALUES ('20050201:5',162,'Group','FILEGROUP_PRELUDE32');
INSERT INTO divisionfilerefs VALUES ('20050201:5',163,'Group','FILEGROUP_PRELUDE33');
INSERT INTO divisionfilerefs VALUES ('20050201:5',164,'Group','FILEGROUP_PRELUDE34');
INSERT INTO divisionfilerefs VALUES ('20050201:5',165,'Group','FILEGROUP_PRELUDE35');
INSERT INTO divisionfilerefs VALUES ('20050201:5',166,'Group','FILEGROUP_PRELUDE36');
INSERT INTO divisionfilerefs VALUES ('20050201:5',167,'Group','FILEGROUP_PRELUDE37');
INSERT INTO divisionfilerefs VALUES ('20050201:5',168,'Group','FILEGROUP_PRELUDE38');
INSERT INTO divisionfilerefs VALUES ('20050201:5',169,'Group','FILEGROUP_PRELUDE39');
INSERT INTO divisionfilerefs VALUES ('20050201:5',170,'Group','FILEGROUP_PRELUDE40');
INSERT INTO divisionfilerefs VALUES ('20050201:5',171,'Group','FILEGROUP_PRELUDE41');
INSERT INTO divisionfilerefs VALUES ('20050201:5',172,'Group','FILEGROUP_PRELUDE42');
INSERT INTO divisionfilerefs VALUES ('20050201:5',173,'Group','FILEGROUP_PRELUDE44');
INSERT INTO divisionfilerefs VALUES ('20050201:5',174,'Group','FILEGROUP_PRELUDE45');
INSERT INTO divisionfilerefs VALUES ('20050201:5',175,'Group','default.11');
INSERT INTO divisionfilerefs VALUES ('20050201:5',175,'Group','default.1');
INSERT INTO divisionfilerefs VALUES ('20050201:5',175,'Group','default.2');
INSERT INTO divisionfilerefs VALUES ('20050201:5',175,'Group','default.3');
INSERT INTO divisionfilerefs VALUES ('20050201:5',175,'Group','default.4');
INSERT INTO divisionfilerefs VALUES ('20050201:5',175,'Group','default.5');
INSERT INTO divisionfilerefs VALUES ('20050201:5',175,'Group','default.6');
INSERT INTO divisionfilerefs VALUES ('20050201:5',175,'Group','default.7');
INSERT INTO divisionfilerefs VALUES ('20050201:5',175,'Group','default.8');
INSERT INTO divisionfilerefs VALUES ('20050201:5',175,'Group','default.9');
INSERT INTO divisionfilerefs VALUES ('20050201:6',176,'Group','default.1');
INSERT INTO divisionfilerefs VALUES ('20050201:2',81,'Group','default.13');
INSERT INTO divisionfilerefs VALUES ('20050201:2',81,'Group','default.7');
INSERT INTO divisionfilerefs VALUES ('20050201:2',81,'Group','default.8');
INSERT INTO divisionfilerefs VALUES ('20050201:2',81,'Group','default.6');
INSERT INTO divisionfilerefs VALUES ('20050201:2',81,'Group','default.5');
INSERT INTO divisionfilerefs VALUES ('20050201:1',29,'Group','default.10');
INSERT INTO divisionfilerefs VALUES ('20050201:1',29,'Group','default.14');
INSERT INTO divisionfilerefs VALUES ('20050201:1',29,'Group','default.31');
INSERT INTO divisionfilerefs VALUES ('20050201:1',29,'Group','default.29');
INSERT INTO divisionfilerefs VALUES ('20050201:4',128,'Group','default.13');
INSERT INTO divisionfilerefs VALUES ('20050201:4',128,'Group','default.7');
INSERT INTO divisionfilerefs VALUES ('20050201:4',128,'Group','default.8');
INSERT INTO divisionfilerefs VALUES ('20050201:4',128,'Group','default.6');
INSERT INTO divisionfilerefs VALUES ('20050201:4',128,'Group','default.5');
INSERT INTO divisionfilerefs VALUES ('20050201:3',104,'Group','default.4');
INSERT INTO divisionfilerefs VALUES ('20050201:3',104,'Group','default.3');
INSERT INTO divisionfilerefs VALUES ('20050201:3',104,'Group','default.2');
INSERT INTO divisionfilerefs VALUES ('20050201:3',104,'Group','default.1');
INSERT INTO divisionfilerefs VALUES ('20050201:3',104,'Group','default.80');
INSERT INTO divisionfilerefs VALUES ('20050201:5',175,'Group','default.10');
INSERT INTO divisionfilerefs VALUES ('20050201:1',29,'Group','default.15');
INSERT INTO divisionfilerefs VALUES ('20050201:2',81,'Group','default.4');
INSERT INTO divisionfilerefs VALUES ('20050201:3',104,'Group','default.5');
INSERT INTO divisionfilerefs VALUES ('20050201:4',128,'Group','default.4');
INSERT INTO divisionfilerefs VALUES ('20050201:1',29,'Group','default.1');
INSERT INTO divisionfilerefs VALUES ('20050201:1',29,'Group','default.28');
INSERT INTO divisionfilerefs VALUES ('20050201:2',81,'Group','default.3');
INSERT INTO divisionfilerefs VALUES ('20050201:4',128,'Group','default.3');
INSERT INTO divisionfilerefs VALUES ('20050201:1',29,'Group','default.27');

--
-- Table structure for table `divisionmetarefs`
--

CREATE TABLE divisionmetarefs (
  DocID varchar(64) default NULL,
  DivisionRef int(11) default NULL,
  DivisionType varchar(16) default NULL,
  MetaID varchar(64) default NULL
) TYPE=MyISAM;

--
-- Dumping data for table `divisionmetarefs`
--

INSERT INTO divisionmetarefs VALUES ('20050201:1',1,'Group','DM2');
INSERT INTO divisionmetarefs VALUES ('20050201:1',2,'Group','DM3');
INSERT INTO divisionmetarefs VALUES ('20050201:1',3,'Group','DM4');
INSERT INTO divisionmetarefs VALUES ('20050201:1',4,'Group','DM5');
INSERT INTO divisionmetarefs VALUES ('20050201:1',5,'Group','DM6');
INSERT INTO divisionmetarefs VALUES ('20050201:1',6,'Group','DM7');
INSERT INTO divisionmetarefs VALUES ('20050201:1',7,'Group','DM8');
INSERT INTO divisionmetarefs VALUES ('20050201:1',8,'Group','DM9');
INSERT INTO divisionmetarefs VALUES ('20050201:1',9,'Group','DM10');
INSERT INTO divisionmetarefs VALUES ('20050201:1',10,'Group','DM11');
INSERT INTO divisionmetarefs VALUES ('20050201:1',11,'Group','DM12');
INSERT INTO divisionmetarefs VALUES ('20050201:1',12,'Group','DM13');
INSERT INTO divisionmetarefs VALUES ('20050201:1',13,'Group','DM14');
INSERT INTO divisionmetarefs VALUES ('20050201:1',14,'Group','DM15');
INSERT INTO divisionmetarefs VALUES ('20050201:1',15,'Group','DM16');
INSERT INTO divisionmetarefs VALUES ('20050201:1',16,'Group','DM17');
INSERT INTO divisionmetarefs VALUES ('20050201:1',17,'Group','DM18');
INSERT INTO divisionmetarefs VALUES ('20050201:1',18,'Group','DM19');
INSERT INTO divisionmetarefs VALUES ('20050201:1',19,'Group','DM20');
INSERT INTO divisionmetarefs VALUES ('20050201:1',20,'Group','DM21');
INSERT INTO divisionmetarefs VALUES ('20050201:1',21,'Group','DM22');
INSERT INTO divisionmetarefs VALUES ('20050201:1',22,'Group','DM23');
INSERT INTO divisionmetarefs VALUES ('20050201:1',23,'Group','DM24');
INSERT INTO divisionmetarefs VALUES ('20050201:1',24,'Group','DM25');
INSERT INTO divisionmetarefs VALUES ('20050201:1',25,'Group','DM26');
INSERT INTO divisionmetarefs VALUES ('20050201:1',26,'Group','DM27');
INSERT INTO divisionmetarefs VALUES ('20050201:1',27,'Group','DM28');
INSERT INTO divisionmetarefs VALUES ('20050201:1',28,'Group','DM29');
INSERT INTO divisionmetarefs VALUES ('20050201:1',29,'Group','DM1');
INSERT INTO divisionmetarefs VALUES ('20050201:2',30,'Group','DM2');
INSERT INTO divisionmetarefs VALUES ('20050201:2',31,'Group','DM3');
INSERT INTO divisionmetarefs VALUES ('20050201:2',32,'Group','DM4');
INSERT INTO divisionmetarefs VALUES ('20050201:2',33,'Group','DM5');
INSERT INTO divisionmetarefs VALUES ('20050201:2',34,'Group','DM6');
INSERT INTO divisionmetarefs VALUES ('20050201:2',35,'Group','DM7');
INSERT INTO divisionmetarefs VALUES ('20050201:2',36,'Group','DM8');
INSERT INTO divisionmetarefs VALUES ('20050201:2',37,'Group','DM9');
INSERT INTO divisionmetarefs VALUES ('20050201:2',38,'Group','DM10');
INSERT INTO divisionmetarefs VALUES ('20050201:2',39,'Group','DM11');
INSERT INTO divisionmetarefs VALUES ('20050201:2',40,'Group','DM12');
INSERT INTO divisionmetarefs VALUES ('20050201:2',41,'Group','DM13');
INSERT INTO divisionmetarefs VALUES ('20050201:2',42,'Group','DM14');
INSERT INTO divisionmetarefs VALUES ('20050201:2',43,'Group','DM15');
INSERT INTO divisionmetarefs VALUES ('20050201:2',44,'Group','DM16');
INSERT INTO divisionmetarefs VALUES ('20050201:2',45,'Group','DM17');
INSERT INTO divisionmetarefs VALUES ('20050201:2',46,'Group','DM18');
INSERT INTO divisionmetarefs VALUES ('20050201:2',47,'Group','DM19');
INSERT INTO divisionmetarefs VALUES ('20050201:2',48,'Group','DM20');
INSERT INTO divisionmetarefs VALUES ('20050201:2',49,'Group','DM21');
INSERT INTO divisionmetarefs VALUES ('20050201:2',50,'Group','DM22');
INSERT INTO divisionmetarefs VALUES ('20050201:2',51,'Group','DM23');
INSERT INTO divisionmetarefs VALUES ('20050201:2',52,'Group','DM24');
INSERT INTO divisionmetarefs VALUES ('20050201:2',53,'Group','DM25');
INSERT INTO divisionmetarefs VALUES ('20050201:2',54,'Group','DM26');
INSERT INTO divisionmetarefs VALUES ('20050201:2',55,'Group','DM27');
INSERT INTO divisionmetarefs VALUES ('20050201:2',56,'Group','DM28');
INSERT INTO divisionmetarefs VALUES ('20050201:2',57,'Group','DM29');
INSERT INTO divisionmetarefs VALUES ('20050201:2',58,'Group','DM30');
INSERT INTO divisionmetarefs VALUES ('20050201:2',59,'Group','DM31');
INSERT INTO divisionmetarefs VALUES ('20050201:2',60,'Group','DM32');
INSERT INTO divisionmetarefs VALUES ('20050201:2',61,'Group','DM33');
INSERT INTO divisionmetarefs VALUES ('20050201:2',62,'Group','DM34');
INSERT INTO divisionmetarefs VALUES ('20050201:2',63,'Group','DM35');
INSERT INTO divisionmetarefs VALUES ('20050201:2',64,'Group','DM36');
INSERT INTO divisionmetarefs VALUES ('20050201:2',65,'Group','DM37');
INSERT INTO divisionmetarefs VALUES ('20050201:2',66,'Group','DM38');
INSERT INTO divisionmetarefs VALUES ('20050201:2',67,'Group','DM39');
INSERT INTO divisionmetarefs VALUES ('20050201:2',68,'Group','DM40');
INSERT INTO divisionmetarefs VALUES ('20050201:2',69,'Group','DM41');
INSERT INTO divisionmetarefs VALUES ('20050201:2',70,'Group','DM42');
INSERT INTO divisionmetarefs VALUES ('20050201:2',71,'Group','DM43');
INSERT INTO divisionmetarefs VALUES ('20050201:2',72,'Group','DM44');
INSERT INTO divisionmetarefs VALUES ('20050201:2',73,'Group','DM45');
INSERT INTO divisionmetarefs VALUES ('20050201:2',74,'Group','DM46');
INSERT INTO divisionmetarefs VALUES ('20050201:2',75,'Group','DM47');
INSERT INTO divisionmetarefs VALUES ('20050201:2',76,'Group','DM48');
INSERT INTO divisionmetarefs VALUES ('20050201:2',77,'Group','DM49');
INSERT INTO divisionmetarefs VALUES ('20050201:2',78,'Group','DM50');
INSERT INTO divisionmetarefs VALUES ('20050201:2',79,'Group','DM51');
INSERT INTO divisionmetarefs VALUES ('20050201:2',80,'Group','DM52');
INSERT INTO divisionmetarefs VALUES ('20050201:2',81,'Group','DM1');
INSERT INTO divisionmetarefs VALUES ('20050201:3',82,'Group','DM2');
INSERT INTO divisionmetarefs VALUES ('20050201:3',83,'Group','DM3');
INSERT INTO divisionmetarefs VALUES ('20050201:3',84,'Group','DM4');
INSERT INTO divisionmetarefs VALUES ('20050201:3',85,'Group','DM5');
INSERT INTO divisionmetarefs VALUES ('20050201:3',86,'Group','DM6');
INSERT INTO divisionmetarefs VALUES ('20050201:3',87,'Group','DM7');
INSERT INTO divisionmetarefs VALUES ('20050201:3',88,'Group','DM8');
INSERT INTO divisionmetarefs VALUES ('20050201:3',89,'Group','DM9');
INSERT INTO divisionmetarefs VALUES ('20050201:3',90,'Group','DM10');
INSERT INTO divisionmetarefs VALUES ('20050201:3',91,'Group','DM11');
INSERT INTO divisionmetarefs VALUES ('20050201:3',92,'Group','DM12');
INSERT INTO divisionmetarefs VALUES ('20050201:3',93,'Group','DM13');
INSERT INTO divisionmetarefs VALUES ('20050201:3',94,'Group','DM14');
INSERT INTO divisionmetarefs VALUES ('20050201:3',95,'Group','DM15');
INSERT INTO divisionmetarefs VALUES ('20050201:3',96,'Group','DM16');
INSERT INTO divisionmetarefs VALUES ('20050201:3',97,'Group','DM17');
INSERT INTO divisionmetarefs VALUES ('20050201:3',98,'Group','DM18');
INSERT INTO divisionmetarefs VALUES ('20050201:3',99,'Group','DM19');
INSERT INTO divisionmetarefs VALUES ('20050201:3',100,'Group','DM20');
INSERT INTO divisionmetarefs VALUES ('20050201:3',101,'Group','DM21');
INSERT INTO divisionmetarefs VALUES ('20050201:3',102,'Group','DM22');
INSERT INTO divisionmetarefs VALUES ('20050201:3',103,'Group','DM23');
INSERT INTO divisionmetarefs VALUES ('20050201:3',104,'Group','DM1');
INSERT INTO divisionmetarefs VALUES ('20050201:4',105,'Group','DM2');
INSERT INTO divisionmetarefs VALUES ('20050201:4',106,'Group','DM3');
INSERT INTO divisionmetarefs VALUES ('20050201:4',107,'Group','DM4');
INSERT INTO divisionmetarefs VALUES ('20050201:4',108,'Group','DM5');
INSERT INTO divisionmetarefs VALUES ('20050201:4',109,'Group','DM6');
INSERT INTO divisionmetarefs VALUES ('20050201:4',110,'Group','DM7');
INSERT INTO divisionmetarefs VALUES ('20050201:4',111,'Group','DM8');
INSERT INTO divisionmetarefs VALUES ('20050201:4',112,'Group','DM9');
INSERT INTO divisionmetarefs VALUES ('20050201:4',113,'Group','DM10');
INSERT INTO divisionmetarefs VALUES ('20050201:4',114,'Group','DM11');
INSERT INTO divisionmetarefs VALUES ('20050201:4',115,'Group','DM12');
INSERT INTO divisionmetarefs VALUES ('20050201:4',116,'Group','DM13');
INSERT INTO divisionmetarefs VALUES ('20050201:4',117,'Group','DM14');
INSERT INTO divisionmetarefs VALUES ('20050201:4',118,'Group','DM15');
INSERT INTO divisionmetarefs VALUES ('20050201:4',119,'Group','DM16');
INSERT INTO divisionmetarefs VALUES ('20050201:4',120,'Group','DM17');
INSERT INTO divisionmetarefs VALUES ('20050201:4',121,'Group','DM18');
INSERT INTO divisionmetarefs VALUES ('20050201:4',122,'Group','DM19');
INSERT INTO divisionmetarefs VALUES ('20050201:4',123,'Group','DM20');
INSERT INTO divisionmetarefs VALUES ('20050201:4',124,'Group','DM21');
INSERT INTO divisionmetarefs VALUES ('20050201:4',125,'Group','DM22');
INSERT INTO divisionmetarefs VALUES ('20050201:4',126,'Group','DM23');
INSERT INTO divisionmetarefs VALUES ('20050201:4',127,'Group','DM24');
INSERT INTO divisionmetarefs VALUES ('20050201:4',128,'Group','DM1');
INSERT INTO divisionmetarefs VALUES ('20050201:5',129,'Group','DM2');
INSERT INTO divisionmetarefs VALUES ('20050201:5',130,'Group','DM3');
INSERT INTO divisionmetarefs VALUES ('20050201:5',131,'Group','DM4');
INSERT INTO divisionmetarefs VALUES ('20050201:5',132,'Group','DM5');
INSERT INTO divisionmetarefs VALUES ('20050201:5',133,'Group','DM6');
INSERT INTO divisionmetarefs VALUES ('20050201:5',134,'Group','DM7');
INSERT INTO divisionmetarefs VALUES ('20050201:5',135,'Group','DM8');
INSERT INTO divisionmetarefs VALUES ('20050201:5',136,'Group','DM9');
INSERT INTO divisionmetarefs VALUES ('20050201:5',137,'Group','DM10');
INSERT INTO divisionmetarefs VALUES ('20050201:5',138,'Group','DM11');
INSERT INTO divisionmetarefs VALUES ('20050201:5',139,'Group','DM12');
INSERT INTO divisionmetarefs VALUES ('20050201:5',140,'Group','DM13');
INSERT INTO divisionmetarefs VALUES ('20050201:5',141,'Group','DM14');
INSERT INTO divisionmetarefs VALUES ('20050201:5',142,'Group','DM15');
INSERT INTO divisionmetarefs VALUES ('20050201:5',143,'Group','DM16');
INSERT INTO divisionmetarefs VALUES ('20050201:5',144,'Group','DM17');
INSERT INTO divisionmetarefs VALUES ('20050201:5',145,'Group','DM18');
INSERT INTO divisionmetarefs VALUES ('20050201:5',146,'Group','DM19');
INSERT INTO divisionmetarefs VALUES ('20050201:5',147,'Group','DM20');
INSERT INTO divisionmetarefs VALUES ('20050201:5',148,'Group','DM21');
INSERT INTO divisionmetarefs VALUES ('20050201:5',149,'Group','DM22');
INSERT INTO divisionmetarefs VALUES ('20050201:5',150,'Group','DM23');
INSERT INTO divisionmetarefs VALUES ('20050201:5',151,'Group','DM24');
INSERT INTO divisionmetarefs VALUES ('20050201:5',152,'Group','DM25');
INSERT INTO divisionmetarefs VALUES ('20050201:5',153,'Group','DM26');
INSERT INTO divisionmetarefs VALUES ('20050201:5',154,'Group','DM27');
INSERT INTO divisionmetarefs VALUES ('20050201:5',155,'Group','DM28');
INSERT INTO divisionmetarefs VALUES ('20050201:5',156,'Group','DM29');
INSERT INTO divisionmetarefs VALUES ('20050201:5',157,'Group','DM30');
INSERT INTO divisionmetarefs VALUES ('20050201:5',158,'Group','DM31');
INSERT INTO divisionmetarefs VALUES ('20050201:5',159,'Group','DM32');
INSERT INTO divisionmetarefs VALUES ('20050201:5',160,'Group','DM33');
INSERT INTO divisionmetarefs VALUES ('20050201:5',161,'Group','DM34');
INSERT INTO divisionmetarefs VALUES ('20050201:5',162,'Group','DM35');
INSERT INTO divisionmetarefs VALUES ('20050201:5',163,'Group','DM36');
INSERT INTO divisionmetarefs VALUES ('20050201:5',164,'Group','DM37');
INSERT INTO divisionmetarefs VALUES ('20050201:5',165,'Group','DM38');
INSERT INTO divisionmetarefs VALUES ('20050201:5',166,'Group','DM39');
INSERT INTO divisionmetarefs VALUES ('20050201:5',167,'Group','DM40');
INSERT INTO divisionmetarefs VALUES ('20050201:5',168,'Group','DM41');
INSERT INTO divisionmetarefs VALUES ('20050201:5',169,'Group','DM42');
INSERT INTO divisionmetarefs VALUES ('20050201:5',170,'Group','DM43');
INSERT INTO divisionmetarefs VALUES ('20050201:5',171,'Group','DM44');
INSERT INTO divisionmetarefs VALUES ('20050201:5',172,'Group','DM45');
INSERT INTO divisionmetarefs VALUES ('20050201:5',173,'Group','DM46');
INSERT INTO divisionmetarefs VALUES ('20050201:5',174,'Group','DM47');
INSERT INTO divisionmetarefs VALUES ('20050201:5',175,'Group','DM1');
INSERT INTO divisionmetarefs VALUES ('20050201:6',176,'Group','DM1');

--
-- Table structure for table `divisions`
--

CREATE TABLE divisions (
  DivisionRef int(11) NOT NULL auto_increment,
  StructureRef int(11) default NULL,
  DocID varchar(64) default NULL,
  ParentType varchar(64) default NULL,
  ParentRef varchar(64) default NULL,
  SectionID varchar(64) default NULL,
  DivisionType varchar(64) default NULL,
  LabelOrder varchar(64) default NULL,
  ShortLabel varchar(128) default NULL,
  UserLabel varchar(255) default NULL,
  PRIMARY KEY  (DivisionRef)
) TYPE=MyISAM;

--
-- Dumping data for table `divisions`
--

INSERT INTO divisions VALUES (1,NULL,'20050201:1','Structure','1','DS0','Section','0','1','1');
INSERT INTO divisions VALUES (2,NULL,'20050201:1','Division','1','DS1','Section','1','1.1','1.1');
INSERT INTO divisions VALUES (3,NULL,'20050201:1','Division','1','DS2','Section','2','1.2','1.2');
INSERT INTO divisions VALUES (4,NULL,'20050201:1','Division','1','DS3','Section','3','1.3','1.3');
INSERT INTO divisions VALUES (5,NULL,'20050201:1','Division','1','DS4','Section','4','1.4','1.4');
INSERT INTO divisions VALUES (6,NULL,'20050201:1','Division','5','DS5','Section','5','1.4.1','1.4.1');
INSERT INTO divisions VALUES (7,NULL,'20050201:1','Division','5','DS6','Section','6','1.4.2','1.4.2');
INSERT INTO divisions VALUES (8,NULL,'20050201:1','Division','5','DS7','Section','7','1.4.3','1.4.3');
INSERT INTO divisions VALUES (9,NULL,'20050201:1','Division','5','DS8','Section','8','1.4.4','1.4.4');
INSERT INTO divisions VALUES (10,NULL,'20050201:1','Division','5','DS9','Section','9','1.4.5','1.4.5');
INSERT INTO divisions VALUES (11,NULL,'20050201:1','Division','1','DS10','Section','10','1.5','1.5');
INSERT INTO divisions VALUES (12,NULL,'20050201:1','Division','11','DS11','Section','11','1.5.1','1.5.1');
INSERT INTO divisions VALUES (13,NULL,'20050201:1','Division','11','DS12','Section','12','1.5.2','1.5.2');
INSERT INTO divisions VALUES (14,NULL,'20050201:1','Division','11','DS13','Section','13','1.5.3','1.5.3');
INSERT INTO divisions VALUES (15,NULL,'20050201:1','Division','11','DS14','Section','14','1.5.4','1.5.4');
INSERT INTO divisions VALUES (16,NULL,'20050201:1','Division','11','DS15','Section','15','1.5.5','1.5.5');
INSERT INTO divisions VALUES (17,NULL,'20050201:1','Division','1','DS16','Section','16','1.6','1.6');
INSERT INTO divisions VALUES (18,NULL,'20050201:1','Division','17','DS17','Section','17','1.6.1','1.6.1');
INSERT INTO divisions VALUES (19,NULL,'20050201:1','Division','17','DS18','Section','18','1.6.2','1.6.2');
INSERT INTO divisions VALUES (20,NULL,'20050201:1','Division','17','DS19','Section','19','1.6.3','1.6.3');
INSERT INTO divisions VALUES (21,NULL,'20050201:1','Division','17','DS20','Section','20','1.6.4','1.6.4');
INSERT INTO divisions VALUES (22,NULL,'20050201:1','Division','17','DS21','Section','21','1.6.5','1.6.5');
INSERT INTO divisions VALUES (23,NULL,'20050201:1','Division','1','DS22','Section','22','1.7','1.7');
INSERT INTO divisions VALUES (24,NULL,'20050201:1','Division','1','DS23','Section','23','1.8','1.8');
INSERT INTO divisions VALUES (25,NULL,'20050201:1','Division','24','DS24','Section','24','1.8.1','1.8.1');
INSERT INTO divisions VALUES (26,NULL,'20050201:1','Division','24','DS25','Section','25','1.8.2','1.8.2');
INSERT INTO divisions VALUES (27,NULL,'20050201:1','Division','1','DS26','Section','26','1.9','1.9');
INSERT INTO divisions VALUES (28,NULL,'20050201:1','Division','1','DS27','Section','27','1.10','1.10');
INSERT INTO divisions VALUES (29,NULL,'20050201:1','Structure','2','All','Document','All','All','Whole Document');
INSERT INTO divisions VALUES (30,NULL,'20050201:2','Structure','3','DS0','Section','0','1','1');
INSERT INTO divisions VALUES (31,NULL,'20050201:2','Division','30','DS1','Section','1','1.1','1.1');
INSERT INTO divisions VALUES (32,NULL,'20050201:2','Division','30','DS2','Section','2','1.2','1.2');
INSERT INTO divisions VALUES (33,NULL,'20050201:2','Division','30','DS3','Section','3','1.3','1.3');
INSERT INTO divisions VALUES (34,NULL,'20050201:2','Division','30','DS4','Section','4','1.4','1.4');
INSERT INTO divisions VALUES (35,NULL,'20050201:2','Division','34','DS5','Section','5','1.4.1','1.4.1');
INSERT INTO divisions VALUES (36,NULL,'20050201:2','Division','34','DS6','Section','6','1.4.2','1.4.2');
INSERT INTO divisions VALUES (37,NULL,'20050201:2','Division','34','DS7','Section','7','1.4.3','1.4.3');
INSERT INTO divisions VALUES (38,NULL,'20050201:2','Division','34','DS8','Section','8','1.4.4','1.4.4');
INSERT INTO divisions VALUES (39,NULL,'20050201:2','Division','30','DS9','Section','9','1.5','1.5');
INSERT INTO divisions VALUES (40,NULL,'20050201:2','Division','39','DS10','Section','10','1.5.1','1.5.1');
INSERT INTO divisions VALUES (41,NULL,'20050201:2','Division','39','DS11','Section','11','1.5.2','1.5.2');
INSERT INTO divisions VALUES (42,NULL,'20050201:2','Division','39','DS12','Section','12','1.5.3','1.5.3');
INSERT INTO divisions VALUES (43,NULL,'20050201:2','Division','39','DS13','Section','13','1.5.4','1.5.4');
INSERT INTO divisions VALUES (44,NULL,'20050201:2','Division','39','DS14','Section','14','1.5.5','1.5.5');
INSERT INTO divisions VALUES (45,NULL,'20050201:2','Division','39','DS15','Section','15','1.5.6','1.5.6');
INSERT INTO divisions VALUES (46,NULL,'20050201:2','Division','39','DS16','Section','16','1.5.7','1.5.7');
INSERT INTO divisions VALUES (47,NULL,'20050201:2','Division','39','DS17','Section','17','1.5.8','1.5.8');
INSERT INTO divisions VALUES (48,NULL,'20050201:2','Division','39','DS18','Section','18','1.5.9','1.5.9');
INSERT INTO divisions VALUES (49,NULL,'20050201:2','Division','30','DS19','Section','19','1.6','1.6');
INSERT INTO divisions VALUES (50,NULL,'20050201:2','Division','49','DS20','Section','20','1.6.1','1.6.1');
INSERT INTO divisions VALUES (51,NULL,'20050201:2','Division','30','DS21','Section','21','1.7','1.7');
INSERT INTO divisions VALUES (52,NULL,'20050201:2','Division','51','DS22','Section','22','1.7.1','1.7.1');
INSERT INTO divisions VALUES (53,NULL,'20050201:2','Division','51','DS23','Section','23','1.7.2','1.7.2');
INSERT INTO divisions VALUES (54,NULL,'20050201:2','Division','51','DS24','Section','24','1.7.3','1.7.3');
INSERT INTO divisions VALUES (55,NULL,'20050201:2','Division','51','DS25','Section','25','1.7.4','1.7.4');
INSERT INTO divisions VALUES (56,NULL,'20050201:2','Division','51','DS26','Section','26','1.7.5','1.7.5');
INSERT INTO divisions VALUES (57,NULL,'20050201:2','Division','51','DS27','Section','27','1.7.6','1.7.6');
INSERT INTO divisions VALUES (58,NULL,'20050201:2','Division','51','DS28','Section','28','1.7.7','1.7.7');
INSERT INTO divisions VALUES (59,NULL,'20050201:2','Division','51','DS29','Section','29','1.7.8','1.7.8');
INSERT INTO divisions VALUES (60,NULL,'20050201:2','Division','51','DS30','Section','30','1.7.9','1.7.9');
INSERT INTO divisions VALUES (61,NULL,'20050201:2','Division','51','DS31','Section','31','1.7.10','1.7.10');
INSERT INTO divisions VALUES (62,NULL,'20050201:2','Division','51','DS32','Section','32','1.7.11','1.7.11');
INSERT INTO divisions VALUES (63,NULL,'20050201:2','Division','30','DS33','Section','33','1.8','1.8');
INSERT INTO divisions VALUES (64,NULL,'20050201:2','Division','63','DS34','Section','34','1.8.1','1.8.1');
INSERT INTO divisions VALUES (65,NULL,'20050201:2','Division','63','DS35','Section','35','1.8.2','1.8.2');
INSERT INTO divisions VALUES (66,NULL,'20050201:2','Division','63','DS36','Section','36','1.8.3','1.8.3');
INSERT INTO divisions VALUES (67,NULL,'20050201:2','Division','63','DS37','Section','37','1.8.4','1.8.4');
INSERT INTO divisions VALUES (68,NULL,'20050201:2','Division','63','DS38','Section','38','1.8.5','1.8.5');
INSERT INTO divisions VALUES (69,NULL,'20050201:2','Division','63','DS39','Section','39','1.8.6','1.8.6');
INSERT INTO divisions VALUES (70,NULL,'20050201:2','Division','63','DS40','Section','40','1.8.7','1.8.7');
INSERT INTO divisions VALUES (71,NULL,'20050201:2','Division','30','DS41','Section','41','1.9','1.9');
INSERT INTO divisions VALUES (72,NULL,'20050201:2','Division','71','DS42','Section','42','1.9.1','1.9.1');
INSERT INTO divisions VALUES (73,NULL,'20050201:2','Division','71','DS43','Section','43','1.9.2','1.9.2');
INSERT INTO divisions VALUES (74,NULL,'20050201:2','Division','30','DS44','Section','44','1.10','1.10');
INSERT INTO divisions VALUES (75,NULL,'20050201:2','Division','74','DS45','Section','45','1.10.1','1.10.1');
INSERT INTO divisions VALUES (76,NULL,'20050201:2','Division','30','DS46','Section','46','1.11','1.11');
INSERT INTO divisions VALUES (77,NULL,'20050201:2','Division','76','DS47','Section','47','1.11.1','1.11.1');
INSERT INTO divisions VALUES (78,NULL,'20050201:2','Division','76','DS48','Section','48','1.11.2','1.11.2');
INSERT INTO divisions VALUES (79,NULL,'20050201:2','Division','76','DS49','Section','49','1.11.3','1.11.3');
INSERT INTO divisions VALUES (80,NULL,'20050201:2','Division','30','DS50','Section','50','1.12','1.12');
INSERT INTO divisions VALUES (81,NULL,'20050201:2','Structure','4','All','Document','All','All','Whole Document');
INSERT INTO divisions VALUES (82,NULL,'20050201:3','Structure','5','DS0','Section','0','1','1');
INSERT INTO divisions VALUES (83,NULL,'20050201:3','Division','82','DS1','Section','1','1.1','1.1');
INSERT INTO divisions VALUES (84,NULL,'20050201:3','Division','83','DS2','Section','2','1.1.1','1.1.1');
INSERT INTO divisions VALUES (85,NULL,'20050201:3','Division','82','DS3','Section','3','1.2','1.2');
INSERT INTO divisions VALUES (86,NULL,'20050201:3','Division','85','DS4','Section','4','1.2.1','1.2.1');
INSERT INTO divisions VALUES (87,NULL,'20050201:3','Division','85','DS5','Section','5','1.2.2','1.2.2');
INSERT INTO divisions VALUES (88,NULL,'20050201:3','Division','85','DS6','Section','6','1.2.3','1.2.3');
INSERT INTO divisions VALUES (89,NULL,'20050201:3','Division','85','DS7','Section','7','1.2.4','1.2.4');
INSERT INTO divisions VALUES (90,NULL,'20050201:3','Division','85','DS8','Section','8','1.2.5','1.2.5');
INSERT INTO divisions VALUES (91,NULL,'20050201:3','Division','85','DS9','Section','9','1.2.6','1.2.6');
INSERT INTO divisions VALUES (92,NULL,'20050201:3','Division','85','DS10','Section','10','1.2.7','1.2.7');
INSERT INTO divisions VALUES (93,NULL,'20050201:3','Division','85','DS11','Section','11','1.2.8','1.2.8');
INSERT INTO divisions VALUES (94,NULL,'20050201:3','Division','85','DS12','Section','12','1.2.9','1.2.9');
INSERT INTO divisions VALUES (95,NULL,'20050201:3','Division','85','DS13','Section','13','1.2.10','1.2.10');
INSERT INTO divisions VALUES (96,NULL,'20050201:3','Division','85','DS14','Section','14','1.2.11','1.2.11');
INSERT INTO divisions VALUES (97,NULL,'20050201:3','Division','85','DS15','Section','15','1.2.12','1.2.12');
INSERT INTO divisions VALUES (98,NULL,'20050201:3','Division','82','DS16','Section','16','1.3','1.3');
INSERT INTO divisions VALUES (99,NULL,'20050201:3','Division','98','DS17','Section','17','1.3.1','1.3.1');
INSERT INTO divisions VALUES (100,NULL,'20050201:3','Division','98','DS18','Section','18','1.3.2','1.3.2');
INSERT INTO divisions VALUES (101,NULL,'20050201:3','Division','82','DS19','Section','19','1.4','1.4');
INSERT INTO divisions VALUES (102,NULL,'20050201:3','Division','82','DS20','Section','20','1.5','1.5');
INSERT INTO divisions VALUES (103,NULL,'20050201:3','Division','102','DS21','Section','21','1.5.1','1.5.1');
INSERT INTO divisions VALUES (104,NULL,'20050201:3','Structure','6','All','Document','All','All','Whole Document');
INSERT INTO divisions VALUES (105,NULL,'20050201:4','Structure','7','DS0','Section','0','1','1');
INSERT INTO divisions VALUES (106,NULL,'20050201:4','Division','105','DS1','Section','1','1.1','1.1');
INSERT INTO divisions VALUES (107,NULL,'20050201:4','Division','105','DS2','Section','2','1.2','1.2');
INSERT INTO divisions VALUES (108,NULL,'20050201:4','Division','107','DS3','Section','3','1.2.1','1.2.1');
INSERT INTO divisions VALUES (109,NULL,'20050201:4','Division','107','DS4','Section','4','1.2.2','1.2.2');
INSERT INTO divisions VALUES (110,NULL,'20050201:4','Division','107','DS5','Section','5','1.2.3','1.2.3');
INSERT INTO divisions VALUES (111,NULL,'20050201:4','Division','105','DS6','Section','6','1.3','1.3');
INSERT INTO divisions VALUES (112,NULL,'20050201:4','Division','111','DS7','Section','7','1.3.1','1.3.1');
INSERT INTO divisions VALUES (113,NULL,'20050201:4','Division','111','DS8','Section','8','1.3.2','1.3.2');
INSERT INTO divisions VALUES (114,NULL,'20050201:4','Division','111','DS9','Section','9','1.3.3','1.3.3');
INSERT INTO divisions VALUES (115,NULL,'20050201:4','Division','111','DS10','Section','10','1.3.4','1.3.4');
INSERT INTO divisions VALUES (116,NULL,'20050201:4','Division','105','DS11','Section','11','1.4','1.4');
INSERT INTO divisions VALUES (117,NULL,'20050201:4','Division','116','DS12','Section','12','1.4.1','1.4.1');
INSERT INTO divisions VALUES (118,NULL,'20050201:4','Division','116','DS13','Section','13','1.4.2','1.4.2');
INSERT INTO divisions VALUES (119,NULL,'20050201:4','Division','105','DS14','Section','14','1.5','1.5');
INSERT INTO divisions VALUES (120,NULL,'20050201:4','Division','119','DS15','Section','15','1.5.1','1.5.1');
INSERT INTO divisions VALUES (121,NULL,'20050201:4','Division','119','DS16','Section','16','1.5.2','1.5.2');
INSERT INTO divisions VALUES (122,NULL,'20050201:4','Division','119','DS17','Section','17','1.5.3','1.5.3');
INSERT INTO divisions VALUES (123,NULL,'20050201:4','Division','105','DS18','Section','18','1.6','1.6');
INSERT INTO divisions VALUES (124,NULL,'20050201:4','Division','105','DS19','Section','19','1.7','1.7');
INSERT INTO divisions VALUES (125,NULL,'20050201:4','Division','124','DS20','Section','20','1.7.1','1.7.1');
INSERT INTO divisions VALUES (126,NULL,'20050201:4','Division','124','DS21','Section','21','1.7.2','1.7.2');
INSERT INTO divisions VALUES (127,NULL,'20050201:4','Division','124','DS22','Section','22','1.7.3','1.7.3');
INSERT INTO divisions VALUES (128,NULL,'20050201:4','Structure','8','All','Document','All','All','Whole Document');
INSERT INTO divisions VALUES (129,NULL,'20050201:5','Structure','9','DS0','Section','0','1','1');
INSERT INTO divisions VALUES (130,NULL,'20050201:5','Division','129','DS1','Section','1','1.1','1.1');
INSERT INTO divisions VALUES (131,NULL,'20050201:5','Division','129','DS2','Section','2','1.2','1.2');
INSERT INTO divisions VALUES (132,NULL,'20050201:5','Division','129','DS3','Section','3','1.3','1.3');
INSERT INTO divisions VALUES (133,NULL,'20050201:5','Division','132','DS4','Section','4','1.3.1','1.3.1');
INSERT INTO divisions VALUES (134,NULL,'20050201:5','Division','132','DS5','Section','5','1.3.2','1.3.2');
INSERT INTO divisions VALUES (135,NULL,'20050201:5','Division','132','DS6','Section','6','1.3.3','1.3.3');
INSERT INTO divisions VALUES (136,NULL,'20050201:5','Division','132','DS7','Section','7','1.3.4','1.3.4');
INSERT INTO divisions VALUES (137,NULL,'20050201:5','Division','132','DS8','Section','8','1.3.5','1.3.5');
INSERT INTO divisions VALUES (138,NULL,'20050201:5','Division','132','DS9','Section','9','1.3.6','1.3.6');
INSERT INTO divisions VALUES (139,NULL,'20050201:5','Division','129','DS10','Section','10','1.4','1.4');
INSERT INTO divisions VALUES (140,NULL,'20050201:5','Division','129','DS11','Section','11','1.5','1.5');
INSERT INTO divisions VALUES (141,NULL,'20050201:5','Division','140','DS12','Section','12','1.5.1','1.5.1');
INSERT INTO divisions VALUES (142,NULL,'20050201:5','Division','140','DS13','Section','13','1.5.2','1.5.2');
INSERT INTO divisions VALUES (143,NULL,'20050201:5','Division','140','DS14','Section','14','1.5.3','1.5.3');
INSERT INTO divisions VALUES (144,NULL,'20050201:5','Division','140','DS15','Section','15','1.5.4','1.5.4');
INSERT INTO divisions VALUES (145,NULL,'20050201:5','Division','129','DS16','Section','16','1.6','1.6');
INSERT INTO divisions VALUES (146,NULL,'20050201:5','Division','145','DS17','Section','17','1.6.1','1.6.1');
INSERT INTO divisions VALUES (147,NULL,'20050201:5','Division','145','DS18','Section','18','1.6.2','1.6.2');
INSERT INTO divisions VALUES (148,NULL,'20050201:5','Division','145','DS19','Section','19','1.6.3','1.6.3');
INSERT INTO divisions VALUES (149,NULL,'20050201:5','Division','145','DS20','Section','20','1.6.4','1.6.4');
INSERT INTO divisions VALUES (150,NULL,'20050201:5','Division','145','DS21','Section','21','1.6.5','1.6.5');
INSERT INTO divisions VALUES (151,NULL,'20050201:5','Division','145','DS22','Section','22','1.6.6','1.6.6');
INSERT INTO divisions VALUES (152,NULL,'20050201:5','Division','145','DS23','Section','23','1.6.7','1.6.7');
INSERT INTO divisions VALUES (153,NULL,'20050201:5','Division','145','DS24','Section','24','1.6.8','1.6.8');
INSERT INTO divisions VALUES (154,NULL,'20050201:5','Division','145','DS25','Section','25','1.6.9','1.6.9');
INSERT INTO divisions VALUES (155,NULL,'20050201:5','Division','145','DS26','Section','26','1.6.10','1.6.10');
INSERT INTO divisions VALUES (156,NULL,'20050201:5','Division','129','DS27','Section','27','1.7','1.7');
INSERT INTO divisions VALUES (157,NULL,'20050201:5','Division','156','DS28','Section','28','1.7.1','1.7.1');
INSERT INTO divisions VALUES (158,NULL,'20050201:5','Division','156','DS29','Section','29','1.7.2','1.7.2');
INSERT INTO divisions VALUES (159,NULL,'20050201:5','Division','156','DS30','Section','30','1.7.3','1.7.3');
INSERT INTO divisions VALUES (160,NULL,'20050201:5','Division','156','DS31','Section','31','1.7.4','1.7.4');
INSERT INTO divisions VALUES (161,NULL,'20050201:5','Division','156','DS32','Section','32','1.7.5','1.7.5');
INSERT INTO divisions VALUES (162,NULL,'20050201:5','Division','156','DS33','Section','33','1.7.6','1.7.6');
INSERT INTO divisions VALUES (163,NULL,'20050201:5','Division','156','DS34','Section','34','1.7.7','1.7.7');
INSERT INTO divisions VALUES (164,NULL,'20050201:5','Division','156','DS35','Section','35','1.7.8','1.7.8');
INSERT INTO divisions VALUES (165,NULL,'20050201:5','Division','156','DS36','Section','36','1.7.9','1.7.9');
INSERT INTO divisions VALUES (166,NULL,'20050201:5','Division','156','DS37','Section','37','1.7.10','1.7.10');
INSERT INTO divisions VALUES (167,NULL,'20050201:5','Division','156','DS38','Section','38','1.7.11','1.7.11');
INSERT INTO divisions VALUES (168,NULL,'20050201:5','Division','156','DS39','Section','39','1.7.12','1.7.12');
INSERT INTO divisions VALUES (169,NULL,'20050201:5','Division','156','DS40','Section','40','1.7.13','1.7.13');
INSERT INTO divisions VALUES (170,NULL,'20050201:5','Division','156','DS41','Section','41','1.7.14','1.7.14');
INSERT INTO divisions VALUES (171,NULL,'20050201:5','Division','156','DS42','Section','42','1.7.15','1.7.15');
INSERT INTO divisions VALUES (172,NULL,'20050201:5','Division','156','DS43','Section','43','1.7.16','1.7.16');
INSERT INTO divisions VALUES (173,NULL,'20050201:5','Division','129','DS44','Section','44','1.8','1.8');
INSERT INTO divisions VALUES (174,NULL,'20050201:5','Division','129','DS45','Section','45','1.9','1.9');
INSERT INTO divisions VALUES (175,NULL,'20050201:5','Structure','10','All','Document','All','All','Whole Document');
INSERT INTO divisions VALUES (176,NULL,'20050201:6','Structure','11','All','Document','All','All','Whole Document');

--
-- Table structure for table `document`
--

CREATE TABLE document (
  DocID varchar(64) NOT NULL default '',
  DocType varchar(64) default NULL,
  AccessionDate datetime default NULL,
  IndexedDate datetime default NULL,
  ModifiedDate datetime default NULL,
  PRIMARY KEY  (DocID)
) TYPE=MyISAM;

--
-- Dumping data for table `document`
--

INSERT INTO document VALUES ('20050201:1','HTML','2005-02-01 22:03:55','2005-02-01 22:03:55','2004-07-20 04:36:03');
INSERT INTO document VALUES ('20050201:2','HTML','2005-02-01 22:03:56','2005-02-01 22:03:56','2004-07-20 04:36:03');
INSERT INTO document VALUES ('20050201:3','HTML','2005-02-01 22:03:59','2005-02-01 22:03:59','2004-07-20 04:36:03');
INSERT INTO document VALUES ('20050201:4','HTML','2005-02-01 22:03:59','2005-02-01 22:03:59','2004-07-20 04:36:03');
INSERT INTO document VALUES ('20050201:5','HTML','2005-02-01 22:04:00','2005-02-01 22:04:00','2004-07-20 04:36:03');
INSERT INTO document VALUES ('20050201:6','GSMETADATA','2005-02-01 22:04:01','2005-02-01 22:04:01','2004-07-20 04:36:03');

--
-- Table structure for table `filegroups`
--

CREATE TABLE filegroups (
  FileGroupRef int(11) NOT NULL auto_increment,
  DocID varchar(64) default NULL,
  FileGroupID varchar(64) default NULL,
  ParentRef int(11) default NULL,
  ParentType varchar(16) default NULL,
  PRIMARY KEY  (FileGroupRef)
) TYPE=MyISAM;

--
-- Dumping data for table `filegroups`
--

INSERT INTO filegroups VALUES (1,'20050201:1','FILEGROUP_PRELUDE4',1,'Section');
INSERT INTO filegroups VALUES (2,'20050201:1','FILEGROUP_PRELUDE11',1,'Section');
INSERT INTO filegroups VALUES (3,'20050201:1','FILEGROUP_PRELUDE1',1,'Section');
INSERT INTO filegroups VALUES (4,'20050201:1','FILEGROUP_PRELUDE7',1,'Section');
INSERT INTO filegroups VALUES (5,'20050201:1','FILEGROUP_PRELUDE25',1,'Section');
INSERT INTO filegroups VALUES (6,'20050201:1','FILEGROUP_PRELUDE28',1,'Section');
INSERT INTO filegroups VALUES (7,'20050201:1','FILEGROUP_PRELUDE14',1,'Section');
INSERT INTO filegroups VALUES (8,'20050201:1','FILEGROUP_PRELUDE24',1,'Section');
INSERT INTO filegroups VALUES (9,'20050201:1','FILEGROUP_PRELUDE6',1,'Section');
INSERT INTO filegroups VALUES (10,'20050201:1','FILEGROUP_PRELUDE13',1,'Section');
INSERT INTO filegroups VALUES (11,'20050201:1','FILEGROUP_PRELUDE26',1,'Section');
INSERT INTO filegroups VALUES (12,'20050201:1','FILEGROUP_PRELUDE10',1,'Section');
INSERT INTO filegroups VALUES (13,'20050201:1','FILEGROUP_PRELUDE27',1,'Section');
INSERT INTO filegroups VALUES (14,'20050201:1','FILEGROUP_PRELUDE12',1,'Section');
INSERT INTO filegroups VALUES (15,'20050201:1','FILEGROUP_PRELUDE5',1,'Section');
INSERT INTO filegroups VALUES (16,'20050201:1','FILEGROUP_PRELUDE15',1,'Section');
INSERT INTO filegroups VALUES (17,'20050201:1','FILEGROUP_PRELUDE8',1,'Section');
INSERT INTO filegroups VALUES (18,'20050201:1','FILEGROUP_PRELUDE22',1,'Section');
INSERT INTO filegroups VALUES (19,'20050201:1','FILEGROUP_PRELUDE18',1,'Section');
INSERT INTO filegroups VALUES (20,'20050201:1','FILEGROUP_PRELUDE3',1,'Section');
INSERT INTO filegroups VALUES (21,'20050201:1','default',1,'Section');
INSERT INTO filegroups VALUES (22,'20050201:1','FILEGROUP_PRELUDE17',1,'Section');
INSERT INTO filegroups VALUES (23,'20050201:1','FILEGROUP_PRELUDE2',1,'Section');
INSERT INTO filegroups VALUES (24,'20050201:1','FILEGROUP_PRELUDE20',1,'Section');
INSERT INTO filegroups VALUES (25,'20050201:1','FILEGROUP_PRELUDE23',1,'Section');
INSERT INTO filegroups VALUES (26,'20050201:1','FILEGROUP_PRELUDE9',1,'Section');
INSERT INTO filegroups VALUES (27,'20050201:1','FILEGROUP_PRELUDE16',1,'Section');
INSERT INTO filegroups VALUES (28,'20050201:1','FILEGROUP_PRELUDE19',1,'Section');
INSERT INTO filegroups VALUES (29,'20050201:1','FILEGROUP_PRELUDE21',1,'Section');
INSERT INTO filegroups VALUES (30,'20050201:2','FILEGROUP_PRELUDE51',2,'Section');
INSERT INTO filegroups VALUES (31,'20050201:2','FILEGROUP_PRELUDE33',2,'Section');
INSERT INTO filegroups VALUES (32,'20050201:2','FILEGROUP_PRELUDE48',2,'Section');
INSERT INTO filegroups VALUES (33,'20050201:2','FILEGROUP_PRELUDE36',2,'Section');
INSERT INTO filegroups VALUES (34,'20050201:2','FILEGROUP_PRELUDE14',2,'Section');
INSERT INTO filegroups VALUES (35,'20050201:2','FILEGROUP_PRELUDE35',2,'Section');
INSERT INTO filegroups VALUES (36,'20050201:2','FILEGROUP_PRELUDE13',2,'Section');
INSERT INTO filegroups VALUES (37,'20050201:2','FILEGROUP_PRELUDE34',2,'Section');
INSERT INTO filegroups VALUES (38,'20050201:2','FILEGROUP_PRELUDE49',2,'Section');
INSERT INTO filegroups VALUES (39,'20050201:2','FILEGROUP_PRELUDE22',2,'Section');
INSERT INTO filegroups VALUES (40,'20050201:2','FILEGROUP_PRELUDE29',2,'Section');
INSERT INTO filegroups VALUES (41,'20050201:2','FILEGROUP_PRELUDE40',2,'Section');
INSERT INTO filegroups VALUES (42,'20050201:2','FILEGROUP_PRELUDE44',2,'Section');
INSERT INTO filegroups VALUES (43,'20050201:2','default',2,'Section');
INSERT INTO filegroups VALUES (44,'20050201:2','FILEGROUP_PRELUDE3',2,'Section');
INSERT INTO filegroups VALUES (45,'20050201:2','FILEGROUP_PRELUDE42',2,'Section');
INSERT INTO filegroups VALUES (46,'20050201:2','FILEGROUP_PRELUDE39',2,'Section');
INSERT INTO filegroups VALUES (47,'20050201:2','FILEGROUP_PRELUDE23',2,'Section');
INSERT INTO filegroups VALUES (48,'20050201:2','FILEGROUP_PRELUDE9',2,'Section');
INSERT INTO filegroups VALUES (49,'20050201:2','FILEGROUP_PRELUDE43',2,'Section');
INSERT INTO filegroups VALUES (50,'20050201:2','FILEGROUP_PRELUDE50',2,'Section');
INSERT INTO filegroups VALUES (51,'20050201:2','FILEGROUP_PRELUDE45',2,'Section');
INSERT INTO filegroups VALUES (52,'20050201:2','FILEGROUP_PRELUDE4',2,'Section');
INSERT INTO filegroups VALUES (53,'20050201:2','FILEGROUP_PRELUDE1',2,'Section');
INSERT INTO filegroups VALUES (54,'20050201:2','FILEGROUP_PRELUDE11',2,'Section');
INSERT INTO filegroups VALUES (55,'20050201:2','FILEGROUP_PRELUDE7',2,'Section');
INSERT INTO filegroups VALUES (56,'20050201:2','FILEGROUP_PRELUDE30',2,'Section');
INSERT INTO filegroups VALUES (57,'20050201:2','FILEGROUP_PRELUDE25',2,'Section');
INSERT INTO filegroups VALUES (58,'20050201:2','FILEGROUP_PRELUDE41',2,'Section');
INSERT INTO filegroups VALUES (59,'20050201:2','FILEGROUP_PRELUDE28',2,'Section');
INSERT INTO filegroups VALUES (60,'20050201:2','FILEGROUP_PRELUDE47',2,'Section');
INSERT INTO filegroups VALUES (61,'20050201:2','FILEGROUP_PRELUDE46',2,'Section');
INSERT INTO filegroups VALUES (62,'20050201:2','FILEGROUP_PRELUDE24',2,'Section');
INSERT INTO filegroups VALUES (63,'20050201:2','FILEGROUP_PRELUDE6',2,'Section');
INSERT INTO filegroups VALUES (64,'20050201:2','FILEGROUP_PRELUDE10',2,'Section');
INSERT INTO filegroups VALUES (65,'20050201:2','FILEGROUP_PRELUDE26',2,'Section');
INSERT INTO filegroups VALUES (66,'20050201:2','FILEGROUP_PRELUDE32',2,'Section');
INSERT INTO filegroups VALUES (67,'20050201:2','FILEGROUP_PRELUDE27',2,'Section');
INSERT INTO filegroups VALUES (68,'20050201:2','FILEGROUP_PRELUDE5',2,'Section');
INSERT INTO filegroups VALUES (69,'20050201:2','FILEGROUP_PRELUDE12',2,'Section');
INSERT INTO filegroups VALUES (70,'20050201:2','FILEGROUP_PRELUDE15',2,'Section');
INSERT INTO filegroups VALUES (71,'20050201:2','FILEGROUP_PRELUDE8',2,'Section');
INSERT INTO filegroups VALUES (72,'20050201:2','FILEGROUP_PRELUDE18',2,'Section');
INSERT INTO filegroups VALUES (73,'20050201:2','FILEGROUP_PRELUDE37',2,'Section');
INSERT INTO filegroups VALUES (74,'20050201:2','FILEGROUP_PRELUDE17',2,'Section');
INSERT INTO filegroups VALUES (75,'20050201:2','FILEGROUP_PRELUDE2',2,'Section');
INSERT INTO filegroups VALUES (76,'20050201:2','FILEGROUP_PRELUDE31',2,'Section');
INSERT INTO filegroups VALUES (77,'20050201:2','FILEGROUP_PRELUDE20',2,'Section');
INSERT INTO filegroups VALUES (78,'20050201:2','FILEGROUP_PRELUDE19',2,'Section');
INSERT INTO filegroups VALUES (79,'20050201:2','FILEGROUP_PRELUDE16',2,'Section');
INSERT INTO filegroups VALUES (80,'20050201:2','FILEGROUP_PRELUDE38',2,'Section');
INSERT INTO filegroups VALUES (81,'20050201:2','FILEGROUP_PRELUDE21',2,'Section');
INSERT INTO filegroups VALUES (82,'20050201:3','FILEGROUP_PRELUDE15',3,'Section');
INSERT INTO filegroups VALUES (83,'20050201:3','FILEGROUP_PRELUDE4',3,'Section');
INSERT INTO filegroups VALUES (84,'20050201:3','FILEGROUP_PRELUDE22',3,'Section');
INSERT INTO filegroups VALUES (85,'20050201:3','FILEGROUP_PRELUDE8',3,'Section');
INSERT INTO filegroups VALUES (86,'20050201:3','FILEGROUP_PRELUDE18',3,'Section');
INSERT INTO filegroups VALUES (87,'20050201:3','FILEGROUP_PRELUDE1',3,'Section');
INSERT INTO filegroups VALUES (88,'20050201:3','FILEGROUP_PRELUDE11',3,'Section');
INSERT INTO filegroups VALUES (89,'20050201:3','FILEGROUP_PRELUDE7',3,'Section');
INSERT INTO filegroups VALUES (90,'20050201:3','default',3,'Section');
INSERT INTO filegroups VALUES (91,'20050201:3','FILEGROUP_PRELUDE3',3,'Section');
INSERT INTO filegroups VALUES (92,'20050201:3','FILEGROUP_PRELUDE17',3,'Section');
INSERT INTO filegroups VALUES (93,'20050201:3','FILEGROUP_PRELUDE14',3,'Section');
INSERT INTO filegroups VALUES (94,'20050201:3','FILEGROUP_PRELUDE2',3,'Section');
INSERT INTO filegroups VALUES (95,'20050201:3','FILEGROUP_PRELUDE20',3,'Section');
INSERT INTO filegroups VALUES (96,'20050201:3','FILEGROUP_PRELUDE13',3,'Section');
INSERT INTO filegroups VALUES (97,'20050201:3','FILEGROUP_PRELUDE6',3,'Section');
INSERT INTO filegroups VALUES (98,'20050201:3','FILEGROUP_PRELUDE10',3,'Section');
INSERT INTO filegroups VALUES (99,'20050201:3','FILEGROUP_PRELUDE19',3,'Section');
INSERT INTO filegroups VALUES (100,'20050201:3','FILEGROUP_PRELUDE16',3,'Section');
INSERT INTO filegroups VALUES (101,'20050201:3','FILEGROUP_PRELUDE9',3,'Section');
INSERT INTO filegroups VALUES (102,'20050201:3','FILEGROUP_PRELUDE21',3,'Section');
INSERT INTO filegroups VALUES (103,'20050201:3','FILEGROUP_PRELUDE5',3,'Section');
INSERT INTO filegroups VALUES (104,'20050201:3','FILEGROUP_PRELUDE12',3,'Section');
INSERT INTO filegroups VALUES (105,'20050201:4','FILEGROUP_PRELUDE15',4,'Section');
INSERT INTO filegroups VALUES (106,'20050201:4','FILEGROUP_PRELUDE4',4,'Section');
INSERT INTO filegroups VALUES (107,'20050201:4','FILEGROUP_PRELUDE22',4,'Section');
INSERT INTO filegroups VALUES (108,'20050201:4','FILEGROUP_PRELUDE8',4,'Section');
INSERT INTO filegroups VALUES (109,'20050201:4','FILEGROUP_PRELUDE18',4,'Section');
INSERT INTO filegroups VALUES (110,'20050201:4','FILEGROUP_PRELUDE1',4,'Section');
INSERT INTO filegroups VALUES (111,'20050201:4','FILEGROUP_PRELUDE11',4,'Section');
INSERT INTO filegroups VALUES (112,'20050201:4','FILEGROUP_PRELUDE7',4,'Section');
INSERT INTO filegroups VALUES (113,'20050201:4','default',4,'Section');
INSERT INTO filegroups VALUES (114,'20050201:4','FILEGROUP_PRELUDE3',4,'Section');
INSERT INTO filegroups VALUES (115,'20050201:4','FILEGROUP_PRELUDE17',4,'Section');
INSERT INTO filegroups VALUES (116,'20050201:4','FILEGROUP_PRELUDE14',4,'Section');
INSERT INTO filegroups VALUES (117,'20050201:4','FILEGROUP_PRELUDE2',4,'Section');
INSERT INTO filegroups VALUES (118,'20050201:4','FILEGROUP_PRELUDE20',4,'Section');
INSERT INTO filegroups VALUES (119,'20050201:4','FILEGROUP_PRELUDE13',4,'Section');
INSERT INTO filegroups VALUES (120,'20050201:4','FILEGROUP_PRELUDE6',4,'Section');
INSERT INTO filegroups VALUES (121,'20050201:4','FILEGROUP_PRELUDE23',4,'Section');
INSERT INTO filegroups VALUES (122,'20050201:4','FILEGROUP_PRELUDE10',4,'Section');
INSERT INTO filegroups VALUES (123,'20050201:4','FILEGROUP_PRELUDE19',4,'Section');
INSERT INTO filegroups VALUES (124,'20050201:4','FILEGROUP_PRELUDE16',4,'Section');
INSERT INTO filegroups VALUES (125,'20050201:4','FILEGROUP_PRELUDE9',4,'Section');
INSERT INTO filegroups VALUES (126,'20050201:4','FILEGROUP_PRELUDE21',4,'Section');
INSERT INTO filegroups VALUES (127,'20050201:4','FILEGROUP_PRELUDE5',4,'Section');
INSERT INTO filegroups VALUES (128,'20050201:4','FILEGROUP_PRELUDE12',4,'Section');
INSERT INTO filegroups VALUES (129,'20050201:5','FILEGROUP_PRELUDE4',5,'Section');
INSERT INTO filegroups VALUES (130,'20050201:5','FILEGROUP_PRELUDE11',5,'Section');
INSERT INTO filegroups VALUES (131,'20050201:5','FILEGROUP_PRELUDE1',5,'Section');
INSERT INTO filegroups VALUES (132,'20050201:5','FILEGROUP_PRELUDE33',5,'Section');
INSERT INTO filegroups VALUES (133,'20050201:5','FILEGROUP_PRELUDE30',5,'Section');
INSERT INTO filegroups VALUES (134,'20050201:5','FILEGROUP_PRELUDE7',5,'Section');
INSERT INTO filegroups VALUES (135,'20050201:5','FILEGROUP_PRELUDE25',5,'Section');
INSERT INTO filegroups VALUES (136,'20050201:5','FILEGROUP_PRELUDE41',5,'Section');
INSERT INTO filegroups VALUES (137,'20050201:5','FILEGROUP_PRELUDE28',5,'Section');
INSERT INTO filegroups VALUES (138,'20050201:5','FILEGROUP_PRELUDE36',5,'Section');
INSERT INTO filegroups VALUES (139,'20050201:5','FILEGROUP_PRELUDE14',5,'Section');
INSERT INTO filegroups VALUES (140,'20050201:5','FILEGROUP_PRELUDE46',5,'Section');
INSERT INTO filegroups VALUES (141,'20050201:5','FILEGROUP_PRELUDE24',5,'Section');
INSERT INTO filegroups VALUES (142,'20050201:5','FILEGROUP_PRELUDE35',5,'Section');
INSERT INTO filegroups VALUES (143,'20050201:5','FILEGROUP_PRELUDE6',5,'Section');
INSERT INTO filegroups VALUES (144,'20050201:5','FILEGROUP_PRELUDE13',5,'Section');
INSERT INTO filegroups VALUES (145,'20050201:5','FILEGROUP_PRELUDE26',5,'Section');
INSERT INTO filegroups VALUES (146,'20050201:5','FILEGROUP_PRELUDE10',5,'Section');
INSERT INTO filegroups VALUES (147,'20050201:5','FILEGROUP_PRELUDE32',5,'Section');
INSERT INTO filegroups VALUES (148,'20050201:5','FILEGROUP_PRELUDE34',5,'Section');
INSERT INTO filegroups VALUES (149,'20050201:5','FILEGROUP_PRELUDE27',5,'Section');
INSERT INTO filegroups VALUES (150,'20050201:5','FILEGROUP_PRELUDE12',5,'Section');
INSERT INTO filegroups VALUES (151,'20050201:5','FILEGROUP_PRELUDE5',5,'Section');
INSERT INTO filegroups VALUES (152,'20050201:5','FILEGROUP_PRELUDE15',5,'Section');
INSERT INTO filegroups VALUES (153,'20050201:5','FILEGROUP_PRELUDE8',5,'Section');
INSERT INTO filegroups VALUES (154,'20050201:5','FILEGROUP_PRELUDE22',5,'Section');
INSERT INTO filegroups VALUES (155,'20050201:5','FILEGROUP_PRELUDE40',5,'Section');
INSERT INTO filegroups VALUES (156,'20050201:5','FILEGROUP_PRELUDE29',5,'Section');
INSERT INTO filegroups VALUES (157,'20050201:5','FILEGROUP_PRELUDE18',5,'Section');
INSERT INTO filegroups VALUES (158,'20050201:5','FILEGROUP_PRELUDE44',5,'Section');
INSERT INTO filegroups VALUES (159,'20050201:5','FILEGROUP_PRELUDE37',5,'Section');
INSERT INTO filegroups VALUES (160,'20050201:5','FILEGROUP_PRELUDE3',5,'Section');
INSERT INTO filegroups VALUES (161,'20050201:5','default',5,'Section');
INSERT INTO filegroups VALUES (162,'20050201:5','FILEGROUP_PRELUDE17',5,'Section');
INSERT INTO filegroups VALUES (163,'20050201:5','FILEGROUP_PRELUDE31',5,'Section');
INSERT INTO filegroups VALUES (164,'20050201:5','FILEGROUP_PRELUDE2',5,'Section');
INSERT INTO filegroups VALUES (165,'20050201:5','FILEGROUP_PRELUDE42',5,'Section');
INSERT INTO filegroups VALUES (166,'20050201:5','FILEGROUP_PRELUDE39',5,'Section');
INSERT INTO filegroups VALUES (167,'20050201:5','FILEGROUP_PRELUDE20',5,'Section');
INSERT INTO filegroups VALUES (168,'20050201:5','FILEGROUP_PRELUDE23',5,'Section');
INSERT INTO filegroups VALUES (169,'20050201:5','FILEGROUP_PRELUDE9',5,'Section');
INSERT INTO filegroups VALUES (170,'20050201:5','FILEGROUP_PRELUDE16',5,'Section');
INSERT INTO filegroups VALUES (171,'20050201:5','FILEGROUP_PRELUDE19',5,'Section');
INSERT INTO filegroups VALUES (172,'20050201:5','FILEGROUP_PRELUDE43',5,'Section');
INSERT INTO filegroups VALUES (173,'20050201:5','FILEGROUP_PRELUDE38',5,'Section');
INSERT INTO filegroups VALUES (174,'20050201:5','FILEGROUP_PRELUDE45',5,'Section');
INSERT INTO filegroups VALUES (175,'20050201:5','FILEGROUP_PRELUDE21',5,'Section');
INSERT INTO filegroups VALUES (176,'20050201:6','default',6,'Section');

--
-- Table structure for table `files`
--

CREATE TABLE files (
  FileGroupRef int(11) default NULL,
  FileLocType varchar(64) default NULL,
  FileLocation tinytext,
  MIMEType varchar(64) default NULL,
  FileID varchar(32) default NULL
) TYPE=MyISAM;

--
-- Dumping data for table `files`
--

INSERT INTO files VALUES (1,'URL','file:/tmp/kjdon/gsdl3/web/sites/localsite/collect/gs3mgdemo/import/b18ase/b18ase.htm#xpointer(/1/2/166/comment()[1]/range-to(/1/2/213/comment()[1]))','text/html','FILE4');
INSERT INTO files VALUES (2,'URL','file:/tmp/kjdon/gsdl3/web/sites/localsite/collect/gs3mgdemo/import/b18ase/b18ase.htm#xpointer(/1/2/437/comment()[1]/range-to(/1/2/489/comment()[1]))','text/html','FILE11');
INSERT INTO files VALUES (3,'URL','file:/tmp/kjdon/gsdl3/web/sites/localsite/collect/gs3mgdemo/import/b18ase/b18ase.htm#xpointer(/1/2/3/comment()[1]/range-to(/1/2/119/comment()[1]))','text/html','FILE1');
INSERT INTO files VALUES (4,'URL','file:/tmp/kjdon/gsdl3/web/sites/localsite/collect/gs3mgdemo/import/b18ase/b18ase.htm#xpointer(/1/2/301/comment()[1]/range-to(/1/2/343/comment()[1]))','text/html','FILE7');
INSERT INTO files VALUES (5,'URL','file:/tmp/kjdon/gsdl3/web/sites/localsite/collect/gs3mgdemo/import/b18ase/b18ase.htm#xpointer(/1/2/861/comment()[1]/range-to(/1/2/1369/comment()[1]))','text/html','FILE25');
INSERT INTO files VALUES (6,'URL','file:/tmp/kjdon/gsdl3/web/sites/localsite/collect/gs3mgdemo/import/b18ase/b18ase.htm#xpointer(/1/2/1/comment()[1]/range-to(/1/2/comment()[1]))','text/html','FILE28');
INSERT INTO files VALUES (7,'URL','file:/tmp/kjdon/gsdl3/web/sites/localsite/collect/gs3mgdemo/import/b18ase/b18ase.htm#xpointer(/1/2/564/comment()[1]/range-to(/1/2/600/comment()[1]))','text/html','FILE14');
INSERT INTO files VALUES (8,'URL','file:/tmp/kjdon/gsdl3/web/sites/localsite/collect/gs3mgdemo/import/b18ase/b18ase.htm#xpointer(/1/2/1042/comment()[1]/range-to(/1/2/1369/comment()[1]))','text/html','FILE24');
INSERT INTO files VALUES (9,'URL','file:/tmp/kjdon/gsdl3/web/sites/localsite/collect/gs3mgdemo/import/b18ase/b18ase.htm#xpointer(/1/2/263/comment()[1]/range-to(/1/2/301/comment()[1]))','text/html','FILE6');
INSERT INTO files VALUES (10,'URL','file:/tmp/kjdon/gsdl3/web/sites/localsite/collect/gs3mgdemo/import/b18ase/b18ase.htm#xpointer(/1/2/532/comment()[1]/range-to(/1/2/564/comment()[1]))','text/html','FILE13');
INSERT INTO files VALUES (11,'URL','file:/tmp/kjdon/gsdl3/web/sites/localsite/collect/gs3mgdemo/import/b18ase/b18ase.htm#xpointer(/1/2/1369/comment()[1]/range-to(/1/2/1380/comment()[1]))','text/html','FILE26');
INSERT INTO files VALUES (12,'URL','file:/tmp/kjdon/gsdl3/web/sites/localsite/collect/gs3mgdemo/import/b18ase/b18ase.htm#xpointer(/1/2/389/comment()[1]/range-to(/1/2/437/comment()[1]))','text/html','FILE10');
INSERT INTO files VALUES (13,'URL','file:/tmp/kjdon/gsdl3/web/sites/localsite/collect/gs3mgdemo/import/b18ase/b18ase.htm#xpointer(/1/2/1380/comment()[1]/range-to(/1/2/comment()[1]))','text/html','FILE27');
INSERT INTO files VALUES (14,'URL','file:/tmp/kjdon/gsdl3/web/sites/localsite/collect/gs3mgdemo/import/b18ase/b18ase.htm#xpointer(/1/2/489/comment()[1]/range-to(/1/2/532/comment()[1]))','text/html','FILE12');
INSERT INTO files VALUES (15,'URL','file:/tmp/kjdon/gsdl3/web/sites/localsite/collect/gs3mgdemo/import/b18ase/b18ase.htm#xpointer(/1/2/213/comment()[1]/range-to(/1/2/263/comment()[1]))','text/html','FILE5');
INSERT INTO files VALUES (16,'URL','file:/tmp/kjdon/gsdl3/web/sites/localsite/collect/gs3mgdemo/import/b18ase/b18ase.htm#xpointer(/1/2/374/comment()[1]/range-to(/1/2/600/comment()[1]))','text/html','FILE15');
INSERT INTO files VALUES (17,'URL','file:/tmp/kjdon/gsdl3/web/sites/localsite/collect/gs3mgdemo/import/b18ase/b18ase.htm#xpointer(/1/2/343/comment()[1]/range-to(/1/2/374/comment()[1]))','text/html','FILE8');
INSERT INTO files VALUES (18,'URL','file:/tmp/kjdon/gsdl3/web/sites/localsite/collect/gs3mgdemo/import/b18ase/b18ase.htm#xpointer(/1/2/793/comment()[1]/range-to(/1/2/861/comment()[1]))','text/html','FILE22');
INSERT INTO files VALUES (19,'URL','file:/tmp/kjdon/gsdl3/web/sites/localsite/collect/gs3mgdemo/import/b18ase/b18ase.htm#xpointer(/1/2/685/comment()[1]/range-to(/1/2/718/comment()[1]))','text/html','FILE18');
INSERT INTO files VALUES (20,'URL','file:/tmp/kjdon/gsdl3/web/sites/localsite/collect/gs3mgdemo/import/b18ase/b18ase.htm#xpointer(/1/2/131/comment()[1]/range-to(/1/2/151/comment()[1]))','text/html','FILE3');
INSERT INTO files VALUES (21,'URL','file:/tmp/kjdon/gsdl3/web/sites/localsite/collect/gs3mgdemo/import/b18ase/b18ase.htm','text/html','default.1');
INSERT INTO files VALUES (21,'URL','file:/tmp/kjdon/gsdl3/web/sites/localsite/collect/gs3mgdemo/import/b18ase/p00.png','image/png','default.2');
INSERT INTO files VALUES (21,'URL','file:/tmp/kjdon/gsdl3/web/sites/localsite/collect/gs3mgdemo/import/b18ase/p06.png','image/png','default.3');
INSERT INTO files VALUES (21,'URL','file:/tmp/kjdon/gsdl3/web/sites/localsite/collect/gs3mgdemo/import/b18ase/p09.png','image/png','default.4');
INSERT INTO files VALUES (21,'URL','file:/tmp/kjdon/gsdl3/web/sites/localsite/collect/gs3mgdemo/import/b18ase/p13.png','image/png','default.5');
INSERT INTO files VALUES (21,'URL','file:/tmp/kjdon/gsdl3/web/sites/localsite/collect/gs3mgdemo/import/b18ase/p23.png','image/png','default.6');
INSERT INTO files VALUES (21,'URL','file:/tmp/kjdon/gsdl3/web/sites/localsite/collect/gs3mgdemo/import/b18ase/p26.png','image/png','default.7');
INSERT INTO files VALUES (21,'URL','file:/tmp/kjdon/gsdl3/web/sites/localsite/collect/gs3mgdemo/import/b18ase/p29.png','image/png','default.8');
INSERT INTO files VALUES (21,'URL','file:/tmp/kjdon/gsdl3/web/sites/localsite/collect/gs3mgdemo/import/b18ase/p33.png','image/png','default.9');
INSERT INTO files VALUES (21,'URL','file:/tmp/kjdon/gsdl3/web/sites/localsite/collect/gs3mgdemo/import/b18ase/p40.png','image/png','default.10');
INSERT INTO files VALUES (21,'URL','file:/tmp/kjdon/gsdl3/web/sites/localsite/collect/gs3mgdemo/import/b18ase/p43.png','image/png','default.11');
INSERT INTO files VALUES (21,'URL','file:/tmp/kjdon/gsdl3/web/sites/localsite/collect/gs3mgdemo/import/b18ase/p45.png','image/png','default.12');
INSERT INTO files VALUES (21,'URL','file:/tmp/kjdon/gsdl3/web/sites/localsite/collect/gs3mgdemo/import/b18ase/p48.png','image/png','default.13');
INSERT INTO files VALUES (21,'URL','file:/tmp/kjdon/gsdl3/web/sites/localsite/collect/gs3mgdemo/import/b18ase/p52.png','image/png','default.14');
INSERT INTO files VALUES (21,'URL','file:/tmp/kjdon/gsdl3/web/sites/localsite/collect/gs3mgdemo/import/b18ase/p55.png','image/png','default.15');
INSERT INTO files VALUES (21,'URL','file:/tmp/kjdon/gsdl3/web/sites/localsite/collect/gs3mgdemo/import/b18ase/p58.png','image/png','default.16');
INSERT INTO files VALUES (21,'URL','file:/tmp/kjdon/gsdl3/web/sites/localsite/collect/gs3mgdemo/import/b18ase/p61.png','image/png','default.17');
INSERT INTO files VALUES (21,'URL','file:/tmp/kjdon/gsdl3/web/sites/localsite/collect/gs3mgdemo/import/b18ase/p63.png','image/png','default.18');
INSERT INTO files VALUES (21,'URL','file:/tmp/kjdon/gsdl3/web/sites/localsite/collect/gs3mgdemo/import/b18ase/p66.png','image/png','default.19');
INSERT INTO files VALUES (21,'URL','file:/tmp/kjdon/gsdl3/web/sites/localsite/collect/gs3mgdemo/import/b18ase/p68.png','image/png','default.20');
INSERT INTO files VALUES (21,'URL','file:/tmp/kjdon/gsdl3/web/sites/localsite/collect/gs3mgdemo/import/b18ase/p70.png','image/png','default.21');
INSERT INTO files VALUES (21,'URL','file:/tmp/kjdon/gsdl3/web/sites/localsite/collect/gs3mgdemo/import/b18ase/p73.png','image/png','default.22');
INSERT INTO files VALUES (21,'URL','file:/tmp/kjdon/gsdl3/web/sites/localsite/collect/gs3mgdemo/import/b18ase/p77.png','image/png','default.23');
INSERT INTO files VALUES (21,'URL','file:/tmp/kjdon/gsdl3/web/sites/localsite/collect/gs3mgdemo/import/b18ase/p79.png','image/png','default.24');
INSERT INTO files VALUES (21,'URL','file:/tmp/kjdon/gsdl3/web/sites/localsite/collect/gs3mgdemo/import/b18ase/p82.png','image/png','default.25');
INSERT INTO files VALUES (21,'URL','file:/tmp/kjdon/gsdl3/web/sites/localsite/collect/gs3mgdemo/import/b18ase/p84.png','image/png','default.26');
INSERT INTO files VALUES (21,'URL','file:/tmp/kjdon/gsdl3/web/sites/localsite/collect/gs3mgdemo/import/b18ase/p87.png','image/png','default.27');
INSERT INTO files VALUES (21,'URL','file:/tmp/kjdon/gsdl3/web/sites/localsite/collect/gs3mgdemo/import/b18ase/p88.png','image/png','default.28');
INSERT INTO files VALUES (21,'URL','file:/tmp/kjdon/gsdl3/web/sites/localsite/collect/gs3mgdemo/import/b18ase/p91.png','image/png','default.29');
INSERT INTO files VALUES (21,'URL','file:/tmp/kjdon/gsdl3/web/sites/localsite/collect/gs3mgdemo/import/b18ase/p93.png','image/png','default.30');
INSERT INTO files VALUES (21,'URL','file:/tmp/kjdon/gsdl3/web/sites/localsite/collect/gs3mgdemo/import/b18ase/p94.png','image/png','default.31');
INSERT INTO files VALUES (21,'URL','file:/tmp/kjdon/gsdl3/web/sites/localsite/collect/gs3mgdemo/import/b18ase/p101.png','image/png','default.32');
INSERT INTO files VALUES (22,'URL','file:/tmp/kjdon/gsdl3/web/sites/localsite/collect/gs3mgdemo/import/b18ase/b18ase.htm#xpointer(/1/2/648/comment()[1]/range-to(/1/2/685/comment()[1]))','text/html','FILE17');
INSERT INTO files VALUES (23,'URL','file:/tmp/kjdon/gsdl3/web/sites/localsite/collect/gs3mgdemo/import/b18ase/b18ase.htm#xpointer(/1/2/119/comment()[1]/range-to(/1/2/131/comment()[1]))','text/html','FILE2');
INSERT INTO files VALUES (24,'URL','file:/tmp/kjdon/gsdl3/web/sites/localsite/collect/gs3mgdemo/import/b18ase/b18ase.htm#xpointer(/1/2/751/comment()[1]/range-to(/1/2/793/comment()[1]))','text/html','FILE20');
INSERT INTO files VALUES (25,'URL','file:/tmp/kjdon/gsdl3/web/sites/localsite/collect/gs3mgdemo/import/b18ase/b18ase.htm#xpointer(/1/2/862/comment()[1]/range-to(/1/2/1042/comment()[1]))','text/html','FILE23');
INSERT INTO files VALUES (26,'URL','file:/tmp/kjdon/gsdl3/web/sites/localsite/collect/gs3mgdemo/import/b18ase/b18ase.htm#xpointer(/1/2/151/comment()[1]/range-to(/1/2/374/comment()[1]))','text/html','FILE9');
INSERT INTO files VALUES (27,'URL','file:/tmp/kjdon/gsdl3/web/sites/localsite/collect/gs3mgdemo/import/b18ase/b18ase.htm#xpointer(/1/2/615/comment()[1]/range-to(/1/2/648/comment()[1]))','text/html','FILE16');
INSERT INTO files VALUES (28,'URL','file:/tmp/kjdon/gsdl3/web/sites/localsite/collect/gs3mgdemo/import/b18ase/b18ase.htm#xpointer(/1/2/718/comment()[1]/range-to(/1/2/751/comment()[1]))','text/html','FILE19');
INSERT INTO files VALUES (29,'URL','file:/tmp/kjdon/gsdl3/web/sites/localsite/collect/gs3mgdemo/import/b18ase/b18ase.htm#xpointer(/1/2/600/comment()[1]/range-to(/1/2/793/comment()[1]))','text/html','FILE21');
INSERT INTO files VALUES (30,'URL','file:/tmp/kjdon/gsdl3/web/sites/localsite/collect/gs3mgdemo/import/b17mie/b17mie.htm#xpointer(/1/2/1/comment()[1]/range-to(/1/2/comment()[1]))','text/html','FILE51');
INSERT INTO files VALUES (31,'URL','file:/tmp/kjdon/gsdl3/web/sites/localsite/collect/gs3mgdemo/import/b17mie/b17mie.htm#xpointer(/1/2/2189/comment()[1]/range-to(/1/2/2234/comment()[1]))','text/html','FILE33');
INSERT INTO files VALUES (32,'URL','file:/tmp/kjdon/gsdl3/web/sites/localsite/collect/gs3mgdemo/import/b17mie/b17mie.htm#xpointer(/1/2/4085/comment()[1]/range-to(/1/2/4112/comment()[1]))','text/html','FILE48');
INSERT INTO files VALUES (33,'URL','file:/tmp/kjdon/gsdl3/web/sites/localsite/collect/gs3mgdemo/import/b17mie/b17mie.htm#xpointer(/1/2/2332/comment()[1]/range-to(/1/2/2363/comment()[1]))','text/html','FILE36');
INSERT INTO files VALUES (34,'URL','file:/tmp/kjdon/gsdl3/web/sites/localsite/collect/gs3mgdemo/import/b17mie/b17mie.htm#xpointer(/1/2/1151/comment()[1]/range-to(/1/2/1233/comment()[1]))','text/html','FILE14');
INSERT INTO files VALUES (35,'URL','file:/tmp/kjdon/gsdl3/web/sites/localsite/collect/gs3mgdemo/import/b17mie/b17mie.htm#xpointer(/1/2/2283/comment()[1]/range-to(/1/2/2332/comment()[1]))','text/html','FILE35');
INSERT INTO files VALUES (36,'URL','file:/tmp/kjdon/gsdl3/web/sites/localsite/collect/gs3mgdemo/import/b17mie/b17mie.htm#xpointer(/1/2/1072/comment()[1]/range-to(/1/2/1151/comment()[1]))','text/html','FILE13');
INSERT INTO files VALUES (37,'URL','file:/tmp/kjdon/gsdl3/web/sites/localsite/collect/gs3mgdemo/import/b17mie/b17mie.htm#xpointer(/1/2/2234/comment()[1]/range-to(/1/2/2283/comment()[1]))','text/html','FILE34');
INSERT INTO files VALUES (38,'URL','file:/tmp/kjdon/gsdl3/web/sites/localsite/collect/gs3mgdemo/import/b17mie/b17mie.htm#xpointer(/1/2/2732/comment()[1]/range-to(/1/2/4112/comment()[1]))','text/html','FILE49');
INSERT INTO files VALUES (39,'URL','file:/tmp/kjdon/gsdl3/web/sites/localsite/collect/gs3mgdemo/import/b17mie/b17mie.htm#xpointer(/1/2/1619/comment()[1]/range-to(/1/2/1683/comment()[1]))','text/html','FILE22');
INSERT INTO files VALUES (40,'URL','file:/tmp/kjdon/gsdl3/web/sites/localsite/collect/gs3mgdemo/import/b17mie/b17mie.htm#xpointer(/1/2/2004/comment()[1]/range-to(/1/2/2059/comment()[1]))','text/html','FILE29');
INSERT INTO files VALUES (41,'URL','file:/tmp/kjdon/gsdl3/web/sites/localsite/collect/gs3mgdemo/import/b17mie/b17mie.htm#xpointer(/1/2/2166/comment()[1]/range-to(/1/2/2538/comment()[1]))','text/html','FILE40');
INSERT INTO files VALUES (42,'URL','file:/tmp/kjdon/gsdl3/web/sites/localsite/collect/gs3mgdemo/import/b17mie/b17mie.htm#xpointer(/1/2/2662/comment()[1]/range-to(/1/2/2732/comment()[1]))','text/html','FILE44');
INSERT INTO files VALUES (43,'URL','file:/tmp/kjdon/gsdl3/web/sites/localsite/collect/gs3mgdemo/import/b17mie/b17mie.htm','text/html','default.1');
INSERT INTO files VALUES (43,'URL','file:/tmp/kjdon/gsdl3/web/sites/localsite/collect/gs3mgdemo/import/b17mie/g001a.png','image/png','default.2');
INSERT INTO files VALUES (43,'URL','file:/tmp/kjdon/gsdl3/web/sites/localsite/collect/gs3mgdemo/import/b17mie/p9a.png','image/png','default.3');
INSERT INTO files VALUES (43,'URL','file:/tmp/kjdon/gsdl3/web/sites/localsite/collect/gs3mgdemo/import/b17mie/g002a.png','image/png','default.4');
INSERT INTO files VALUES (43,'URL','file:/tmp/kjdon/gsdl3/web/sites/localsite/collect/gs3mgdemo/import/b17mie/g003a.png','image/png','default.5');
INSERT INTO files VALUES (43,'URL','file:/tmp/kjdon/gsdl3/web/sites/localsite/collect/gs3mgdemo/import/b17mie/g004a.png','image/png','default.6');
INSERT INTO files VALUES (43,'URL','file:/tmp/kjdon/gsdl3/web/sites/localsite/collect/gs3mgdemo/import/b17mie/p24a.png','image/png','default.7');
INSERT INTO files VALUES (43,'URL','file:/tmp/kjdon/gsdl3/web/sites/localsite/collect/gs3mgdemo/import/b17mie/p39a.png','image/png','default.8');
INSERT INTO files VALUES (43,'URL','file:/tmp/kjdon/gsdl3/web/sites/localsite/collect/gs3mgdemo/import/b17mie/g005a.png','image/png','default.9');
INSERT INTO files VALUES (43,'URL','file:/tmp/kjdon/gsdl3/web/sites/localsite/collect/gs3mgdemo/import/b17mie/g006a.png','image/png','default.10');
INSERT INTO files VALUES (43,'URL','file:/tmp/kjdon/gsdl3/web/sites/localsite/collect/gs3mgdemo/import/b17mie/g007a.png','image/png','default.11');
INSERT INTO files VALUES (43,'URL','file:/tmp/kjdon/gsdl3/web/sites/localsite/collect/gs3mgdemo/import/b17mie/g008a.png','image/png','default.12');
INSERT INTO files VALUES (43,'URL','file:/tmp/kjdon/gsdl3/web/sites/localsite/collect/gs3mgdemo/import/b17mie/p81a.png','image/png','default.13');
INSERT INTO files VALUES (43,'URL','file:/tmp/kjdon/gsdl3/web/sites/localsite/collect/gs3mgdemo/import/b17mie/g009a.png','image/png','default.14');
INSERT INTO files VALUES (43,'URL','file:/tmp/kjdon/gsdl3/web/sites/localsite/collect/gs3mgdemo/import/b17mie/p96a.png','image/png','default.15');
INSERT INTO files VALUES (43,'URL','file:/tmp/kjdon/gsdl3/web/sites/localsite/collect/gs3mgdemo/import/b17mie/g010a.png','image/png','default.16');
INSERT INTO files VALUES (43,'URL','file:/tmp/kjdon/gsdl3/web/sites/localsite/collect/gs3mgdemo/import/b17mie/p112a.png','image/png','default.17');
INSERT INTO files VALUES (43,'URL','file:/tmp/kjdon/gsdl3/web/sites/localsite/collect/gs3mgdemo/import/b17mie/g011a.png','image/png','default.18');
INSERT INTO files VALUES (43,'URL','file:/tmp/kjdon/gsdl3/web/sites/localsite/collect/gs3mgdemo/import/b17mie/p117a.png','image/png','default.19');
INSERT INTO files VALUES (43,'URL','file:/tmp/kjdon/gsdl3/web/sites/localsite/collect/gs3mgdemo/import/b17mie/g012a.png','image/png','default.20');
INSERT INTO files VALUES (43,'URL','file:/tmp/kjdon/gsdl3/web/sites/localsite/collect/gs3mgdemo/import/b17mie/p129a.png','image/png','default.21');
INSERT INTO files VALUES (43,'URL','file:/tmp/kjdon/gsdl3/web/sites/localsite/collect/gs3mgdemo/import/b17mie/g013a.png','image/png','default.22');
INSERT INTO files VALUES (43,'URL','file:/tmp/kjdon/gsdl3/web/sites/localsite/collect/gs3mgdemo/import/b17mie/p138a.png','image/png','default.23');
INSERT INTO files VALUES (43,'URL','file:/tmp/kjdon/gsdl3/web/sites/localsite/collect/gs3mgdemo/import/b17mie/g014a.png','image/png','default.24');
INSERT INTO files VALUES (43,'URL','file:/tmp/kjdon/gsdl3/web/sites/localsite/collect/gs3mgdemo/import/b17mie/p149a.png','image/png','default.25');
INSERT INTO files VALUES (43,'URL','file:/tmp/kjdon/gsdl3/web/sites/localsite/collect/gs3mgdemo/import/b17mie/g015a.png','image/png','default.26');
INSERT INTO files VALUES (43,'URL','file:/tmp/kjdon/gsdl3/web/sites/localsite/collect/gs3mgdemo/import/b17mie/p159a.png','image/png','default.27');
INSERT INTO files VALUES (43,'URL','file:/tmp/kjdon/gsdl3/web/sites/localsite/collect/gs3mgdemo/import/b17mie/g016a.png','image/png','default.28');
INSERT INTO files VALUES (43,'URL','file:/tmp/kjdon/gsdl3/web/sites/localsite/collect/gs3mgdemo/import/b17mie/g017a.png','image/png','default.29');
INSERT INTO files VALUES (43,'URL','file:/tmp/kjdon/gsdl3/web/sites/localsite/collect/gs3mgdemo/import/b17mie/g018a.png','image/png','default.30');
INSERT INTO files VALUES (43,'URL','file:/tmp/kjdon/gsdl3/web/sites/localsite/collect/gs3mgdemo/import/b17mie/g019a.png','image/png','default.31');
INSERT INTO files VALUES (43,'URL','file:/tmp/kjdon/gsdl3/web/sites/localsite/collect/gs3mgdemo/import/b17mie/g020a.png','image/png','default.32');
INSERT INTO files VALUES (43,'URL','file:/tmp/kjdon/gsdl3/web/sites/localsite/collect/gs3mgdemo/import/b17mie/p203a.png','image/png','default.33');
INSERT INTO files VALUES (43,'URL','file:/tmp/kjdon/gsdl3/web/sites/localsite/collect/gs3mgdemo/import/b17mie/g021a.png','image/png','default.34');
INSERT INTO files VALUES (43,'URL','file:/tmp/kjdon/gsdl3/web/sites/localsite/collect/gs3mgdemo/import/b17mie/p210a.png','image/png','default.35');
INSERT INTO files VALUES (43,'URL','file:/tmp/kjdon/gsdl3/web/sites/localsite/collect/gs3mgdemo/import/b17mie/g022a.png','image/png','default.36');
INSERT INTO files VALUES (43,'URL','file:/tmp/kjdon/gsdl3/web/sites/localsite/collect/gs3mgdemo/import/b17mie/p219a.png','image/png','default.37');
INSERT INTO files VALUES (43,'URL','file:/tmp/kjdon/gsdl3/web/sites/localsite/collect/gs3mgdemo/import/b17mie/p227a.png','image/png','default.38');
INSERT INTO files VALUES (43,'URL','file:/tmp/kjdon/gsdl3/web/sites/localsite/collect/gs3mgdemo/import/b17mie/g023a.png','image/png','default.39');
INSERT INTO files VALUES (43,'URL','file:/tmp/kjdon/gsdl3/web/sites/localsite/collect/gs3mgdemo/import/b17mie/p236a.png','image/png','default.40');
INSERT INTO files VALUES (43,'URL','file:/tmp/kjdon/gsdl3/web/sites/localsite/collect/gs3mgdemo/import/b17mie/g024a.png','image/png','default.41');
INSERT INTO files VALUES (43,'URL','file:/tmp/kjdon/gsdl3/web/sites/localsite/collect/gs3mgdemo/import/b17mie/p243a.png','image/png','default.42');
INSERT INTO files VALUES (43,'URL','file:/tmp/kjdon/gsdl3/web/sites/localsite/collect/gs3mgdemo/import/b17mie/g025a.png','image/png','default.43');
INSERT INTO files VALUES (43,'URL','file:/tmp/kjdon/gsdl3/web/sites/localsite/collect/gs3mgdemo/import/b17mie/p252a.png','image/png','default.44');
INSERT INTO files VALUES (43,'URL','file:/tmp/kjdon/gsdl3/web/sites/localsite/collect/gs3mgdemo/import/b17mie/g026a.png','image/png','default.45');
INSERT INTO files VALUES (43,'URL','file:/tmp/kjdon/gsdl3/web/sites/localsite/collect/gs3mgdemo/import/b17mie/p260a.png','image/png','default.46');
INSERT INTO files VALUES (43,'URL','file:/tmp/kjdon/gsdl3/web/sites/localsite/collect/gs3mgdemo/import/b17mie/p265a.png','image/png','default.47');
INSERT INTO files VALUES (43,'URL','file:/tmp/kjdon/gsdl3/web/sites/localsite/collect/gs3mgdemo/import/b17mie/g027a.png','image/png','default.48');
INSERT INTO files VALUES (43,'URL','file:/tmp/kjdon/gsdl3/web/sites/localsite/collect/gs3mgdemo/import/b17mie/p274a.png','image/png','default.49');
INSERT INTO files VALUES (43,'URL','file:/tmp/kjdon/gsdl3/web/sites/localsite/collect/gs3mgdemo/import/b17mie/g028a.png','image/png','default.50');
INSERT INTO files VALUES (43,'URL','file:/tmp/kjdon/gsdl3/web/sites/localsite/collect/gs3mgdemo/import/b17mie/g029a.png','image/png','default.51');
INSERT INTO files VALUES (43,'URL','file:/tmp/kjdon/gsdl3/web/sites/localsite/collect/gs3mgdemo/import/b17mie/p292a.png','image/png','default.52');
INSERT INTO files VALUES (43,'URL','file:/tmp/kjdon/gsdl3/web/sites/localsite/collect/gs3mgdemo/import/b17mie/p293a.png','image/png','default.53');
INSERT INTO files VALUES (43,'URL','file:/tmp/kjdon/gsdl3/web/sites/localsite/collect/gs3mgdemo/import/b17mie/g030a.png','image/png','default.54');
INSERT INTO files VALUES (43,'URL','file:/tmp/kjdon/gsdl3/web/sites/localsite/collect/gs3mgdemo/import/b17mie/p301a.png','image/png','default.55');
INSERT INTO files VALUES (43,'URL','file:/tmp/kjdon/gsdl3/web/sites/localsite/collect/gs3mgdemo/import/b17mie/p309a.png','image/png','default.56');
INSERT INTO files VALUES (43,'URL','file:/tmp/kjdon/gsdl3/web/sites/localsite/collect/gs3mgdemo/import/b17mie/g031a.png','image/png','default.57');
INSERT INTO files VALUES (43,'URL','file:/tmp/kjdon/gsdl3/web/sites/localsite/collect/gs3mgdemo/import/b17mie/g032a.png','image/png','default.58');
INSERT INTO files VALUES (43,'URL','file:/tmp/kjdon/gsdl3/web/sites/localsite/collect/gs3mgdemo/import/b17mie/g033a.png','image/png','default.59');
INSERT INTO files VALUES (43,'URL','file:/tmp/kjdon/gsdl3/web/sites/localsite/collect/gs3mgdemo/import/b17mie/g034a.png','image/png','default.60');
INSERT INTO files VALUES (43,'URL','file:/tmp/kjdon/gsdl3/web/sites/localsite/collect/gs3mgdemo/import/b17mie/p323a.png','image/png','default.61');
INSERT INTO files VALUES (43,'URL','file:/tmp/kjdon/gsdl3/web/sites/localsite/collect/gs3mgdemo/import/b17mie/g035a.png','image/png','default.62');
INSERT INTO files VALUES (43,'URL','file:/tmp/kjdon/gsdl3/web/sites/localsite/collect/gs3mgdemo/import/b17mie/g036a.png','image/png','default.63');
INSERT INTO files VALUES (43,'URL','file:/tmp/kjdon/gsdl3/web/sites/localsite/collect/gs3mgdemo/import/b17mie/g037a.png','image/png','default.64');
INSERT INTO files VALUES (43,'URL','file:/tmp/kjdon/gsdl3/web/sites/localsite/collect/gs3mgdemo/import/b17mie/g038a.png','image/png','default.65');
INSERT INTO files VALUES (43,'URL','file:/tmp/kjdon/gsdl3/web/sites/localsite/collect/gs3mgdemo/import/b17mie/p349a.png','image/png','default.66');
INSERT INTO files VALUES (43,'URL','file:/tmp/kjdon/gsdl3/web/sites/localsite/collect/gs3mgdemo/import/b17mie/g039a.png','image/png','default.67');
INSERT INTO files VALUES (43,'URL','file:/tmp/kjdon/gsdl3/web/sites/localsite/collect/gs3mgdemo/import/b17mie/p357a.png','image/png','default.68');
INSERT INTO files VALUES (43,'URL','file:/tmp/kjdon/gsdl3/web/sites/localsite/collect/gs3mgdemo/import/b17mie/g040a.png','image/png','default.69');
INSERT INTO files VALUES (44,'URL','file:/tmp/kjdon/gsdl3/web/sites/localsite/collect/gs3mgdemo/import/b17mie/b17mie.htm#xpointer(/1/2/216/comment()[1]/range-to(/1/2/320/comment()[1]))','text/html','FILE3');
INSERT INTO files VALUES (45,'URL','file:/tmp/kjdon/gsdl3/web/sites/localsite/collect/gs3mgdemo/import/b17mie/b17mie.htm#xpointer(/1/2/2607/comment()[1]/range-to(/1/2/2658/comment()[1]))','text/html','FILE42');
INSERT INTO files VALUES (46,'URL','file:/tmp/kjdon/gsdl3/web/sites/localsite/collect/gs3mgdemo/import/b17mie/b17mie.htm#xpointer(/1/2/2474/comment()[1]/range-to(/1/2/2538/comment()[1]))','text/html','FILE39');
INSERT INTO files VALUES (47,'URL','file:/tmp/kjdon/gsdl3/web/sites/localsite/collect/gs3mgdemo/import/b17mie/b17mie.htm#xpointer(/1/2/1683/comment()[1]/range-to(/1/2/1731/comment()[1]))','text/html','FILE23');
INSERT INTO files VALUES (48,'URL','file:/tmp/kjdon/gsdl3/web/sites/localsite/collect/gs3mgdemo/import/b17mie/b17mie.htm#xpointer(/1/2/760/comment()[1]/range-to(/1/2/842/comment()[1]))','text/html','FILE9');
INSERT INTO files VALUES (49,'URL','file:/tmp/kjdon/gsdl3/web/sites/localsite/collect/gs3mgdemo/import/b17mie/b17mie.htm#xpointer(/1/2/2538/comment()[1]/range-to(/1/2/2658/comment()[1]))','text/html','FILE43');
INSERT INTO files VALUES (50,'URL','file:/tmp/kjdon/gsdl3/web/sites/localsite/collect/gs3mgdemo/import/b17mie/b17mie.htm#xpointer(/1/2/4112/comment()[1]/range-to(/1/2/comment()[1]))','text/html','FILE50');
INSERT INTO files VALUES (51,'URL','file:/tmp/kjdon/gsdl3/web/sites/localsite/collect/gs3mgdemo/import/b17mie/b17mie.htm#xpointer(/1/2/2658/comment()[1]/range-to(/1/2/2732/comment()[1]))','text/html','FILE45');
INSERT INTO files VALUES (52,'URL','file:/tmp/kjdon/gsdl3/web/sites/localsite/collect/gs3mgdemo/import/b17mie/b17mie.htm#xpointer(/1/2/327/comment()[1]/range-to(/1/2/424/comment()[1]))','text/html','FILE4');
INSERT INTO files VALUES (53,'URL','file:/tmp/kjdon/gsdl3/web/sites/localsite/collect/gs3mgdemo/import/b17mie/b17mie.htm#xpointer(/1/2/2/comment()[1]/range-to(/1/2/191/comment()[1]))','text/html','FILE1');
INSERT INTO files VALUES (54,'URL','file:/tmp/kjdon/gsdl3/web/sites/localsite/collect/gs3mgdemo/import/b17mie/b17mie.htm#xpointer(/1/2/913/comment()[1]/range-to(/1/2/1000/comment()[1]))','text/html','FILE11');
INSERT INTO files VALUES (55,'URL','file:/tmp/kjdon/gsdl3/web/sites/localsite/collect/gs3mgdemo/import/b17mie/b17mie.htm#xpointer(/1/2/652/comment()[1]/range-to(/1/2/733/comment()[1]))','text/html','FILE7');
INSERT INTO files VALUES (56,'URL','file:/tmp/kjdon/gsdl3/web/sites/localsite/collect/gs3mgdemo/import/b17mie/b17mie.htm#xpointer(/1/2/2059/comment()[1]/range-to(/1/2/2108/comment()[1]))','text/html','FILE30');
INSERT INTO files VALUES (57,'URL','file:/tmp/kjdon/gsdl3/web/sites/localsite/collect/gs3mgdemo/import/b17mie/b17mie.htm#xpointer(/1/2/1788/comment()[1]/range-to(/1/2/1841/comment()[1]))','text/html','FILE25');
INSERT INTO files VALUES (58,'URL','file:/tmp/kjdon/gsdl3/web/sites/localsite/collect/gs3mgdemo/import/b17mie/b17mie.htm#xpointer(/1/2/2557/comment()[1]/range-to(/1/2/2607/comment()[1]))','text/html','FILE41');
INSERT INTO files VALUES (59,'URL','file:/tmp/kjdon/gsdl3/web/sites/localsite/collect/gs3mgdemo/import/b17mie/b17mie.htm#xpointer(/1/2/1952/comment()[1]/range-to(/1/2/2004/comment()[1]))','text/html','FILE28');
INSERT INTO files VALUES (60,'URL','file:/tmp/kjdon/gsdl3/web/sites/localsite/collect/gs3mgdemo/import/b17mie/b17mie.htm#xpointer(/1/2/3152/comment()[1]/range-to(/1/2/4085/comment()[1]))','text/html','FILE47');
INSERT INTO files VALUES (61,'URL','file:/tmp/kjdon/gsdl3/web/sites/localsite/collect/gs3mgdemo/import/b17mie/b17mie.htm#xpointer(/1/2/2733/comment()[1]/range-to(/1/2/3152/comment()[1]))','text/html','FILE46');
INSERT INTO files VALUES (62,'URL','file:/tmp/kjdon/gsdl3/web/sites/localsite/collect/gs3mgdemo/import/b17mie/b17mie.htm#xpointer(/1/2/1731/comment()[1]/range-to(/1/2/1788/comment()[1]))','text/html','FILE24');
INSERT INTO files VALUES (63,'URL','file:/tmp/kjdon/gsdl3/web/sites/localsite/collect/gs3mgdemo/import/b17mie/b17mie.htm#xpointer(/1/2/531/comment()[1]/range-to(/1/2/652/comment()[1]))','text/html','FILE6');
INSERT INTO files VALUES (64,'URL','file:/tmp/kjdon/gsdl3/web/sites/localsite/collect/gs3mgdemo/import/b17mie/b17mie.htm#xpointer(/1/2/842/comment()[1]/range-to(/1/2/913/comment()[1]))','text/html','FILE10');
INSERT INTO files VALUES (65,'URL','file:/tmp/kjdon/gsdl3/web/sites/localsite/collect/gs3mgdemo/import/b17mie/b17mie.htm#xpointer(/1/2/1841/comment()[1]/range-to(/1/2/1902/comment()[1]))','text/html','FILE26');
INSERT INTO files VALUES (66,'URL','file:/tmp/kjdon/gsdl3/web/sites/localsite/collect/gs3mgdemo/import/b17mie/b17mie.htm#xpointer(/1/2/1537/comment()[1]/range-to(/1/2/2166/comment()[1]))','text/html','FILE32');
INSERT INTO files VALUES (67,'URL','file:/tmp/kjdon/gsdl3/web/sites/localsite/collect/gs3mgdemo/import/b17mie/b17mie.htm#xpointer(/1/2/1902/comment()[1]/range-to(/1/2/1952/comment()[1]))','text/html','FILE27');
INSERT INTO files VALUES (68,'URL','file:/tmp/kjdon/gsdl3/web/sites/localsite/collect/gs3mgdemo/import/b17mie/b17mie.htm#xpointer(/1/2/424/comment()[1]/range-to(/1/2/531/comment()[1]))','text/html','FILE5');
INSERT INTO files VALUES (69,'URL','file:/tmp/kjdon/gsdl3/web/sites/localsite/collect/gs3mgdemo/import/b17mie/b17mie.htm#xpointer(/1/2/1000/comment()[1]/range-to(/1/2/1072/comment()[1]))','text/html','FILE12');
INSERT INTO files VALUES (70,'URL','file:/tmp/kjdon/gsdl3/web/sites/localsite/collect/gs3mgdemo/import/b17mie/b17mie.htm#xpointer(/1/2/1233/comment()[1]/range-to(/1/2/1307/comment()[1]))','text/html','FILE15');
INSERT INTO files VALUES (71,'URL','file:/tmp/kjdon/gsdl3/web/sites/localsite/collect/gs3mgdemo/import/b17mie/b17mie.htm#xpointer(/1/2/320/comment()[1]/range-to(/1/2/733/comment()[1]))','text/html','FILE8');
INSERT INTO files VALUES (72,'URL','file:/tmp/kjdon/gsdl3/web/sites/localsite/collect/gs3mgdemo/import/b17mie/b17mie.htm#xpointer(/1/2/733/comment()[1]/range-to(/1/2/1447/comment()[1]))','text/html','FILE18');
INSERT INTO files VALUES (73,'URL','file:/tmp/kjdon/gsdl3/web/sites/localsite/collect/gs3mgdemo/import/b17mie/b17mie.htm#xpointer(/1/2/2363/comment()[1]/range-to(/1/2/2410/comment()[1]))','text/html','FILE37');
INSERT INTO files VALUES (74,'URL','file:/tmp/kjdon/gsdl3/web/sites/localsite/collect/gs3mgdemo/import/b17mie/b17mie.htm#xpointer(/1/2/1363/comment()[1]/range-to(/1/2/1447/comment()[1]))','text/html','FILE17');
INSERT INTO files VALUES (75,'URL','file:/tmp/kjdon/gsdl3/web/sites/localsite/collect/gs3mgdemo/import/b17mie/b17mie.htm#xpointer(/1/2/191/comment()[1]/range-to(/1/2/216/comment()[1]))','text/html','FILE2');
INSERT INTO files VALUES (76,'URL','file:/tmp/kjdon/gsdl3/web/sites/localsite/collect/gs3mgdemo/import/b17mie/b17mie.htm#xpointer(/1/2/2108/comment()[1]/range-to(/1/2/2166/comment()[1]))','text/html','FILE31');
INSERT INTO files VALUES (77,'URL','file:/tmp/kjdon/gsdl3/web/sites/localsite/collect/gs3mgdemo/import/b17mie/b17mie.htm#xpointer(/1/2/1447/comment()[1]/range-to(/1/2/1537/comment()[1]))','text/html','FILE20');
INSERT INTO files VALUES (78,'URL','file:/tmp/kjdon/gsdl3/web/sites/localsite/collect/gs3mgdemo/import/b17mie/b17mie.htm#xpointer(/1/2/1464/comment()[1]/range-to(/1/2/1537/comment()[1]))','text/html','FILE19');
INSERT INTO files VALUES (79,'URL','file:/tmp/kjdon/gsdl3/web/sites/localsite/collect/gs3mgdemo/import/b17mie/b17mie.htm#xpointer(/1/2/1307/comment()[1]/range-to(/1/2/1363/comment()[1]))','text/html','FILE16');
INSERT INTO files VALUES (80,'URL','file:/tmp/kjdon/gsdl3/web/sites/localsite/collect/gs3mgdemo/import/b17mie/b17mie.htm#xpointer(/1/2/2410/comment()[1]/range-to(/1/2/2474/comment()[1]))','text/html','FILE38');
INSERT INTO files VALUES (81,'URL','file:/tmp/kjdon/gsdl3/web/sites/localsite/collect/gs3mgdemo/import/b17mie/b17mie.htm#xpointer(/1/2/1560/comment()[1]/range-to(/1/2/1619/comment()[1]))','text/html','FILE21');
INSERT INTO files VALUES (82,'URL','file:/tmp/kjdon/gsdl3/web/sites/localsite/collect/gs3mgdemo/import/fb33fe/fb33fe.htm#xpointer(/1/2/36/comment()[1]/range-to(/1/2/230/comment()[1]))','text/html','FILE15');
INSERT INTO files VALUES (83,'URL','file:/tmp/kjdon/gsdl3/web/sites/localsite/collect/gs3mgdemo/import/fb33fe/fb33fe.htm#xpointer(/1/2/101/comment()[1]/range-to(/1/2/113/comment()[1]))','text/html','FILE4');
INSERT INTO files VALUES (84,'URL','file:/tmp/kjdon/gsdl3/web/sites/localsite/collect/gs3mgdemo/import/fb33fe/fb33fe.htm#xpointer(/1/2/1/comment()[1]/range-to(/1/2/comment()[1]))','text/html','FILE22');
INSERT INTO files VALUES (85,'URL','file:/tmp/kjdon/gsdl3/web/sites/localsite/collect/gs3mgdemo/import/fb33fe/fb33fe.htm#xpointer(/1/2/164/comment()[1]/range-to(/1/2/174/comment()[1]))','text/html','FILE8');
INSERT INTO files VALUES (86,'URL','file:/tmp/kjdon/gsdl3/web/sites/localsite/collect/gs3mgdemo/import/fb33fe/fb33fe.htm#xpointer(/1/2/230/comment()[1]/range-to(/1/2/274/comment()[1]))','text/html','FILE18');
INSERT INTO files VALUES (87,'URL','file:/tmp/kjdon/gsdl3/web/sites/localsite/collect/gs3mgdemo/import/fb33fe/fb33fe.htm#xpointer(/1/2/23/comment()[1]/range-to(/1/2/36/comment()[1]))','text/html','FILE1');
INSERT INTO files VALUES (88,'URL','file:/tmp/kjdon/gsdl3/web/sites/localsite/collect/gs3mgdemo/import/fb33fe/fb33fe.htm#xpointer(/1/2/185/comment()[1]/range-to(/1/2/205/comment()[1]))','text/html','FILE11');
INSERT INTO files VALUES (89,'URL','file:/tmp/kjdon/gsdl3/web/sites/localsite/collect/gs3mgdemo/import/fb33fe/fb33fe.htm#xpointer(/1/2/143/comment()[1]/range-to(/1/2/164/comment()[1]))','text/html','FILE7');
INSERT INTO files VALUES (90,'URL','file:/tmp/kjdon/gsdl3/web/sites/localsite/collect/gs3mgdemo/import/fb33fe/fb33fe.htm','text/html','default.1');
INSERT INTO files VALUES (90,'URL','file:/tmp/kjdon/gsdl3/web/sites/localsite/collect/gs3mgdemo/import/fb33fe/f33p60a.png','image/png','default.2');
INSERT INTO files VALUES (90,'URL','file:/tmp/kjdon/gsdl3/web/sites/localsite/collect/gs3mgdemo/import/fb33fe/f33p61a.png','image/png','default.3');
INSERT INTO files VALUES (90,'URL','file:/tmp/kjdon/gsdl3/web/sites/localsite/collect/gs3mgdemo/import/fb33fe/f33p61b.png','image/png','default.4');
INSERT INTO files VALUES (90,'URL','file:/tmp/kjdon/gsdl3/web/sites/localsite/collect/gs3mgdemo/import/fb33fe/f33p61c.png','image/png','default.5');
INSERT INTO files VALUES (90,'URL','file:/tmp/kjdon/gsdl3/web/sites/localsite/collect/gs3mgdemo/import/fb33fe/f33p61d.png','image/png','default.6');
INSERT INTO files VALUES (90,'URL','file:/tmp/kjdon/gsdl3/web/sites/localsite/collect/gs3mgdemo/import/fb33fe/f33p62a.png','image/png','default.7');
INSERT INTO files VALUES (90,'URL','file:/tmp/kjdon/gsdl3/web/sites/localsite/collect/gs3mgdemo/import/fb33fe/f33p62b.png','image/png','default.8');
INSERT INTO files VALUES (90,'URL','file:/tmp/kjdon/gsdl3/web/sites/localsite/collect/gs3mgdemo/import/fb33fe/f33p63a.png','image/png','default.9');
INSERT INTO files VALUES (90,'URL','file:/tmp/kjdon/gsdl3/web/sites/localsite/collect/gs3mgdemo/import/fb33fe/f33p63b.png','image/png','default.10');
INSERT INTO files VALUES (90,'URL','file:/tmp/kjdon/gsdl3/web/sites/localsite/collect/gs3mgdemo/import/fb33fe/f33p64a.png','image/png','default.11');
INSERT INTO files VALUES (90,'URL','file:/tmp/kjdon/gsdl3/web/sites/localsite/collect/gs3mgdemo/import/fb33fe/f33p64b.png','image/png','default.12');
INSERT INTO files VALUES (90,'URL','file:/tmp/kjdon/gsdl3/web/sites/localsite/collect/gs3mgdemo/import/fb33fe/f33p64c.png','image/png','default.13');
INSERT INTO files VALUES (90,'URL','file:/tmp/kjdon/gsdl3/web/sites/localsite/collect/gs3mgdemo/import/fb33fe/f33p64d.png','image/png','default.14');
INSERT INTO files VALUES (90,'URL','file:/tmp/kjdon/gsdl3/web/sites/localsite/collect/gs3mgdemo/import/fb33fe/f33p65a.png','image/png','default.15');
INSERT INTO files VALUES (90,'URL','file:/tmp/kjdon/gsdl3/web/sites/localsite/collect/gs3mgdemo/import/fb33fe/f33p65b.png','image/png','default.16');
INSERT INTO files VALUES (90,'URL','file:/tmp/kjdon/gsdl3/web/sites/localsite/collect/gs3mgdemo/import/fb33fe/f33p65c.png','image/png','default.17');
INSERT INTO files VALUES (90,'URL','file:/tmp/kjdon/gsdl3/web/sites/localsite/collect/gs3mgdemo/import/fb33fe/f33p65d.png','image/png','default.18');
INSERT INTO files VALUES (90,'URL','file:/tmp/kjdon/gsdl3/web/sites/localsite/collect/gs3mgdemo/import/fb33fe/f33p66a.png','image/png','default.19');
INSERT INTO files VALUES (90,'URL','file:/tmp/kjdon/gsdl3/web/sites/localsite/collect/gs3mgdemo/import/fb33fe/f33p66b.png','image/png','default.20');
INSERT INTO files VALUES (90,'URL','file:/tmp/kjdon/gsdl3/web/sites/localsite/collect/gs3mgdemo/import/fb33fe/f33p66c.png','image/png','default.21');
INSERT INTO files VALUES (90,'URL','file:/tmp/kjdon/gsdl3/web/sites/localsite/collect/gs3mgdemo/import/fb33fe/f33p67a.png','image/png','default.22');
INSERT INTO files VALUES (90,'URL','file:/tmp/kjdon/gsdl3/web/sites/localsite/collect/gs3mgdemo/import/fb33fe/f33p67b.png','image/png','default.23');
INSERT INTO files VALUES (90,'URL','file:/tmp/kjdon/gsdl3/web/sites/localsite/collect/gs3mgdemo/import/fb33fe/f33p68a.png','image/png','default.24');
INSERT INTO files VALUES (90,'URL','file:/tmp/kjdon/gsdl3/web/sites/localsite/collect/gs3mgdemo/import/fb33fe/f33p68b.png','image/png','default.25');
INSERT INTO files VALUES (90,'URL','file:/tmp/kjdon/gsdl3/web/sites/localsite/collect/gs3mgdemo/import/fb33fe/f33p68c.png','image/png','default.26');
INSERT INTO files VALUES (90,'URL','file:/tmp/kjdon/gsdl3/web/sites/localsite/collect/gs3mgdemo/import/fb33fe/f33p68d.png','image/png','default.27');
INSERT INTO files VALUES (90,'URL','file:/tmp/kjdon/gsdl3/web/sites/localsite/collect/gs3mgdemo/import/fb33fe/f33p69a.png','image/png','default.28');
INSERT INTO files VALUES (90,'URL','file:/tmp/kjdon/gsdl3/web/sites/localsite/collect/gs3mgdemo/import/fb33fe/f33p69b.png','image/png','default.29');
INSERT INTO files VALUES (90,'URL','file:/tmp/kjdon/gsdl3/web/sites/localsite/collect/gs3mgdemo/import/fb33fe/f33p69c.png','image/png','default.30');
INSERT INTO files VALUES (90,'URL','file:/tmp/kjdon/gsdl3/web/sites/localsite/collect/gs3mgdemo/import/fb33fe/f33p70a.png','image/png','default.31');
INSERT INTO files VALUES (90,'URL','file:/tmp/kjdon/gsdl3/web/sites/localsite/collect/gs3mgdemo/import/fb33fe/f33p70b.png','image/png','default.32');
INSERT INTO files VALUES (90,'URL','file:/tmp/kjdon/gsdl3/web/sites/localsite/collect/gs3mgdemo/import/fb33fe/f33p70c.png','image/png','default.33');
INSERT INTO files VALUES (90,'URL','file:/tmp/kjdon/gsdl3/web/sites/localsite/collect/gs3mgdemo/import/fb33fe/f33p71a.png','image/png','default.34');
INSERT INTO files VALUES (90,'URL','file:/tmp/kjdon/gsdl3/web/sites/localsite/collect/gs3mgdemo/import/fb33fe/f33p71b.png','image/png','default.35');
INSERT INTO files VALUES (90,'URL','file:/tmp/kjdon/gsdl3/web/sites/localsite/collect/gs3mgdemo/import/fb33fe/f33p71c.png','image/png','default.36');
INSERT INTO files VALUES (90,'URL','file:/tmp/kjdon/gsdl3/web/sites/localsite/collect/gs3mgdemo/import/fb33fe/f33p72a.png','image/png','default.37');
INSERT INTO files VALUES (90,'URL','file:/tmp/kjdon/gsdl3/web/sites/localsite/collect/gs3mgdemo/import/fb33fe/f33p72b.png','image/png','default.38');
INSERT INTO files VALUES (90,'URL','file:/tmp/kjdon/gsdl3/web/sites/localsite/collect/gs3mgdemo/import/fb33fe/f33p73a.png','image/png','default.39');
INSERT INTO files VALUES (90,'URL','file:/tmp/kjdon/gsdl3/web/sites/localsite/collect/gs3mgdemo/import/fb33fe/f33p73b.png','image/png','default.40');
INSERT INTO files VALUES (90,'URL','file:/tmp/kjdon/gsdl3/web/sites/localsite/collect/gs3mgdemo/import/fb33fe/f33p74a.png','image/png','default.41');
INSERT INTO files VALUES (90,'URL','file:/tmp/kjdon/gsdl3/web/sites/localsite/collect/gs3mgdemo/import/fb33fe/f33p74b.png','image/png','default.42');
INSERT INTO files VALUES (90,'URL','file:/tmp/kjdon/gsdl3/web/sites/localsite/collect/gs3mgdemo/import/fb33fe/f33p75a.png','image/png','default.43');
INSERT INTO files VALUES (90,'URL','file:/tmp/kjdon/gsdl3/web/sites/localsite/collect/gs3mgdemo/import/fb33fe/f33p75b.png','image/png','default.44');
INSERT INTO files VALUES (90,'URL','file:/tmp/kjdon/gsdl3/web/sites/localsite/collect/gs3mgdemo/import/fb33fe/f33p75c.png','image/png','default.45');
INSERT INTO files VALUES (90,'URL','file:/tmp/kjdon/gsdl3/web/sites/localsite/collect/gs3mgdemo/import/fb33fe/f33p76a.png','image/png','default.46');
INSERT INTO files VALUES (90,'URL','file:/tmp/kjdon/gsdl3/web/sites/localsite/collect/gs3mgdemo/import/fb33fe/f33p76b.png','image/png','default.47');
INSERT INTO files VALUES (90,'URL','file:/tmp/kjdon/gsdl3/web/sites/localsite/collect/gs3mgdemo/import/fb33fe/f33p76c.png','image/png','default.48');
INSERT INTO files VALUES (90,'URL','file:/tmp/kjdon/gsdl3/web/sites/localsite/collect/gs3mgdemo/import/fb33fe/f33p77a.png','image/png','default.49');
INSERT INTO files VALUES (90,'URL','file:/tmp/kjdon/gsdl3/web/sites/localsite/collect/gs3mgdemo/import/fb33fe/f33p77b.png','image/png','default.50');
INSERT INTO files VALUES (90,'URL','file:/tmp/kjdon/gsdl3/web/sites/localsite/collect/gs3mgdemo/import/fb33fe/f33p77c.png','image/png','default.51');
INSERT INTO files VALUES (90,'URL','file:/tmp/kjdon/gsdl3/web/sites/localsite/collect/gs3mgdemo/import/fb33fe/f33p78a.png','image/png','default.52');
INSERT INTO files VALUES (90,'URL','file:/tmp/kjdon/gsdl3/web/sites/localsite/collect/gs3mgdemo/import/fb33fe/f33p78b.png','image/png','default.53');
INSERT INTO files VALUES (90,'URL','file:/tmp/kjdon/gsdl3/web/sites/localsite/collect/gs3mgdemo/import/fb33fe/f33p79a.png','image/png','default.54');
INSERT INTO files VALUES (90,'URL','file:/tmp/kjdon/gsdl3/web/sites/localsite/collect/gs3mgdemo/import/fb33fe/f33p79b.png','image/png','default.55');
INSERT INTO files VALUES (90,'URL','file:/tmp/kjdon/gsdl3/web/sites/localsite/collect/gs3mgdemo/import/fb33fe/f33p79c.png','image/png','default.56');
INSERT INTO files VALUES (90,'URL','file:/tmp/kjdon/gsdl3/web/sites/localsite/collect/gs3mgdemo/import/fb33fe/f33p79d.png','image/png','default.57');
INSERT INTO files VALUES (90,'URL','file:/tmp/kjdon/gsdl3/web/sites/localsite/collect/gs3mgdemo/import/fb33fe/f33p80a.png','image/png','default.58');
INSERT INTO files VALUES (90,'URL','file:/tmp/kjdon/gsdl3/web/sites/localsite/collect/gs3mgdemo/import/fb33fe/f33p80b.png','image/png','default.59');
INSERT INTO files VALUES (90,'URL','file:/tmp/kjdon/gsdl3/web/sites/localsite/collect/gs3mgdemo/import/fb33fe/f33p81a.png','image/png','default.60');
INSERT INTO files VALUES (90,'URL','file:/tmp/kjdon/gsdl3/web/sites/localsite/collect/gs3mgdemo/import/fb33fe/f33p81b.png','image/png','default.61');
INSERT INTO files VALUES (90,'URL','file:/tmp/kjdon/gsdl3/web/sites/localsite/collect/gs3mgdemo/import/fb33fe/f33p82a.png','image/png','default.62');
INSERT INTO files VALUES (90,'URL','file:/tmp/kjdon/gsdl3/web/sites/localsite/collect/gs3mgdemo/import/fb33fe/f33p82b.png','image/png','default.63');
INSERT INTO files VALUES (90,'URL','file:/tmp/kjdon/gsdl3/web/sites/localsite/collect/gs3mgdemo/import/fb33fe/f33p82c.png','image/png','default.64');
INSERT INTO files VALUES (90,'URL','file:/tmp/kjdon/gsdl3/web/sites/localsite/collect/gs3mgdemo/import/fb33fe/f33p82d.png','image/png','default.65');
INSERT INTO files VALUES (90,'URL','file:/tmp/kjdon/gsdl3/web/sites/localsite/collect/gs3mgdemo/import/fb33fe/f33p83a.png','image/png','default.66');
INSERT INTO files VALUES (90,'URL','file:/tmp/kjdon/gsdl3/web/sites/localsite/collect/gs3mgdemo/import/fb33fe/f33p84a.png','image/png','default.67');
INSERT INTO files VALUES (90,'URL','file:/tmp/kjdon/gsdl3/web/sites/localsite/collect/gs3mgdemo/import/fb33fe/f33p84b.png','image/png','default.68');
INSERT INTO files VALUES (90,'URL','file:/tmp/kjdon/gsdl3/web/sites/localsite/collect/gs3mgdemo/import/fb33fe/f33p84c.png','image/png','default.69');
INSERT INTO files VALUES (90,'URL','file:/tmp/kjdon/gsdl3/web/sites/localsite/collect/gs3mgdemo/import/fb33fe/f33p84d.png','image/png','default.70');
INSERT INTO files VALUES (90,'URL','file:/tmp/kjdon/gsdl3/web/sites/localsite/collect/gs3mgdemo/import/fb33fe/f33p85a.png','image/png','default.71');
INSERT INTO files VALUES (90,'URL','file:/tmp/kjdon/gsdl3/web/sites/localsite/collect/gs3mgdemo/import/fb33fe/f33p85b.png','image/png','default.72');
INSERT INTO files VALUES (90,'URL','file:/tmp/kjdon/gsdl3/web/sites/localsite/collect/gs3mgdemo/import/fb33fe/f33p85c.png','image/png','default.73');
INSERT INTO files VALUES (90,'URL','file:/tmp/kjdon/gsdl3/web/sites/localsite/collect/gs3mgdemo/import/fb33fe/f33p86a.png','image/png','default.74');
INSERT INTO files VALUES (90,'URL','file:/tmp/kjdon/gsdl3/web/sites/localsite/collect/gs3mgdemo/import/fb33fe/f33p86b.png','image/png','default.75');
INSERT INTO files VALUES (90,'URL','file:/tmp/kjdon/gsdl3/web/sites/localsite/collect/gs3mgdemo/import/fb33fe/f33p86c.png','image/png','default.76');
INSERT INTO files VALUES (90,'URL','file:/tmp/kjdon/gsdl3/web/sites/localsite/collect/gs3mgdemo/import/fb33fe/f33p87a.png','image/png','default.77');
INSERT INTO files VALUES (90,'URL','file:/tmp/kjdon/gsdl3/web/sites/localsite/collect/gs3mgdemo/import/fb33fe/f33p87b.png','image/png','default.78');
INSERT INTO files VALUES (90,'URL','file:/tmp/kjdon/gsdl3/web/sites/localsite/collect/gs3mgdemo/import/fb33fe/f33p87c.png','image/png','default.79');
INSERT INTO files VALUES (90,'URL','file:/tmp/kjdon/gsdl3/web/sites/localsite/collect/gs3mgdemo/import/fb33fe/f33p88a.png','image/png','default.80');
INSERT INTO files VALUES (91,'URL','file:/tmp/kjdon/gsdl3/web/sites/localsite/collect/gs3mgdemo/import/fb33fe/fb33fe.htm#xpointer(/1/2/48/comment()[1]/range-to(/1/2/101/comment()[1]))','text/html','FILE3');
INSERT INTO files VALUES (92,'URL','file:/tmp/kjdon/gsdl3/web/sites/localsite/collect/gs3mgdemo/import/fb33fe/fb33fe.htm#xpointer(/1/2/246/comment()[1]/range-to(/1/2/274/comment()[1]))','text/html','FILE17');
INSERT INTO files VALUES (93,'URL','file:/tmp/kjdon/gsdl3/web/sites/localsite/collect/gs3mgdemo/import/fb33fe/fb33fe.htm#xpointer(/1/2/218/comment()[1]/range-to(/1/2/230/comment()[1]))','text/html','FILE14');
INSERT INTO files VALUES (94,'URL','file:/tmp/kjdon/gsdl3/web/sites/localsite/collect/gs3mgdemo/import/fb33fe/fb33fe.htm#xpointer(/1/2/7/comment()[1]/range-to(/1/2/36/comment()[1]))','text/html','FILE2');
INSERT INTO files VALUES (95,'URL','file:/tmp/kjdon/gsdl3/web/sites/localsite/collect/gs3mgdemo/import/fb33fe/fb33fe.htm#xpointer(/1/2/399/comment()[1]/range-to(/1/2/comment()[1]))','text/html','FILE20');
INSERT INTO files VALUES (96,'URL','file:/tmp/kjdon/gsdl3/web/sites/localsite/collect/gs3mgdemo/import/fb33fe/fb33fe.htm#xpointer(/1/2/213/comment()[1]/range-to(/1/2/218/comment()[1]))','text/html','FILE13');
INSERT INTO files VALUES (97,'URL','file:/tmp/kjdon/gsdl3/web/sites/localsite/collect/gs3mgdemo/import/fb33fe/fb33fe.htm#xpointer(/1/2/117/comment()[1]/range-to(/1/2/143/comment()[1]))','text/html','FILE6');
INSERT INTO files VALUES (98,'URL','file:/tmp/kjdon/gsdl3/web/sites/localsite/collect/gs3mgdemo/import/fb33fe/fb33fe.htm#xpointer(/1/2/178/comment()[1]/range-to(/1/2/185/comment()[1]))','text/html','FILE10');
INSERT INTO files VALUES (99,'URL','file:/tmp/kjdon/gsdl3/web/sites/localsite/collect/gs3mgdemo/import/fb33fe/fb33fe.htm#xpointer(/1/2/274/comment()[1]/range-to(/1/2/340/comment()[1]))','text/html','FILE19');
INSERT INTO files VALUES (100,'URL','file:/tmp/kjdon/gsdl3/web/sites/localsite/collect/gs3mgdemo/import/fb33fe/fb33fe.htm#xpointer(/1/2/231/comment()[1]/range-to(/1/2/246/comment()[1]))','text/html','FILE16');
INSERT INTO files VALUES (101,'URL','file:/tmp/kjdon/gsdl3/web/sites/localsite/collect/gs3mgdemo/import/fb33fe/fb33fe.htm#xpointer(/1/2/174/comment()[1]/range-to(/1/2/178/comment()[1]))','text/html','FILE9');
INSERT INTO files VALUES (102,'URL','file:/tmp/kjdon/gsdl3/web/sites/localsite/collect/gs3mgdemo/import/fb33fe/fb33fe.htm#xpointer(/1/2/340/comment()[1]/range-to(/1/2/comment()[1]))','text/html','FILE21');
INSERT INTO files VALUES (103,'URL','file:/tmp/kjdon/gsdl3/web/sites/localsite/collect/gs3mgdemo/import/fb33fe/fb33fe.htm#xpointer(/1/2/113/comment()[1]/range-to(/1/2/117/comment()[1]))','text/html','FILE5');
INSERT INTO files VALUES (104,'URL','file:/tmp/kjdon/gsdl3/web/sites/localsite/collect/gs3mgdemo/import/fb33fe/fb33fe.htm#xpointer(/1/2/205/comment()[1]/range-to(/1/2/213/comment()[1]))','text/html','FILE12');
INSERT INTO files VALUES (105,'URL','file:/tmp/kjdon/gsdl3/web/sites/localsite/collect/gs3mgdemo/import/fb34fe/fb34fe.htm#xpointer(/1/2/172/comment()[1]/range-to(/1/2/183/comment()[1]))','text/html','FILE15');
INSERT INTO files VALUES (106,'URL','file:/tmp/kjdon/gsdl3/web/sites/localsite/collect/gs3mgdemo/import/fb34fe/fb34fe.htm#xpointer(/1/2/66/comment()[1]/range-to(/1/2/73/comment()[1]))','text/html','FILE4');
INSERT INTO files VALUES (107,'URL','file:/tmp/kjdon/gsdl3/web/sites/localsite/collect/gs3mgdemo/import/fb34fe/fb34fe.htm#xpointer(/1/2/225/comment()[1]/range-to(/1/2/comment()[1]))','text/html','FILE22');
INSERT INTO files VALUES (108,'URL','file:/tmp/kjdon/gsdl3/web/sites/localsite/collect/gs3mgdemo/import/fb34fe/fb34fe.htm#xpointer(/1/2/106/comment()[1]/range-to(/1/2/115/comment()[1]))','text/html','FILE8');
INSERT INTO files VALUES (109,'URL','file:/tmp/kjdon/gsdl3/web/sites/localsite/collect/gs3mgdemo/import/fb34fe/fb34fe.htm#xpointer(/1/2/200/comment()[1]/range-to(/1/2/225/comment()[1]))','text/html','FILE18');
INSERT INTO files VALUES (110,'URL','file:/tmp/kjdon/gsdl3/web/sites/localsite/collect/gs3mgdemo/import/fb34fe/fb34fe.htm#xpointer(/1/2/7/comment()[1]/range-to(/1/2/12/comment()[1]))','text/html','FILE1');
INSERT INTO files VALUES (111,'URL','file:/tmp/kjdon/gsdl3/web/sites/localsite/collect/gs3mgdemo/import/fb34fe/fb34fe.htm#xpointer(/1/2/139/comment()[1]/range-to(/1/2/147/comment()[1]))','text/html','FILE11');
INSERT INTO files VALUES (112,'URL','file:/tmp/kjdon/gsdl3/web/sites/localsite/collect/gs3mgdemo/import/fb34fe/fb34fe.htm#xpointer(/1/2/100/comment()[1]/range-to(/1/2/106/comment()[1]))','text/html','FILE7');
INSERT INTO files VALUES (113,'URL','file:/tmp/kjdon/gsdl3/web/sites/localsite/collect/gs3mgdemo/import/fb34fe/fb34fe.htm','text/html','default.1');
INSERT INTO files VALUES (113,'URL','file:/tmp/kjdon/gsdl3/web/sites/localsite/collect/gs3mgdemo/import/fb34fe/f34p093a.png','image/png','default.2');
INSERT INTO files VALUES (113,'URL','file:/tmp/kjdon/gsdl3/web/sites/localsite/collect/gs3mgdemo/import/fb34fe/f34p094a.png','image/png','default.3');
INSERT INTO files VALUES (113,'URL','file:/tmp/kjdon/gsdl3/web/sites/localsite/collect/gs3mgdemo/import/fb34fe/f34p094b.png','image/png','default.4');
INSERT INTO files VALUES (113,'URL','file:/tmp/kjdon/gsdl3/web/sites/localsite/collect/gs3mgdemo/import/fb34fe/f34p095a.png','image/png','default.5');
INSERT INTO files VALUES (113,'URL','file:/tmp/kjdon/gsdl3/web/sites/localsite/collect/gs3mgdemo/import/fb34fe/f34p095b.png','image/png','default.6');
INSERT INTO files VALUES (113,'URL','file:/tmp/kjdon/gsdl3/web/sites/localsite/collect/gs3mgdemo/import/fb34fe/f34p095c.png','image/png','default.7');
INSERT INTO files VALUES (113,'URL','file:/tmp/kjdon/gsdl3/web/sites/localsite/collect/gs3mgdemo/import/fb34fe/f34p096a.png','image/png','default.8');
INSERT INTO files VALUES (113,'URL','file:/tmp/kjdon/gsdl3/web/sites/localsite/collect/gs3mgdemo/import/fb34fe/f34p096b.png','image/png','default.9');
INSERT INTO files VALUES (113,'URL','file:/tmp/kjdon/gsdl3/web/sites/localsite/collect/gs3mgdemo/import/fb34fe/f34p096c.png','image/png','default.10');
INSERT INTO files VALUES (113,'URL','file:/tmp/kjdon/gsdl3/web/sites/localsite/collect/gs3mgdemo/import/fb34fe/f34p097a.png','image/png','default.11');
INSERT INTO files VALUES (113,'URL','file:/tmp/kjdon/gsdl3/web/sites/localsite/collect/gs3mgdemo/import/fb34fe/f34p097b.png','image/png','default.12');
INSERT INTO files VALUES (113,'URL','file:/tmp/kjdon/gsdl3/web/sites/localsite/collect/gs3mgdemo/import/fb34fe/f34p098a.png','image/png','default.13');
INSERT INTO files VALUES (113,'URL','file:/tmp/kjdon/gsdl3/web/sites/localsite/collect/gs3mgdemo/import/fb34fe/f34p099a.png','image/png','default.14');
INSERT INTO files VALUES (113,'URL','file:/tmp/kjdon/gsdl3/web/sites/localsite/collect/gs3mgdemo/import/fb34fe/f34p099b.png','image/png','default.15');
INSERT INTO files VALUES (113,'URL','file:/tmp/kjdon/gsdl3/web/sites/localsite/collect/gs3mgdemo/import/fb34fe/f34p101a.png','image/png','default.16');
INSERT INTO files VALUES (113,'URL','file:/tmp/kjdon/gsdl3/web/sites/localsite/collect/gs3mgdemo/import/fb34fe/f34p101b.png','image/png','default.17');
INSERT INTO files VALUES (113,'URL','file:/tmp/kjdon/gsdl3/web/sites/localsite/collect/gs3mgdemo/import/fb34fe/f34p102a.png','image/png','default.18');
INSERT INTO files VALUES (113,'URL','file:/tmp/kjdon/gsdl3/web/sites/localsite/collect/gs3mgdemo/import/fb34fe/f34p103a.png','image/png','default.19');
INSERT INTO files VALUES (113,'URL','file:/tmp/kjdon/gsdl3/web/sites/localsite/collect/gs3mgdemo/import/fb34fe/f34p103b.png','image/png','default.20');
INSERT INTO files VALUES (113,'URL','file:/tmp/kjdon/gsdl3/web/sites/localsite/collect/gs3mgdemo/import/fb34fe/f34p104a.png','image/png','default.21');
INSERT INTO files VALUES (113,'URL','file:/tmp/kjdon/gsdl3/web/sites/localsite/collect/gs3mgdemo/import/fb34fe/f34p104b.png','image/png','default.22');
INSERT INTO files VALUES (113,'URL','file:/tmp/kjdon/gsdl3/web/sites/localsite/collect/gs3mgdemo/import/fb34fe/f34p105a.png','image/png','default.23');
INSERT INTO files VALUES (113,'URL','file:/tmp/kjdon/gsdl3/web/sites/localsite/collect/gs3mgdemo/import/fb34fe/f34p105b.png','image/png','default.24');
INSERT INTO files VALUES (113,'URL','file:/tmp/kjdon/gsdl3/web/sites/localsite/collect/gs3mgdemo/import/fb34fe/f34p105c.png','image/png','default.25');
INSERT INTO files VALUES (113,'URL','file:/tmp/kjdon/gsdl3/web/sites/localsite/collect/gs3mgdemo/import/fb34fe/f34p106a.png','image/png','default.26');
INSERT INTO files VALUES (113,'URL','file:/tmp/kjdon/gsdl3/web/sites/localsite/collect/gs3mgdemo/import/fb34fe/f34p106b.png','image/png','default.27');
INSERT INTO files VALUES (113,'URL','file:/tmp/kjdon/gsdl3/web/sites/localsite/collect/gs3mgdemo/import/fb34fe/f34p106c.png','image/png','default.28');
INSERT INTO files VALUES (113,'URL','file:/tmp/kjdon/gsdl3/web/sites/localsite/collect/gs3mgdemo/import/fb34fe/f34p106d.png','image/png','default.29');
INSERT INTO files VALUES (113,'URL','file:/tmp/kjdon/gsdl3/web/sites/localsite/collect/gs3mgdemo/import/fb34fe/f34p107a.png','image/png','default.30');
INSERT INTO files VALUES (113,'URL','file:/tmp/kjdon/gsdl3/web/sites/localsite/collect/gs3mgdemo/import/fb34fe/f34p107b.png','image/png','default.31');
INSERT INTO files VALUES (113,'URL','file:/tmp/kjdon/gsdl3/web/sites/localsite/collect/gs3mgdemo/import/fb34fe/f34p107c.png','image/png','default.32');
INSERT INTO files VALUES (113,'URL','file:/tmp/kjdon/gsdl3/web/sites/localsite/collect/gs3mgdemo/import/fb34fe/f34p108a.png','image/png','default.33');
INSERT INTO files VALUES (113,'URL','file:/tmp/kjdon/gsdl3/web/sites/localsite/collect/gs3mgdemo/import/fb34fe/f34p108b.png','image/png','default.34');
INSERT INTO files VALUES (113,'URL','file:/tmp/kjdon/gsdl3/web/sites/localsite/collect/gs3mgdemo/import/fb34fe/f34p109a.png','image/png','default.35');
INSERT INTO files VALUES (113,'URL','file:/tmp/kjdon/gsdl3/web/sites/localsite/collect/gs3mgdemo/import/fb34fe/f34p109b.png','image/png','default.36');
INSERT INTO files VALUES (113,'URL','file:/tmp/kjdon/gsdl3/web/sites/localsite/collect/gs3mgdemo/import/fb34fe/f34p110a.png','image/png','default.37');
INSERT INTO files VALUES (113,'URL','file:/tmp/kjdon/gsdl3/web/sites/localsite/collect/gs3mgdemo/import/fb34fe/f34p110b.png','image/png','default.38');
INSERT INTO files VALUES (113,'URL','file:/tmp/kjdon/gsdl3/web/sites/localsite/collect/gs3mgdemo/import/fb34fe/f34p111a.png','image/png','default.39');
INSERT INTO files VALUES (114,'URL','file:/tmp/kjdon/gsdl3/web/sites/localsite/collect/gs3mgdemo/import/fb34fe/fb34fe.htm#xpointer(/1/2/38/comment()[1]/range-to(/1/2/66/comment()[1]))','text/html','FILE3');
INSERT INTO files VALUES (115,'URL','file:/tmp/kjdon/gsdl3/web/sites/localsite/collect/gs3mgdemo/import/fb34fe/fb34fe.htm#xpointer(/1/2/163/comment()[1]/range-to(/1/2/200/comment()[1]))','text/html','FILE17');
INSERT INTO files VALUES (116,'URL','file:/tmp/kjdon/gsdl3/web/sites/localsite/collect/gs3mgdemo/import/fb34fe/fb34fe.htm#xpointer(/1/2/164/comment()[1]/range-to(/1/2/172/comment()[1]))','text/html','FILE14');
INSERT INTO files VALUES (117,'URL','file:/tmp/kjdon/gsdl3/web/sites/localsite/collect/gs3mgdemo/import/fb34fe/fb34fe.htm#xpointer(/1/2/13/comment()[1]/range-to(/1/2/38/comment()[1]))','text/html','FILE2');
INSERT INTO files VALUES (118,'URL','file:/tmp/kjdon/gsdl3/web/sites/localsite/collect/gs3mgdemo/import/fb34fe/fb34fe.htm#xpointer(/1/2/244/comment()[1]/range-to(/1/2/258/comment()[1]))','text/html','FILE20');
INSERT INTO files VALUES (119,'URL','file:/tmp/kjdon/gsdl3/web/sites/localsite/collect/gs3mgdemo/import/fb34fe/fb34fe.htm#xpointer(/1/2/131/comment()[1]/range-to(/1/2/163/comment()[1]))','text/html','FILE13');
INSERT INTO files VALUES (120,'URL','file:/tmp/kjdon/gsdl3/web/sites/localsite/collect/gs3mgdemo/import/fb34fe/fb34fe.htm#xpointer(/1/2/80/comment()[1]/range-to(/1/2/100/comment()[1]))','text/html','FILE6');
INSERT INTO files VALUES (121,'URL','file:/tmp/kjdon/gsdl3/web/sites/localsite/collect/gs3mgdemo/import/fb34fe/fb34fe.htm#xpointer(/1/2/1/comment()[1]/range-to(/1/2/comment()[1]))','text/html','FILE23');
INSERT INTO files VALUES (122,'URL','file:/tmp/kjdon/gsdl3/web/sites/localsite/collect/gs3mgdemo/import/fb34fe/fb34fe.htm#xpointer(/1/2/73/comment()[1]/range-to(/1/2/131/comment()[1]))','text/html','FILE10');
INSERT INTO files VALUES (123,'URL','file:/tmp/kjdon/gsdl3/web/sites/localsite/collect/gs3mgdemo/import/fb34fe/fb34fe.htm#xpointer(/1/2/229/comment()[1]/range-to(/1/2/244/comment()[1]))','text/html','FILE19');
INSERT INTO files VALUES (124,'URL','file:/tmp/kjdon/gsdl3/web/sites/localsite/collect/gs3mgdemo/import/fb34fe/fb34fe.htm#xpointer(/1/2/183/comment()[1]/range-to(/1/2/200/comment()[1]))','text/html','FILE16');
INSERT INTO files VALUES (125,'URL','file:/tmp/kjdon/gsdl3/web/sites/localsite/collect/gs3mgdemo/import/fb34fe/fb34fe.htm#xpointer(/1/2/115/comment()[1]/range-to(/1/2/131/comment()[1]))','text/html','FILE9');
INSERT INTO files VALUES (126,'URL','file:/tmp/kjdon/gsdl3/web/sites/localsite/collect/gs3mgdemo/import/fb34fe/fb34fe.htm#xpointer(/1/2/258/comment()[1]/range-to(/1/2/comment()[1]))','text/html','FILE21');
INSERT INTO files VALUES (127,'URL','file:/tmp/kjdon/gsdl3/web/sites/localsite/collect/gs3mgdemo/import/fb34fe/fb34fe.htm#xpointer(/1/2/12/comment()[1]/range-to(/1/2/73/comment()[1]))','text/html','FILE5');
INSERT INTO files VALUES (128,'URL','file:/tmp/kjdon/gsdl3/web/sites/localsite/collect/gs3mgdemo/import/fb34fe/fb34fe.htm#xpointer(/1/2/147/comment()[1]/range-to(/1/2/163/comment()[1]))','text/html','FILE12');
INSERT INTO files VALUES (129,'URL','file:/tmp/kjdon/gsdl3/web/sites/localsite/collect/gs3mgdemo/import/wb34te/wb34te.htm#xpointer(/1/2/41/comment()[1]/range-to(/1/2/51/comment()[1]))','text/html','FILE4');
INSERT INTO files VALUES (130,'URL','file:/tmp/kjdon/gsdl3/web/sites/localsite/collect/gs3mgdemo/import/wb34te/wb34te.htm#xpointer(/1/2/91/comment()[1]/range-to(/1/2/93/comment()[1]))','text/html','FILE11');
INSERT INTO files VALUES (131,'URL','file:/tmp/kjdon/gsdl3/web/sites/localsite/collect/gs3mgdemo/import/wb34te/wb34te.htm#xpointer(/1/2/21/comment()[1]/range-to(/1/2/29/comment()[1]))','text/html','FILE1');
INSERT INTO files VALUES (132,'URL','file:/tmp/kjdon/gsdl3/web/sites/localsite/collect/gs3mgdemo/import/wb34te/wb34te.htm#xpointer(/1/2/275/comment()[1]/range-to(/1/2/281/comment()[1]))','text/html','FILE33');
INSERT INTO files VALUES (133,'URL','file:/tmp/kjdon/gsdl3/web/sites/localsite/collect/gs3mgdemo/import/wb34te/wb34te.htm#xpointer(/1/2/254/comment()[1]/range-to(/1/2/267/comment()[1]))','text/html','FILE30');
INSERT INTO files VALUES (134,'URL','file:/tmp/kjdon/gsdl3/web/sites/localsite/collect/gs3mgdemo/import/wb34te/wb34te.htm#xpointer(/1/2/65/comment()[1]/range-to(/1/2/78/comment()[1]))','text/html','FILE7');
INSERT INTO files VALUES (135,'URL','file:/tmp/kjdon/gsdl3/web/sites/localsite/collect/gs3mgdemo/import/wb34te/wb34te.htm#xpointer(/1/2/241/comment()[1]/range-to(/1/2/244/comment()[1]))','text/html','FILE25');
INSERT INTO files VALUES (136,'URL','file:/tmp/kjdon/gsdl3/web/sites/localsite/collect/gs3mgdemo/import/wb34te/wb34te.htm#xpointer(/1/2/347/comment()[1]/range-to(/1/2/353/comment()[1]))','text/html','FILE41');
INSERT INTO files VALUES (137,'URL','file:/tmp/kjdon/gsdl3/web/sites/localsite/collect/gs3mgdemo/import/wb34te/wb34te.htm#xpointer(/1/2/247/comment()[1]/range-to(/1/2/251/comment()[1]))','text/html','FILE28');
INSERT INTO files VALUES (138,'URL','file:/tmp/kjdon/gsdl3/web/sites/localsite/collect/gs3mgdemo/import/wb34te/wb34te.htm#xpointer(/1/2/297/comment()[1]/range-to(/1/2/311/comment()[1]))','text/html','FILE36');
INSERT INTO files VALUES (139,'URL','file:/tmp/kjdon/gsdl3/web/sites/localsite/collect/gs3mgdemo/import/wb34te/wb34te.htm#xpointer(/1/2/115/comment()[1]/range-to(/1/2/138/comment()[1]))','text/html','FILE14');
INSERT INTO files VALUES (140,'URL','file:/tmp/kjdon/gsdl3/web/sites/localsite/collect/gs3mgdemo/import/wb34te/wb34te.htm#xpointer(/1/2/1/comment()[1]/range-to(/1/2/comment()[1]))','text/html','FILE46');
INSERT INTO files VALUES (141,'URL','file:/tmp/kjdon/gsdl3/web/sites/localsite/collect/gs3mgdemo/import/wb34te/wb34te.htm#xpointer(/1/2/229/comment()[1]/range-to(/1/2/241/comment()[1]))','text/html','FILE24');
INSERT INTO files VALUES (142,'URL','file:/tmp/kjdon/gsdl3/web/sites/localsite/collect/gs3mgdemo/import/wb34te/wb34te.htm#xpointer(/1/2/284/comment()[1]/range-to(/1/2/297/comment()[1]))','text/html','FILE35');
INSERT INTO files VALUES (143,'URL','file:/tmp/kjdon/gsdl3/web/sites/localsite/collect/gs3mgdemo/import/wb34te/wb34te.htm#xpointer(/1/2/56/comment()[1]/range-to(/1/2/65/comment()[1]))','text/html','FILE6');
INSERT INTO files VALUES (144,'URL','file:/tmp/kjdon/gsdl3/web/sites/localsite/collect/gs3mgdemo/import/wb34te/wb34te.htm#xpointer(/1/2/102/comment()[1]/range-to(/1/2/115/comment()[1]))','text/html','FILE13');
INSERT INTO files VALUES (145,'URL','file:/tmp/kjdon/gsdl3/web/sites/localsite/collect/gs3mgdemo/import/wb34te/wb34te.htm#xpointer(/1/2/138/comment()[1]/range-to(/1/2/244/comment()[1]))','text/html','FILE26');
INSERT INTO files VALUES (146,'URL','file:/tmp/kjdon/gsdl3/web/sites/localsite/collect/gs3mgdemo/import/wb34te/wb34te.htm#xpointer(/1/2/88/comment()[1]/range-to(/1/2/90/comment()[1]))','text/html','FILE10');
INSERT INTO files VALUES (147,'URL','file:/tmp/kjdon/gsdl3/web/sites/localsite/collect/gs3mgdemo/import/wb34te/wb34te.htm#xpointer(/1/2/269/comment()[1]/range-to(/1/2/275/comment()[1]))','text/html','FILE32');
INSERT INTO files VALUES (148,'URL','file:/tmp/kjdon/gsdl3/web/sites/localsite/collect/gs3mgdemo/import/wb34te/wb34te.htm#xpointer(/1/2/281/comment()[1]/range-to(/1/2/284/comment()[1]))','text/html','FILE34');
INSERT INTO files VALUES (149,'URL','file:/tmp/kjdon/gsdl3/web/sites/localsite/collect/gs3mgdemo/import/wb34te/wb34te.htm#xpointer(/1/2/245/comment()[1]/range-to(/1/2/247/comment()[1]))','text/html','FILE27');
INSERT INTO files VALUES (150,'URL','file:/tmp/kjdon/gsdl3/web/sites/localsite/collect/gs3mgdemo/import/wb34te/wb34te.htm#xpointer(/1/2/93/comment()[1]/range-to(/1/2/102/comment()[1]))','text/html','FILE12');
INSERT INTO files VALUES (151,'URL','file:/tmp/kjdon/gsdl3/web/sites/localsite/collect/gs3mgdemo/import/wb34te/wb34te.htm#xpointer(/1/2/51/comment()[1]/range-to(/1/2/56/comment()[1]))','text/html','FILE5');
INSERT INTO files VALUES (152,'URL','file:/tmp/kjdon/gsdl3/web/sites/localsite/collect/gs3mgdemo/import/wb34te/wb34te.htm#xpointer(/1/2/90/comment()[1]/range-to(/1/2/138/comment()[1]))','text/html','FILE15');
INSERT INTO files VALUES (153,'URL','file:/tmp/kjdon/gsdl3/web/sites/localsite/collect/gs3mgdemo/import/wb34te/wb34te.htm#xpointer(/1/2/78/comment()[1]/range-to(/1/2/88/comment()[1]))','text/html','FILE8');
INSERT INTO files VALUES (154,'URL','file:/tmp/kjdon/gsdl3/web/sites/localsite/collect/gs3mgdemo/import/wb34te/wb34te.htm#xpointer(/1/2/208/comment()[1]/range-to(/1/2/218/comment()[1]))','text/html','FILE22');
INSERT INTO files VALUES (155,'URL','file:/tmp/kjdon/gsdl3/web/sites/localsite/collect/gs3mgdemo/import/wb34te/wb34te.htm#xpointer(/1/2/339/comment()[1]/range-to(/1/2/347/comment()[1]))','text/html','FILE40');
INSERT INTO files VALUES (156,'URL','file:/tmp/kjdon/gsdl3/web/sites/localsite/collect/gs3mgdemo/import/wb34te/wb34te.htm#xpointer(/1/2/251/comment()[1]/range-to(/1/2/254/comment()[1]))','text/html','FILE29');
INSERT INTO files VALUES (157,'URL','file:/tmp/kjdon/gsdl3/web/sites/localsite/collect/gs3mgdemo/import/wb34te/wb34te.htm#xpointer(/1/2/150/comment()[1]/range-to(/1/2/176/comment()[1]))','text/html','FILE18');
INSERT INTO files VALUES (158,'URL','file:/tmp/kjdon/gsdl3/web/sites/localsite/collect/gs3mgdemo/import/wb34te/wb34te.htm#xpointer(/1/2/357/comment()[1]/range-to(/1/2/366/comment()[1]))','text/html','FILE44');
INSERT INTO files VALUES (159,'URL','file:/tmp/kjdon/gsdl3/web/sites/localsite/collect/gs3mgdemo/import/wb34te/wb34te.htm#xpointer(/1/2/311/comment()[1]/range-to(/1/2/328/comment()[1]))','text/html','FILE37');
INSERT INTO files VALUES (160,'URL','file:/tmp/kjdon/gsdl3/web/sites/localsite/collect/gs3mgdemo/import/wb34te/wb34te.htm#xpointer(/1/2/36/comment()[1]/range-to(/1/2/41/comment()[1]))','text/html','FILE3');
INSERT INTO files VALUES (161,'URL','file:/tmp/kjdon/gsdl3/web/sites/localsite/collect/gs3mgdemo/import/wb34te/wb34te.htm','text/html','default.1');
INSERT INTO files VALUES (161,'URL','file:/tmp/kjdon/gsdl3/web/sites/localsite/collect/gs3mgdemo/import/wb34te/p16.png','image/png','default.2');
INSERT INTO files VALUES (161,'URL','file:/tmp/kjdon/gsdl3/web/sites/localsite/collect/gs3mgdemo/import/wb34te/p17.png','image/png','default.3');
INSERT INTO files VALUES (161,'URL','file:/tmp/kjdon/gsdl3/web/sites/localsite/collect/gs3mgdemo/import/wb34te/p18.png','image/png','default.4');
INSERT INTO files VALUES (161,'URL','file:/tmp/kjdon/gsdl3/web/sites/localsite/collect/gs3mgdemo/import/wb34te/p19.png','image/png','default.5');
INSERT INTO files VALUES (161,'URL','file:/tmp/kjdon/gsdl3/web/sites/localsite/collect/gs3mgdemo/import/wb34te/p20.png','image/png','default.6');
INSERT INTO files VALUES (161,'URL','file:/tmp/kjdon/gsdl3/web/sites/localsite/collect/gs3mgdemo/import/wb34te/p23.png','image/png','default.7');
INSERT INTO files VALUES (161,'URL','file:/tmp/kjdon/gsdl3/web/sites/localsite/collect/gs3mgdemo/import/wb34te/p24.png','image/png','default.8');
INSERT INTO files VALUES (161,'URL','file:/tmp/kjdon/gsdl3/web/sites/localsite/collect/gs3mgdemo/import/wb34te/p28.png','image/png','default.9');
INSERT INTO files VALUES (161,'URL','file:/tmp/kjdon/gsdl3/web/sites/localsite/collect/gs3mgdemo/import/wb34te/p29a.png','image/png','default.10');
INSERT INTO files VALUES (161,'URL','file:/tmp/kjdon/gsdl3/web/sites/localsite/collect/gs3mgdemo/import/wb34te/p29b.png','image/png','default.11');
INSERT INTO files VALUES (162,'URL','file:/tmp/kjdon/gsdl3/web/sites/localsite/collect/gs3mgdemo/import/wb34te/wb34te.htm#xpointer(/1/2/142/comment()[1]/range-to(/1/2/150/comment()[1]))','text/html','FILE17');
INSERT INTO files VALUES (163,'URL','file:/tmp/kjdon/gsdl3/web/sites/localsite/collect/gs3mgdemo/import/wb34te/wb34te.htm#xpointer(/1/2/267/comment()[1]/range-to(/1/2/269/comment()[1]))','text/html','FILE31');
INSERT INTO files VALUES (164,'URL','file:/tmp/kjdon/gsdl3/web/sites/localsite/collect/gs3mgdemo/import/wb34te/wb34te.htm#xpointer(/1/2/29/comment()[1]/range-to(/1/2/35/comment()[1]))','text/html','FILE2');
INSERT INTO files VALUES (165,'URL','file:/tmp/kjdon/gsdl3/web/sites/localsite/collect/gs3mgdemo/import/wb34te/wb34te.htm#xpointer(/1/2/353/comment()[1]/range-to(/1/2/357/comment()[1]))','text/html','FILE42');
INSERT INTO files VALUES (166,'URL','file:/tmp/kjdon/gsdl3/web/sites/localsite/collect/gs3mgdemo/import/wb34te/wb34te.htm#xpointer(/1/2/332/comment()[1]/range-to(/1/2/339/comment()[1]))','text/html','FILE39');
INSERT INTO files VALUES (167,'URL','file:/tmp/kjdon/gsdl3/web/sites/localsite/collect/gs3mgdemo/import/wb34te/wb34te.htm#xpointer(/1/2/182/comment()[1]/range-to(/1/2/197/comment()[1]))','text/html','FILE20');
INSERT INTO files VALUES (168,'URL','file:/tmp/kjdon/gsdl3/web/sites/localsite/collect/gs3mgdemo/import/wb34te/wb34te.htm#xpointer(/1/2/218/comment()[1]/range-to(/1/2/229/comment()[1]))','text/html','FILE23');
INSERT INTO files VALUES (169,'URL','file:/tmp/kjdon/gsdl3/web/sites/localsite/collect/gs3mgdemo/import/wb34te/wb34te.htm#xpointer(/1/2/35/comment()[1]/range-to(/1/2/88/comment()[1]))','text/html','FILE9');
INSERT INTO files VALUES (170,'URL','file:/tmp/kjdon/gsdl3/web/sites/localsite/collect/gs3mgdemo/import/wb34te/wb34te.htm#xpointer(/1/2/139/comment()[1]/range-to(/1/2/142/comment()[1]))','text/html','FILE16');
INSERT INTO files VALUES (171,'URL','file:/tmp/kjdon/gsdl3/web/sites/localsite/collect/gs3mgdemo/import/wb34te/wb34te.htm#xpointer(/1/2/176/comment()[1]/range-to(/1/2/182/comment()[1]))','text/html','FILE19');
INSERT INTO files VALUES (172,'URL','file:/tmp/kjdon/gsdl3/web/sites/localsite/collect/gs3mgdemo/import/wb34te/wb34te.htm#xpointer(/1/2/244/comment()[1]/range-to(/1/2/357/comment()[1]))','text/html','FILE43');
INSERT INTO files VALUES (173,'URL','file:/tmp/kjdon/gsdl3/web/sites/localsite/collect/gs3mgdemo/import/wb34te/wb34te.htm#xpointer(/1/2/328/comment()[1]/range-to(/1/2/332/comment()[1]))','text/html','FILE38');
INSERT INTO files VALUES (174,'URL','file:/tmp/kjdon/gsdl3/web/sites/localsite/collect/gs3mgdemo/import/wb34te/wb34te.htm#xpointer(/1/2/366/comment()[1]/range-to(/1/2/comment()[1]))','text/html','FILE45');
INSERT INTO files VALUES (175,'URL','file:/tmp/kjdon/gsdl3/web/sites/localsite/collect/gs3mgdemo/import/wb34te/wb34te.htm#xpointer(/1/2/197/comment()[1]/range-to(/1/2/208/comment()[1]))','text/html','FILE21');
INSERT INTO files VALUES (176,'URL','file:/tmp/kjdon/gsdl3/web/sites/localsite/collect/gs3mgdemo/import/metadata.xml','application/xml','default.1');

--
-- Table structure for table `filesection`
--

CREATE TABLE filesection (
  FileSectionRef int(11) NOT NULL auto_increment,
  DocID varchar(64) default NULL,
  FileSecID varchar(64) default NULL,
  PRIMARY KEY  (FileSectionRef)
) TYPE=MyISAM;

--
-- Dumping data for table `filesection`
--

INSERT INTO filesection VALUES (1,'20050201:1','test');
INSERT INTO filesection VALUES (2,'20050201:2','test');
INSERT INTO filesection VALUES (3,'20050201:3','test');
INSERT INTO filesection VALUES (4,'20050201:4','test');
INSERT INTO filesection VALUES (5,'20050201:5','test');
INSERT INTO filesection VALUES (6,'20050201:6','test');

--
-- Table structure for table `mdgroups`
--

CREATE TABLE mdgroups (
  NamespaceRef int(11) default NULL,
  MdGroupRef int(11) NOT NULL auto_increment,
  MdGroupID varchar(32) default NULL,
  PRIMARY KEY  (MdGroupRef)
) TYPE=MyISAM;

--
-- Dumping data for table `mdgroups`
--


--
-- Table structure for table `mdqualifiers`
--

CREATE TABLE mdqualifiers (
  MdGroupRef int(11) default NULL,
  QualifierName varchar(64) default NULL,
  QualifierValue varchar(64) default NULL
) TYPE=MyISAM;

--
-- Dumping data for table `mdqualifiers`
--


--
-- Table structure for table `mdvalues`
--

CREATE TABLE mdvalues (
  NamespaceRef int(11) default NULL,
  GroupRef int(11) default NULL,
  Label tinytext,
  Value tinytext
) TYPE=MyISAM;

--
-- Dumping data for table `mdvalues`
--

INSERT INTO mdvalues VALUES (1,NULL,'mgseqno','mgsearch.20');
INSERT INTO mdvalues VALUES (2,NULL,'mgseqno','mgsearch.26');
INSERT INTO mdvalues VALUES (3,NULL,'mgseqno','mgsearch.13');
INSERT INTO mdvalues VALUES (4,NULL,'mgseqno','mgsearch.5');
INSERT INTO mdvalues VALUES (6,NULL,'mgseqno','mgsearch.7');
INSERT INTO mdvalues VALUES (7,NULL,'mgseqno','mgsearch.21');
INSERT INTO mdvalues VALUES (11,NULL,'mgseqno','mgsearch.3');
INSERT INTO mdvalues VALUES (14,NULL,'mgseqno','mgsearch.23');
INSERT INTO mdvalues VALUES (21,NULL,'mgseqno','mgsearch.11');
INSERT INTO mdvalues VALUES (20,NULL,'Language','English');
INSERT INTO mdvalues VALUES (23,NULL,'mgseqno','mgsearch.19');
INSERT INTO mdvalues VALUES (24,NULL,'mgseqno','mgsearch.12');
INSERT INTO mdvalues VALUES (25,NULL,'mgseqno','mgsearch.18');
INSERT INTO mdvalues VALUES (27,NULL,'mgseqno','mgsearch.8');
INSERT INTO mdvalues VALUES (29,NULL,'mgseqno','mgsearch.27');
INSERT INTO mdvalues VALUES (30,NULL,'mgseqno','mgsearch.58');
INSERT INTO mdvalues VALUES (31,NULL,'mgseqno','mgsearch.66');
INSERT INTO mdvalues VALUES (35,NULL,'mgseqno','mgsearch.75');
INSERT INTO mdvalues VALUES (36,NULL,'mgseqno','mgsearch.37');
INSERT INTO mdvalues VALUES (37,NULL,'mgseqno','mgsearch.59');
INSERT INTO mdvalues VALUES (42,NULL,'mgseqno','mgsearch.74');
INSERT INTO mdvalues VALUES (44,NULL,'mgseqno','mgsearch.33');
INSERT INTO mdvalues VALUES (45,NULL,'mgseqno','mgsearch.76');
INSERT INTO mdvalues VALUES (47,NULL,'mgseqno','mgsearch.45');
INSERT INTO mdvalues VALUES (51,NULL,'AZList','T.1');
INSERT INTO mdvalues VALUES (51,NULL,'Language','English');
INSERT INTO mdvalues VALUES (51,NULL,'classified','BOSTID');
INSERT INTO mdvalues VALUES (52,NULL,'mgseqno','mgsearch.64');
INSERT INTO mdvalues VALUES (53,NULL,'mgseqno','mgsearch.36');
INSERT INTO mdvalues VALUES (54,NULL,'mgseqno','mgsearch.41');
INSERT INTO mdvalues VALUES (55,NULL,'mgseqno','mgsearch.72');
INSERT INTO mdvalues VALUES (57,NULL,'mgseqno','mgsearch.69');
INSERT INTO mdvalues VALUES (58,NULL,'mgseqno','mgsearch.70');
INSERT INTO mdvalues VALUES (59,NULL,'mgseqno','mgsearch.65');
INSERT INTO mdvalues VALUES (63,NULL,'mgseqno','mgsearch.73');
INSERT INTO mdvalues VALUES (68,NULL,'mgseqno','mgsearch.53');
INSERT INTO mdvalues VALUES (70,NULL,'mgseqno','mgsearch.52');
INSERT INTO mdvalues VALUES (71,NULL,'mgseqno','mgsearch.51');
INSERT INTO mdvalues VALUES (76,NULL,'mgseqno','mgsearch.80');
INSERT INTO mdvalues VALUES (77,NULL,'mgseqno','mgsearch.79');
INSERT INTO mdvalues VALUES (81,NULL,'mgseqno','mgsearch.50');
INSERT INTO mdvalues VALUES (82,NULL,'mgseqno','mgsearch.100');
INSERT INTO mdvalues VALUES (84,NULL,'mgseqno','mgsearch.95');
INSERT INTO mdvalues VALUES (86,NULL,'mgseqno','mgsearch.87');
INSERT INTO mdvalues VALUES (87,NULL,'mgseqno','mgsearch.91');
INSERT INTO mdvalues VALUES (91,NULL,'mgseqno','mgsearch.90');
INSERT INTO mdvalues VALUES (90,NULL,'mgseqno','mgsearch.94');
INSERT INTO mdvalues VALUES (93,NULL,'mgseqno','mgsearch.104');
INSERT INTO mdvalues VALUES (94,NULL,'mgseqno','mgsearch.105');
INSERT INTO mdvalues VALUES (99,NULL,'mgseqno','mgsearch.89');
INSERT INTO mdvalues VALUES (101,NULL,'mgseqno','mgsearch.92');
INSERT INTO mdvalues VALUES (102,NULL,'mgseqno','mgsearch.88');
INSERT INTO mdvalues VALUES (105,NULL,'mgseqno','mgsearch.131');
INSERT INTO mdvalues VALUES (106,NULL,'mgseqno','mgsearch.124');
INSERT INTO mdvalues VALUES (107,NULL,'mgseqno','mgsearch.115');
INSERT INTO mdvalues VALUES (109,NULL,'mgseqno','mgsearch.128');
INSERT INTO mdvalues VALUES (112,NULL,'mgseqno','mgsearch.125');
INSERT INTO mdvalues VALUES (113,NULL,'mgseqno','mgsearch.113');
INSERT INTO mdvalues VALUES (116,NULL,'mgseqno','mgsearch.120');
INSERT INTO mdvalues VALUES (117,NULL,'mgseqno','mgsearch.127');
INSERT INTO mdvalues VALUES (118,NULL,'mgseqno','mgsearch.123');
INSERT INTO mdvalues VALUES (119,NULL,'mgseqno','mgsearch.130');
INSERT INTO mdvalues VALUES (120,NULL,'mgseqno','mgsearch.122');
INSERT INTO mdvalues VALUES (125,NULL,'mgseqno','mgsearch.129');
INSERT INTO mdvalues VALUES (126,NULL,'mgseqno','mgsearch.112');
INSERT INTO mdvalues VALUES (127,NULL,'mgseqno','mgsearch.117');
INSERT INTO mdvalues VALUES (131,NULL,'mgseqno','mgsearch.164');
INSERT INTO mdvalues VALUES (132,NULL,'mgseqno','mgsearch.146');
INSERT INTO mdvalues VALUES (135,NULL,'mgseqno','mgsearch.137');
INSERT INTO mdvalues VALUES (140,NULL,'mgseqno','mgsearch.175');
INSERT INTO mdvalues VALUES (143,NULL,'mgseqno','mgsearch.142');
INSERT INTO mdvalues VALUES (144,NULL,'mgseqno','mgsearch.149');
INSERT INTO mdvalues VALUES (146,NULL,'mgseqno','mgsearch.155');
INSERT INTO mdvalues VALUES (148,NULL,'mgseqno','mgsearch.168');
INSERT INTO mdvalues VALUES (149,NULL,'mgseqno','mgsearch.136');
INSERT INTO mdvalues VALUES (150,NULL,'mgseqno','mgsearch.156');
INSERT INTO mdvalues VALUES (154,NULL,'mgseqno','mgsearch.159');
INSERT INTO mdvalues VALUES (155,NULL,'mgseqno','mgsearch.161');
INSERT INTO mdvalues VALUES (156,NULL,'classified','achieve gender equality');
INSERT INTO mdvalues VALUES (156,NULL,'classified','Women, gender and development, women\'s organizations');
INSERT INTO mdvalues VALUES (159,NULL,'mgseqno','mgsearch.158');
INSERT INTO mdvalues VALUES (162,NULL,'mgseqno','mgsearch.151');
INSERT INTO mdvalues VALUES (165,NULL,'mgseqno','mgsearch.154');
INSERT INTO mdvalues VALUES (169,NULL,'mgseqno','mgsearch.141');
INSERT INTO mdvalues VALUES (170,NULL,'mgseqno','mgsearch.171');
INSERT INTO mdvalues VALUES (171,NULL,'mgseqno','mgsearch.157');
INSERT INTO mdvalues VALUES (172,NULL,'mgseqno','mgsearch.162');
INSERT INTO mdvalues VALUES (174,NULL,'mgseqno','mgsearch.169');
INSERT INTO mdvalues VALUES (175,NULL,'mgseqno','mgsearch.143');
INSERT INTO mdvalues VALUES (51,NULL,'classified','introduce small animals and micro-livestock in your farm');
INSERT INTO mdvalues VALUES (51,NULL,'Subject','Other animals (micro-livestock, little known animals, silkworms, reptiles, frogs, snails, game, etc.)');
INSERT INTO mdvalues VALUES (21,NULL,'mgseqno','mgsearch.11');
INSERT INTO mdvalues VALUES (20,NULL,'classified','Other animals (micro-livestock, little known animals, silkworms, reptiles, frogs, snails, game, etc.)');
INSERT INTO mdvalues VALUES (20,NULL,'classified','introduce little-known Asian farm animals with a promising future');
INSERT INTO mdvalues VALUES (20,NULL,'classified','BOSTID');
INSERT INTO mdvalues VALUES (20,NULL,'AZList','T.1');
INSERT INTO mdvalues VALUES (111,NULL,'Subject','Settlements and housing: general works incl. low- cost housing, planning techniques, surveying, etc.');
INSERT INTO mdvalues VALUES (111,NULL,'Subject','Better Farming series of FAO and INADES - 46 booklets');
INSERT INTO mdvalues VALUES (89,NULL,'classified','Settlements and housing: general works incl. low- cost housing, planning techniques, surveying, etc.');
INSERT INTO mdvalues VALUES (90,NULL,'mgseqno','mgsearch.94');
INSERT INTO mdvalues VALUES (89,NULL,'classified','Better Farming series of FAO and INADES - 46 booklets');
INSERT INTO mdvalues VALUES (89,NULL,'mgseqno','mgsearch.84');
INSERT INTO mdvalues VALUES (89,NULL,'AZList','T.1');
INSERT INTO mdvalues VALUES (156,NULL,'AZList','T.1');
INSERT INTO mdvalues VALUES (156,NULL,'Language','English');
INSERT INTO mdvalues VALUES (156,NULL,'mgseqno','mgsearch.133');
INSERT INTO mdvalues VALUES (156,NULL,'Title','Development in practice: Toward Gender Equality (wb34te)');
INSERT INTO mdvalues VALUES (20,NULL,'mgseqno','mgsearch.1');
INSERT INTO mdvalues VALUES (20,NULL,'Generator','Microsoft Word 97');
INSERT INTO mdvalues VALUES (51,NULL,'classified','Other animals (micro-livestock, little known animals, silkworms, reptiles, frogs, snails, game, etc.)');
INSERT INTO mdvalues VALUES (89,NULL,'Title','Farming snails 1: Learning about snails; Building a pen; Food and shelter plants (fb33fe)');
INSERT INTO mdvalues VALUES (111,NULL,'Language','English');
INSERT INTO mdvalues VALUES (111,NULL,'classified','farm snails');
INSERT INTO mdvalues VALUES (111,NULL,'classified','Better Farming series of FAO and INADES - 46 booklets');
INSERT INTO mdvalues VALUES (156,NULL,'Generator','Microsoft Word 97');
INSERT INTO mdvalues VALUES (20,NULL,'Title','Little Known Asian Animals With a Promising Economic Future (b18ase)');
INSERT INTO mdvalues VALUES (51,NULL,'Title','Microlivestock - Little-Known Small Animals with a Promising Economic Future (b17mie)');
INSERT INTO mdvalues VALUES (51,NULL,'mgseqno','mgsearch.31');
INSERT INTO mdvalues VALUES (89,NULL,'Subject','Settlements and housing: general works incl. low- cost housing, planning techniques, surveying, etc.');
INSERT INTO mdvalues VALUES (111,NULL,'Generator','Microsoft Word 97');
INSERT INTO mdvalues VALUES (111,NULL,'mgseqno','mgsearch.108');
INSERT INTO mdvalues VALUES (20,NULL,'Organization','BOSTID');
INSERT INTO mdvalues VALUES (20,NULL,'Subject','Other animals (micro-livestock, little known animals, silkworms, reptiles, frogs, snails, game, etc.)');
INSERT INTO mdvalues VALUES (51,NULL,'Generator','Microsoft Word 97');
INSERT INTO mdvalues VALUES (51,NULL,'Organization','BOSTID');
INSERT INTO mdvalues VALUES (111,NULL,'classified','FAO Better Farming series');
INSERT INTO mdvalues VALUES (111,NULL,'Organization','FAO Better Farming series');
INSERT INTO mdvalues VALUES (156,NULL,'Organization','World Bank');
INSERT INTO mdvalues VALUES (156,NULL,'Subject','Women, gender and development, women\'s organizations');
INSERT INTO mdvalues VALUES (20,NULL,'Keyword','introduce little-known Asian farm animals with a promising future');
INSERT INTO mdvalues VALUES (51,NULL,'Keyword','introduce small animals and micro-livestock in your farm');
INSERT INTO mdvalues VALUES (89,NULL,'Generator','Microsoft Word 97');
INSERT INTO mdvalues VALUES (89,NULL,'Subject','Better Farming series of FAO and INADES - 46 booklets');
INSERT INTO mdvalues VALUES (111,NULL,'classified','Settlements and housing: general works incl. low- cost housing, planning techniques, surveying, etc.');
INSERT INTO mdvalues VALUES (111,NULL,'Title','Farming snails 2: Choosing snails; Care and harvesting; Further improvement (fb34fe)');
INSERT INTO mdvalues VALUES (1,NULL,'mgseqno','mgsearch.20');
INSERT INTO mdvalues VALUES (2,NULL,'mgseqno','mgsearch.26');
INSERT INTO mdvalues VALUES (3,NULL,'mgseqno','mgsearch.13');
INSERT INTO mdvalues VALUES (5,NULL,'mgseqno','mgsearch.25');
INSERT INTO mdvalues VALUES (4,NULL,'mgseqno','mgsearch.5');
INSERT INTO mdvalues VALUES (6,NULL,'mgseqno','mgsearch.7');
INSERT INTO mdvalues VALUES (7,NULL,'mgseqno','mgsearch.21');
INSERT INTO mdvalues VALUES (8,NULL,'mgseqno','mgsearch.14');
INSERT INTO mdvalues VALUES (9,NULL,'mgseqno','mgsearch.2');
INSERT INTO mdvalues VALUES (11,NULL,'mgseqno','mgsearch.3');
INSERT INTO mdvalues VALUES (10,NULL,'mgseqno','mgsearch.29');
INSERT INTO mdvalues VALUES (12,NULL,'mgseqno','mgsearch.9');
INSERT INTO mdvalues VALUES (13,NULL,'mgseqno','mgsearch.16');
INSERT INTO mdvalues VALUES (14,NULL,'mgseqno','mgsearch.23');
INSERT INTO mdvalues VALUES (15,NULL,'mgseqno','mgsearch.4');
INSERT INTO mdvalues VALUES (16,NULL,'mgseqno','mgsearch.28');
INSERT INTO mdvalues VALUES (17,NULL,'mgseqno','mgsearch.17');
INSERT INTO mdvalues VALUES (18,NULL,'mgseqno','mgsearch.24');
INSERT INTO mdvalues VALUES (19,NULL,'mgseqno','mgsearch.10');
INSERT INTO mdvalues VALUES (22,NULL,'mgseqno','mgsearch.6');
INSERT INTO mdvalues VALUES (23,NULL,'mgseqno','mgsearch.19');
INSERT INTO mdvalues VALUES (26,NULL,'mgseqno','mgsearch.22');
INSERT INTO mdvalues VALUES (24,NULL,'mgseqno','mgsearch.12');
INSERT INTO mdvalues VALUES (25,NULL,'mgseqno','mgsearch.18');
INSERT INTO mdvalues VALUES (27,NULL,'mgseqno','mgsearch.8');
INSERT INTO mdvalues VALUES (28,NULL,'mgseqno','mgsearch.15');
INSERT INTO mdvalues VALUES (29,NULL,'mgseqno','mgsearch.27');
INSERT INTO mdvalues VALUES (30,NULL,'mgseqno','mgsearch.58');
INSERT INTO mdvalues VALUES (31,NULL,'mgseqno','mgsearch.66');
INSERT INTO mdvalues VALUES (32,NULL,'mgseqno','mgsearch.42');
INSERT INTO mdvalues VALUES (33,NULL,'mgseqno','mgsearch.56');
INSERT INTO mdvalues VALUES (34,NULL,'mgseqno','mgsearch.35');
INSERT INTO mdvalues VALUES (35,NULL,'mgseqno','mgsearch.75');
INSERT INTO mdvalues VALUES (36,NULL,'mgseqno','mgsearch.37');
INSERT INTO mdvalues VALUES (37,NULL,'mgseqno','mgsearch.59');
INSERT INTO mdvalues VALUES (38,NULL,'mgseqno','mgsearch.71');
INSERT INTO mdvalues VALUES (39,NULL,'mgseqno','mgsearch.43');
INSERT INTO mdvalues VALUES (40,NULL,'mgseqno','mgsearch.77');
INSERT INTO mdvalues VALUES (41,NULL,'mgseqno','mgsearch.82');
INSERT INTO mdvalues VALUES (42,NULL,'mgseqno','mgsearch.74');
INSERT INTO mdvalues VALUES (43,NULL,'mgseqno','mgsearch.81');
INSERT INTO mdvalues VALUES (45,NULL,'mgseqno','mgsearch.76');
INSERT INTO mdvalues VALUES (44,NULL,'mgseqno','mgsearch.33');
INSERT INTO mdvalues VALUES (46,NULL,'mgseqno','mgsearch.49');
INSERT INTO mdvalues VALUES (47,NULL,'mgseqno','mgsearch.45');
INSERT INTO mdvalues VALUES (48,NULL,'mgseqno','mgsearch.57');
INSERT INTO mdvalues VALUES (49,NULL,'mgseqno','mgsearch.34');
INSERT INTO mdvalues VALUES (50,NULL,'mgseqno','mgsearch.40');
INSERT INTO mdvalues VALUES (52,NULL,'mgseqno','mgsearch.64');
INSERT INTO mdvalues VALUES (53,NULL,'mgseqno','mgsearch.36');
INSERT INTO mdvalues VALUES (54,NULL,'mgseqno','mgsearch.41');
INSERT INTO mdvalues VALUES (55,NULL,'mgseqno','mgsearch.72');
INSERT INTO mdvalues VALUES (56,NULL,'mgseqno','mgsearch.63');
INSERT INTO mdvalues VALUES (57,NULL,'mgseqno','mgsearch.69');
INSERT INTO mdvalues VALUES (58,NULL,'mgseqno','mgsearch.70');
INSERT INTO mdvalues VALUES (59,NULL,'mgseqno','mgsearch.65');
INSERT INTO mdvalues VALUES (60,NULL,'mgseqno','mgsearch.32');
INSERT INTO mdvalues VALUES (61,NULL,'mgseqno','mgsearch.39');
INSERT INTO mdvalues VALUES (62,NULL,'mgseqno','mgsearch.60');
INSERT INTO mdvalues VALUES (63,NULL,'mgseqno','mgsearch.73');
INSERT INTO mdvalues VALUES (64,NULL,'mgseqno','mgsearch.48');
INSERT INTO mdvalues VALUES (65,NULL,'mgseqno','mgsearch.46');
INSERT INTO mdvalues VALUES (66,NULL,'mgseqno','mgsearch.62');
INSERT INTO mdvalues VALUES (67,NULL,'mgseqno','mgsearch.78');
INSERT INTO mdvalues VALUES (68,NULL,'mgseqno','mgsearch.53');
INSERT INTO mdvalues VALUES (69,NULL,'mgseqno','mgsearch.47');
INSERT INTO mdvalues VALUES (70,NULL,'mgseqno','mgsearch.52');
INSERT INTO mdvalues VALUES (71,NULL,'mgseqno','mgsearch.51');
INSERT INTO mdvalues VALUES (72,NULL,'mgseqno','mgsearch.55');
INSERT INTO mdvalues VALUES (73,NULL,'mgseqno','mgsearch.38');
INSERT INTO mdvalues VALUES (74,NULL,'mgseqno','mgsearch.44');
INSERT INTO mdvalues VALUES (75,NULL,'mgseqno','mgsearch.68');
INSERT INTO mdvalues VALUES (76,NULL,'mgseqno','mgsearch.80');
INSERT INTO mdvalues VALUES (77,NULL,'mgseqno','mgsearch.79');
INSERT INTO mdvalues VALUES (78,NULL,'mgseqno','mgsearch.54');
INSERT INTO mdvalues VALUES (80,NULL,'mgseqno','mgsearch.67');
INSERT INTO mdvalues VALUES (79,NULL,'mgseqno','mgsearch.61');
INSERT INTO mdvalues VALUES (81,NULL,'mgseqno','mgsearch.50');
INSERT INTO mdvalues VALUES (82,NULL,'mgseqno','mgsearch.100');
INSERT INTO mdvalues VALUES (83,NULL,'mgseqno','mgsearch.106');
INSERT INTO mdvalues VALUES (84,NULL,'mgseqno','mgsearch.95');
INSERT INTO mdvalues VALUES (85,NULL,'mgseqno','mgsearch.101');
INSERT INTO mdvalues VALUES (86,NULL,'mgseqno','mgsearch.87');
INSERT INTO mdvalues VALUES (87,NULL,'mgseqno','mgsearch.91');
INSERT INTO mdvalues VALUES (88,NULL,'mgseqno','mgsearch.99');
INSERT INTO mdvalues VALUES (89,NULL,'Organization','FAO Better Farming series');
INSERT INTO mdvalues VALUES (90,NULL,'Title','Dew and rain');
INSERT INTO mdvalues VALUES (91,NULL,'mgseqno','mgsearch.90');
INSERT INTO mdvalues VALUES (92,NULL,'mgseqno','mgsearch.85');
INSERT INTO mdvalues VALUES (93,NULL,'mgseqno','mgsearch.104');
INSERT INTO mdvalues VALUES (94,NULL,'mgseqno','mgsearch.105');
INSERT INTO mdvalues VALUES (95,NULL,'mgseqno','mgsearch.102');
INSERT INTO mdvalues VALUES (96,NULL,'mgseqno','mgsearch.86');
INSERT INTO mdvalues VALUES (97,NULL,'mgseqno','mgsearch.93');
INSERT INTO mdvalues VALUES (98,NULL,'mgseqno','mgsearch.97');
INSERT INTO mdvalues VALUES (99,NULL,'mgseqno','mgsearch.89');
INSERT INTO mdvalues VALUES (100,NULL,'mgseqno','mgsearch.103');
INSERT INTO mdvalues VALUES (101,NULL,'mgseqno','mgsearch.92');
INSERT INTO mdvalues VALUES (103,NULL,'mgseqno','mgsearch.96');
INSERT INTO mdvalues VALUES (102,NULL,'mgseqno','mgsearch.88');
INSERT INTO mdvalues VALUES (104,NULL,'mgseqno','mgsearch.98');
INSERT INTO mdvalues VALUES (105,NULL,'mgseqno','mgsearch.131');
INSERT INTO mdvalues VALUES (106,NULL,'mgseqno','mgsearch.124');
INSERT INTO mdvalues VALUES (107,NULL,'mgseqno','mgsearch.115');
INSERT INTO mdvalues VALUES (108,NULL,'mgseqno','mgsearch.114');
INSERT INTO mdvalues VALUES (109,NULL,'mgseqno','mgsearch.128');
INSERT INTO mdvalues VALUES (110,NULL,'mgseqno','mgsearch.121');
INSERT INTO mdvalues VALUES (111,NULL,'AZList','T.1');
INSERT INTO mdvalues VALUES (111,NULL,'Keyword','farm snails');
INSERT INTO mdvalues VALUES (112,NULL,'mgseqno','mgsearch.125');
INSERT INTO mdvalues VALUES (113,NULL,'mgseqno','mgsearch.113');
INSERT INTO mdvalues VALUES (114,NULL,'mgseqno','mgsearch.118');
INSERT INTO mdvalues VALUES (115,NULL,'mgseqno','mgsearch.109');
INSERT INTO mdvalues VALUES (116,NULL,'mgseqno','mgsearch.120');
INSERT INTO mdvalues VALUES (118,NULL,'mgseqno','mgsearch.123');
INSERT INTO mdvalues VALUES (117,NULL,'mgseqno','mgsearch.127');
INSERT INTO mdvalues VALUES (121,NULL,'mgseqno','mgsearch.116');
INSERT INTO mdvalues VALUES (120,NULL,'mgseqno','mgsearch.122');
INSERT INTO mdvalues VALUES (119,NULL,'mgseqno','mgsearch.130');
INSERT INTO mdvalues VALUES (123,NULL,'mgseqno','mgsearch.110');
INSERT INTO mdvalues VALUES (122,NULL,'mgseqno','mgsearch.126');
INSERT INTO mdvalues VALUES (124,NULL,'mgseqno','mgsearch.119');
INSERT INTO mdvalues VALUES (125,NULL,'mgseqno','mgsearch.129');
INSERT INTO mdvalues VALUES (126,NULL,'mgseqno','mgsearch.112');
INSERT INTO mdvalues VALUES (127,NULL,'mgseqno','mgsearch.117');
INSERT INTO mdvalues VALUES (128,NULL,'mgseqno','mgsearch.111');
INSERT INTO mdvalues VALUES (130,NULL,'mgseqno','mgsearch.152');
INSERT INTO mdvalues VALUES (129,NULL,'mgseqno','mgsearch.166');
INSERT INTO mdvalues VALUES (132,NULL,'mgseqno','mgsearch.146');
INSERT INTO mdvalues VALUES (131,NULL,'mgseqno','mgsearch.164');
INSERT INTO mdvalues VALUES (135,NULL,'mgseqno','mgsearch.137');
INSERT INTO mdvalues VALUES (134,NULL,'mgseqno','mgsearch.176');
INSERT INTO mdvalues VALUES (133,NULL,'mgseqno','mgsearch.178');
INSERT INTO mdvalues VALUES (137,NULL,'mgseqno','mgsearch.153');
INSERT INTO mdvalues VALUES (136,NULL,'mgseqno','mgsearch.167');
INSERT INTO mdvalues VALUES (138,NULL,'mgseqno','mgsearch.147');
INSERT INTO mdvalues VALUES (139,NULL,'mgseqno','mgsearch.134');
INSERT INTO mdvalues VALUES (140,NULL,'mgseqno','mgsearch.175');
INSERT INTO mdvalues VALUES (141,NULL,'mgseqno','mgsearch.177');
INSERT INTO mdvalues VALUES (142,NULL,'mgseqno','mgsearch.135');
INSERT INTO mdvalues VALUES (143,NULL,'mgseqno','mgsearch.142');
INSERT INTO mdvalues VALUES (144,NULL,'mgseqno','mgsearch.149');
INSERT INTO mdvalues VALUES (145,NULL,'mgseqno','mgsearch.139');
INSERT INTO mdvalues VALUES (146,NULL,'mgseqno','mgsearch.155');
INSERT INTO mdvalues VALUES (147,NULL,'mgseqno','mgsearch.165');
INSERT INTO mdvalues VALUES (148,NULL,'mgseqno','mgsearch.168');
INSERT INTO mdvalues VALUES (149,NULL,'mgseqno','mgsearch.136');
INSERT INTO mdvalues VALUES (150,NULL,'mgseqno','mgsearch.156');
INSERT INTO mdvalues VALUES (151,NULL,'mgseqno','mgsearch.179');
INSERT INTO mdvalues VALUES (152,NULL,'mgseqno','mgsearch.173');
INSERT INTO mdvalues VALUES (154,NULL,'mgseqno','mgsearch.159');
INSERT INTO mdvalues VALUES (153,NULL,'mgseqno','mgsearch.170');
INSERT INTO mdvalues VALUES (155,NULL,'mgseqno','mgsearch.161');
INSERT INTO mdvalues VALUES (156,NULL,'classified','World Bank');
INSERT INTO mdvalues VALUES (157,NULL,'mgseqno','mgsearch.172');
INSERT INTO mdvalues VALUES (160,NULL,'mgseqno','mgsearch.140');
INSERT INTO mdvalues VALUES (159,NULL,'mgseqno','mgsearch.158');
INSERT INTO mdvalues VALUES (158,NULL,'mgseqno','mgsearch.160');
INSERT INTO mdvalues VALUES (161,NULL,'mgseqno','mgsearch.144');
INSERT INTO mdvalues VALUES (162,NULL,'mgseqno','mgsearch.151');
INSERT INTO mdvalues VALUES (165,NULL,'mgseqno','mgsearch.154');
INSERT INTO mdvalues VALUES (164,NULL,'mgseqno','mgsearch.150');
INSERT INTO mdvalues VALUES (163,NULL,'mgseqno','mgsearch.145');
INSERT INTO mdvalues VALUES (167,NULL,'mgseqno','mgsearch.138');
INSERT INTO mdvalues VALUES (166,NULL,'mgseqno','mgsearch.163');
INSERT INTO mdvalues VALUES (168,NULL,'mgseqno','mgsearch.148');
INSERT INTO mdvalues VALUES (169,NULL,'mgseqno','mgsearch.141');
INSERT INTO mdvalues VALUES (170,NULL,'mgseqno','mgsearch.171');
INSERT INTO mdvalues VALUES (171,NULL,'mgseqno','mgsearch.157');
INSERT INTO mdvalues VALUES (172,NULL,'mgseqno','mgsearch.162');
INSERT INTO mdvalues VALUES (174,NULL,'mgseqno','mgsearch.169');
INSERT INTO mdvalues VALUES (173,NULL,'mgseqno','mgsearch.174');
INSERT INTO mdvalues VALUES (175,NULL,'mgseqno','mgsearch.143');
INSERT INTO mdvalues VALUES (1,NULL,'Title','12 The Sulawesi Warty Pig');
INSERT INTO mdvalues VALUES (2,NULL,'Title','Selected Readings');
INSERT INTO mdvalues VALUES (3,NULL,'Title','6  Wild Banteng');
INSERT INTO mdvalues VALUES (5,NULL,'mgseqno','mgsearch.25');
INSERT INTO mdvalues VALUES (5,NULL,'Title','Appendixes');
INSERT INTO mdvalues VALUES (4,NULL,'Title','Introduction');
INSERT INTO mdvalues VALUES (6,NULL,'Title','1 Domesticated Banteng');
INSERT INTO mdvalues VALUES (7,NULL,'Title','13 Javan Warty Pig');
INSERT INTO mdvalues VALUES (8,NULL,'mgseqno','mgsearch.14');
INSERT INTO mdvalues VALUES (8,NULL,'Title','7 Gaur');
INSERT INTO mdvalues VALUES (9,NULL,'Title','Little Known Asian Animals With a Promising Economic Future');
INSERT INTO mdvalues VALUES (11,NULL,'Title','Acknowledgments');
INSERT INTO mdvalues VALUES (10,NULL,'Title','Board on Science and Technology for International Development');
INSERT INTO mdvalues VALUES (12,NULL,'mgseqno','mgsearch.9');
INSERT INTO mdvalues VALUES (12,NULL,'Title','3 Mithan');
INSERT INTO mdvalues VALUES (13,NULL,'mgseqno','mgsearch.16');
INSERT INTO mdvalues VALUES (13,NULL,'Title','9 Tamaraw');
INSERT INTO mdvalues VALUES (14,NULL,'Title','15 The Babirusa');
INSERT INTO mdvalues VALUES (15,NULL,'mgseqno','mgsearch.4');
INSERT INTO mdvalues VALUES (15,NULL,'Title','Preface');
INSERT INTO mdvalues VALUES (16,NULL,'Title','Advisory Committee on Technology Innovation');
INSERT INTO mdvalues VALUES (17,NULL,'mgseqno','mgsearch.17');
INSERT INTO mdvalues VALUES (17,NULL,'Title','10 Anoas');
INSERT INTO mdvalues VALUES (18,NULL,'Title','Part IV : Recommendations and  General Research  Needs');
INSERT INTO mdvalues VALUES (19,NULL,'mgseqno','mgsearch.10');
INSERT INTO mdvalues VALUES (19,NULL,'Title','4 Yak');
INSERT INTO mdvalues VALUES (21,NULL,'mgseqno','mgsearch.11');
INSERT INTO mdvalues VALUES (21,NULL,'Title','5 Yakows');
INSERT INTO mdvalues VALUES (22,NULL,'Title','Part I : Domesticated Bovine Species');
INSERT INTO mdvalues VALUES (23,NULL,'Title','11 The Bearded Pig');
INSERT INTO mdvalues VALUES (26,NULL,'mgseqno','mgsearch.22');
INSERT INTO mdvalues VALUES (26,NULL,'Title','14 Pigmy Hog');
INSERT INTO mdvalues VALUES (24,NULL,'Title','Part II : Wild Bovine Species');
INSERT INTO mdvalues VALUES (25,NULL,'Title','Part IlI : Pig and Piglike Species');
INSERT INTO mdvalues VALUES (27,NULL,'Title','2 Banteng Cattle Hybrids');
INSERT INTO mdvalues VALUES (28,NULL,'mgseqno','mgsearch.15');
INSERT INTO mdvalues VALUES (28,NULL,'Title','8 Kouprey');
INSERT INTO mdvalues VALUES (29,NULL,'Title','Research Contacts');
INSERT INTO mdvalues VALUES (30,NULL,'Title','19 Grasscutter');
INSERT INTO mdvalues VALUES (31,NULL,'Title','26 Mouse Deer');
INSERT INTO mdvalues VALUES (32,NULL,'mgseqno','mgsearch.42');
INSERT INTO mdvalues VALUES (32,NULL,'Title','5 Chicken');
INSERT INTO mdvalues VALUES (33,NULL,'mgseqno','mgsearch.56');
INSERT INTO mdvalues VALUES (33,NULL,'Title','17 Coypu');
INSERT INTO mdvalues VALUES (34,NULL,'mgseqno','mgsearch.35');
INSERT INTO mdvalues VALUES (34,NULL,'Title','Introduction');
INSERT INTO mdvalues VALUES (35,NULL,'Title','34 Black Iguana');
INSERT INTO mdvalues VALUES (36,NULL,'Title','1 Microcattle');
INSERT INTO mdvalues VALUES (37,NULL,'Title','20 Guinea Pig');
INSERT INTO mdvalues VALUES (38,NULL,'mgseqno','mgsearch.71');
INSERT INTO mdvalues VALUES (38,NULL,'Title','31 Duikers');
INSERT INTO mdvalues VALUES (39,NULL,'mgseqno','mgsearch.43');
INSERT INTO mdvalues VALUES (39,NULL,'Title','6 Ducks');
INSERT INTO mdvalues VALUES (40,NULL,'mgseqno','mgsearch.77');
INSERT INTO mdvalues VALUES (40,NULL,'Title','35 Bees');
INSERT INTO mdvalues VALUES (41,NULL,'Title','Board on Science and Technology for International Development (BOSTID)');
INSERT INTO mdvalues VALUES (42,NULL,'Title','33 Green Iguana');
INSERT INTO mdvalues VALUES (43,NULL,'Title','C BIOGRAPHICAL SKETCHES OF PANEL MEMBERS');
INSERT INTO mdvalues VALUES (45,NULL,'Title','Part VII Others');
INSERT INTO mdvalues VALUES (44,NULL,'Title','Acknowledgments');
INSERT INTO mdvalues VALUES (46,NULL,'mgseqno','mgsearch.49');
INSERT INTO mdvalues VALUES (46,NULL,'Title','12 Turkey');
INSERT INTO mdvalues VALUES (47,NULL,'Title','8 Guinea Fowl');
INSERT INTO mdvalues VALUES (48,NULL,'mgseqno','mgsearch.57');
INSERT INTO mdvalues VALUES (48,NULL,'Title','18 Giant Rat');
INSERT INTO mdvalues VALUES (49,NULL,'mgseqno','mgsearch.34');
INSERT INTO mdvalues VALUES (49,NULL,'Title','Preface');
INSERT INTO mdvalues VALUES (50,NULL,'mgseqno','mgsearch.40');
INSERT INTO mdvalues VALUES (50,NULL,'Title','4 Micropigs');
INSERT INTO mdvalues VALUES (52,NULL,'Title','25 Other Rodents');
INSERT INTO mdvalues VALUES (53,NULL,'Title','Part I : Microbreeds');
INSERT INTO mdvalues VALUES (54,NULL,'Title','Part II : Poultry');
INSERT INTO mdvalues VALUES (55,NULL,'Title','32 Other Small Antelope');
INSERT INTO mdvalues VALUES (56,NULL,'mgseqno','mgsearch.63');
INSERT INTO mdvalues VALUES (56,NULL,'Title','24 Vizcacha');
INSERT INTO mdvalues VALUES (57,NULL,'Title','29 South America\'s Microdeer');
INSERT INTO mdvalues VALUES (58,NULL,'Title','30 Water Deer');
INSERT INTO mdvalues VALUES (59,NULL,'Title','Part V : Deer and Antelope');
INSERT INTO mdvalues VALUES (60,NULL,'Title','Microlivestock   LittleKnown Small Animals with a Promising Economic Future');
INSERT INTO mdvalues VALUES (61,NULL,'mgseqno','mgsearch.39');
INSERT INTO mdvalues VALUES (61,NULL,'Title','3 Microsheep');
INSERT INTO mdvalues VALUES (62,NULL,'mgseqno','mgsearch.60');
INSERT INTO mdvalues VALUES (62,NULL,'Title','21 Hutia');
INSERT INTO mdvalues VALUES (63,NULL,'Title','Part VI : Lizards');
INSERT INTO mdvalues VALUES (64,NULL,'mgseqno','mgsearch.48');
INSERT INTO mdvalues VALUES (64,NULL,'Title','11 Quail');
INSERT INTO mdvalues VALUES (65,NULL,'mgseqno','mgsearch.46');
INSERT INTO mdvalues VALUES (65,NULL,'Title','9 Muscovy');
INSERT INTO mdvalues VALUES (66,NULL,'mgseqno','mgsearch.62');
INSERT INTO mdvalues VALUES (66,NULL,'Title','23 Paca');
INSERT INTO mdvalues VALUES (67,NULL,'mgseqno','mgsearch.78');
INSERT INTO mdvalues VALUES (67,NULL,'Title','Appendixes');
INSERT INTO mdvalues VALUES (68,NULL,'Title','Part IV : Rodents');
INSERT INTO mdvalues VALUES (69,NULL,'mgseqno','mgsearch.47');
INSERT INTO mdvalues VALUES (69,NULL,'Title','10 Pigeon');
INSERT INTO mdvalues VALUES (70,NULL,'Title','14 Domestic Rabbit');
INSERT INTO mdvalues VALUES (71,NULL,'Title','Part III : Rabbits');
INSERT INTO mdvalues VALUES (72,NULL,'mgseqno','mgsearch.55');
INSERT INTO mdvalues VALUES (72,NULL,'Title','16 Capybara');
INSERT INTO mdvalues VALUES (73,NULL,'mgseqno','mgsearch.38');
INSERT INTO mdvalues VALUES (73,NULL,'Title','2 Microgoats');
INSERT INTO mdvalues VALUES (74,NULL,'mgseqno','mgsearch.44');
INSERT INTO mdvalues VALUES (74,NULL,'Title','7 Geese');
INSERT INTO mdvalues VALUES (75,NULL,'mgseqno','mgsearch.68');
INSERT INTO mdvalues VALUES (75,NULL,'Title','28 Musk Deer');
INSERT INTO mdvalues VALUES (76,NULL,'Title','B Research Contacts');
INSERT INTO mdvalues VALUES (77,NULL,'Title','A Selected Readings');
INSERT INTO mdvalues VALUES (78,NULL,'mgseqno','mgsearch.54');
INSERT INTO mdvalues VALUES (78,NULL,'Title','15 Agouti');
INSERT INTO mdvalues VALUES (80,NULL,'mgseqno','mgsearch.67');
INSERT INTO mdvalues VALUES (80,NULL,'Title','27 Muntjac');
INSERT INTO mdvalues VALUES (79,NULL,'mgseqno','mgsearch.61');
INSERT INTO mdvalues VALUES (79,NULL,'Title','22 Mara');
INSERT INTO mdvalues VALUES (81,NULL,'Title','13 Potential New Poultry');
INSERT INTO mdvalues VALUES (82,NULL,'Title','Now you must decide');
INSERT INTO mdvalues VALUES (83,NULL,'Title','When are the plants big enough for food and for shelter?');
INSERT INTO mdvalues VALUES (84,NULL,'Title','Land that is wet');
INSERT INTO mdvalues VALUES (85,NULL,'mgseqno','mgsearch.101');
INSERT INTO mdvalues VALUES (85,NULL,'Title','How to begin');
INSERT INTO mdvalues VALUES (86,NULL,'Title','What do you need to start?');
INSERT INTO mdvalues VALUES (87,NULL,'Title','Where can you farm snails?');
INSERT INTO mdvalues VALUES (88,NULL,'Title','How much snail meat can you expect to get?');
INSERT INTO mdvalues VALUES (91,NULL,'Title','Where can you get snails?');
INSERT INTO mdvalues VALUES (92,NULL,'Title','Farming snails 1: Learning about snails; Building a pen; Food and shelter plants');
INSERT INTO mdvalues VALUES (93,NULL,'Title','Building a pen');
INSERT INTO mdvalues VALUES (94,NULL,'Title','Plant the food and shelter plants');
INSERT INTO mdvalues VALUES (95,NULL,'Title','Choose a place on your land to put your snail farm');
INSERT INTO mdvalues VALUES (96,NULL,'mgseqno','mgsearch.86');
INSERT INTO mdvalues VALUES (96,NULL,'Title','Introduction');
INSERT INTO mdvalues VALUES (97,NULL,'Title','Plants for food and plants for shelter');
INSERT INTO mdvalues VALUES (98,NULL,'Title','Where do you keep snails when you farm them?');
INSERT INTO mdvalues VALUES (99,NULL,'Title','What kind of snails can you farm?');
INSERT INTO mdvalues VALUES (100,NULL,'Title','Clean the site and prepare the ground');
INSERT INTO mdvalues VALUES (101,NULL,'Title','The soil and the water in the soil');
INSERT INTO mdvalues VALUES (103,NULL,'mgseqno','mgsearch.96');
INSERT INTO mdvalues VALUES (103,NULL,'Title','Wind');
INSERT INTO mdvalues VALUES (102,NULL,'Title','Learning about snails');
INSERT INTO mdvalues VALUES (104,NULL,'Title','How many snails will you need when you first begin?');
INSERT INTO mdvalues VALUES (105,NULL,'Title','Taking better care of your snails');
INSERT INTO mdvalues VALUES (106,NULL,'Title','When to harvest your snails');
INSERT INTO mdvalues VALUES (107,NULL,'Title','Taking care of your snails');
INSERT INTO mdvalues VALUES (108,NULL,'Title','When to take out the fully grown snails');
INSERT INTO mdvalues VALUES (109,NULL,'Title','Further improvement');
INSERT INTO mdvalues VALUES (110,NULL,'Title','When to build the second pen and how to build it');
INSERT INTO mdvalues VALUES (112,NULL,'Title','How to harvest your snails');
INSERT INTO mdvalues VALUES (113,NULL,'Title','Putting your snails in the pen');
INSERT INTO mdvalues VALUES (114,NULL,'Title','Take away the weeds and creeping grass');
INSERT INTO mdvalues VALUES (115,NULL,'Title','Farming snails 2: Choosing snails; Care and harvesting; Further improvement');
INSERT INTO mdvalues VALUES (116,NULL,'Title','Building the second pen');
INSERT INTO mdvalues VALUES (118,NULL,'Title','Harvesting your snails');
INSERT INTO mdvalues VALUES (117,NULL,'Title','Preparing snails for cooking');
INSERT INTO mdvalues VALUES (121,NULL,'Title','Wet the food and shelter plants and moisten the ground');
INSERT INTO mdvalues VALUES (120,NULL,'Title','Putting snails in your second pen');
INSERT INTO mdvalues VALUES (119,NULL,'Title','Building a bigger pen');
INSERT INTO mdvalues VALUES (123,NULL,'mgseqno','mgsearch.110');
INSERT INTO mdvalues VALUES (123,NULL,'Title','Preface');
INSERT INTO mdvalues VALUES (122,NULL,'Title','What to do with the snails you harvest');
INSERT INTO mdvalues VALUES (124,NULL,'Title','Feeding your snails other kinds of food');
INSERT INTO mdvalues VALUES (125,NULL,'Title','Building the third pen');
INSERT INTO mdvalues VALUES (126,NULL,'Title','Choosing your snails');
INSERT INTO mdvalues VALUES (127,NULL,'Title','Tend the food and shelter plants');
INSERT INTO mdvalues VALUES (128,NULL,'mgseqno','mgsearch.111');
INSERT INTO mdvalues VALUES (128,NULL,'Title','The snails');
INSERT INTO mdvalues VALUES (130,NULL,'Title','Household and Intrahousehold Resource Allocation');
INSERT INTO mdvalues VALUES (129,NULL,'mgseqno','mgsearch.166');
INSERT INTO mdvalues VALUES (129,NULL,'Title','Family Law');
INSERT INTO mdvalues VALUES (132,NULL,'Title','Gender Inequalities Persist');
INSERT INTO mdvalues VALUES (131,NULL,'Title','Land and Property Rights');
INSERT INTO mdvalues VALUES (135,NULL,'Title','Definitions and Data Notes');
INSERT INTO mdvalues VALUES (134,NULL,'Title','Strengthening International Policies to Meet New Challenges');
INSERT INTO mdvalues VALUES (133,NULL,'mgseqno','mgsearch.178');
INSERT INTO mdvalues VALUES (133,NULL,'Title','Notes');
INSERT INTO mdvalues VALUES (137,NULL,'Title','Linkages between Education Health, and Nutritious');
INSERT INTO mdvalues VALUES (136,NULL,'Title','Women\'s bargaining position in relation to household');
INSERT INTO mdvalues VALUES (138,NULL,'mgseqno','mgsearch.147');
INSERT INTO mdvalues VALUES (138,NULL,'Title','Education');
INSERT INTO mdvalues VALUES (139,NULL,'Title','Development in practice: Toward Gender Equality');
INSERT INTO mdvalues VALUES (140,NULL,'Title','Working in Collaboration');
INSERT INTO mdvalues VALUES (141,NULL,'mgseqno','mgsearch.177');
INSERT INTO mdvalues VALUES (141,NULL,'Title','Conclusions');
INSERT INTO mdvalues VALUES (142,NULL,'mgseqno','mgsearch.135');
INSERT INTO mdvalues VALUES (142,NULL,'Title','Foreword');
INSERT INTO mdvalues VALUES (143,NULL,'Title','Why Do Gender Inequalities Persist?');
INSERT INTO mdvalues VALUES (144,NULL,'Title','Employment Work');
INSERT INTO mdvalues VALUES (145,NULL,'mgseqno','mgsearch.139');
INSERT INTO mdvalues VALUES (145,NULL,'Title','Data Notes');
INSERT INTO mdvalues VALUES (146,NULL,'Title','Formal Sector Employment');
INSERT INTO mdvalues VALUES (147,NULL,'Title','Labor Market Policies and Employment Law');
INSERT INTO mdvalues VALUES (148,NULL,'Title','Financial Laws and Regulations');
INSERT INTO mdvalues VALUES (149,NULL,'Title','Acknowledgments');
INSERT INTO mdvalues VALUES (150,NULL,'Title','Informal Sector');
INSERT INTO mdvalues VALUES (151,NULL,'mgseqno','mgsearch.179');
INSERT INTO mdvalues VALUES (151,NULL,'Title','References');
INSERT INTO mdvalues VALUES (152,NULL,'Title','Involving Beneficiaries in Public Policy');
INSERT INTO mdvalues VALUES (154,NULL,'Title','Access to Extension Services');
INSERT INTO mdvalues VALUES (153,NULL,'Title','Inflation tends to hit women harder than men.');
INSERT INTO mdvalues VALUES (155,NULL,'Title','Chapter three');
INSERT INTO mdvalues VALUES (156,NULL,'Keyword','achieve gender equality');
INSERT INTO mdvalues VALUES (157,NULL,'Title','Using Targeting Measures to Narrow the Gender');
INSERT INTO mdvalues VALUES (160,NULL,'mgseqno','mgsearch.140');
INSERT INTO mdvalues VALUES (160,NULL,'Title','Summary');
INSERT INTO mdvalues VALUES (159,NULL,'Title','Access to Lund and Property');
INSERT INTO mdvalues VALUES (158,NULL,'mgseqno','mgsearch.160');
INSERT INTO mdvalues VALUES (158,NULL,'Title','Conclusion');
INSERT INTO mdvalues VALUES (161,NULL,'mgseqno','mgsearch.144');
INSERT INTO mdvalues VALUES (161,NULL,'Title','Conclusion');
INSERT INTO mdvalues VALUES (162,NULL,'Title','Gender Inequalities Hamper Growth');
INSERT INTO mdvalues VALUES (165,NULL,'Title','Household and Labor Market Linkages');
INSERT INTO mdvalues VALUES (164,NULL,'mgseqno','mgsearch.150');
INSERT INTO mdvalues VALUES (164,NULL,'Title','Chapter two');
INSERT INTO mdvalues VALUES (163,NULL,'mgseqno','mgsearch.145');
INSERT INTO mdvalues VALUES (163,NULL,'Title','Chapter one');
INSERT INTO mdvalues VALUES (167,NULL,'mgseqno','mgsearch.138');
INSERT INTO mdvalues VALUES (167,NULL,'Title','Definitions');
INSERT INTO mdvalues VALUES (166,NULL,'Title','Equalizing Opportunities by Modifying, the Legal Framework');
INSERT INTO mdvalues VALUES (168,NULL,'mgseqno','mgsearch.148');
INSERT INTO mdvalues VALUES (168,NULL,'Title','Health');
INSERT INTO mdvalues VALUES (169,NULL,'Title','Progress to Date');
INSERT INTO mdvalues VALUES (170,NULL,'Title','Sectoral Investments');
INSERT INTO mdvalues VALUES (171,NULL,'Title','Access to Financial Markets');
INSERT INTO mdvalues VALUES (172,NULL,'Title','Public Policies Matter');
INSERT INTO mdvalues VALUES (174,NULL,'Title','Macroeconomic: Policies');
INSERT INTO mdvalues VALUES (173,NULL,'Title','Generating and Analyzing GenderDesegregated Data');
INSERT INTO mdvalues VALUES (175,NULL,'Title','Strategies for the Future');
INSERT INTO mdvalues VALUES (1,NULL,'mgseqno','mgsearch.20');
INSERT INTO mdvalues VALUES (2,NULL,'mgseqno','mgsearch.26');
INSERT INTO mdvalues VALUES (3,NULL,'mgseqno','mgsearch.13');
INSERT INTO mdvalues VALUES (5,NULL,'mgseqno','mgsearch.25');
INSERT INTO mdvalues VALUES (4,NULL,'mgseqno','mgsearch.5');
INSERT INTO mdvalues VALUES (6,NULL,'mgseqno','mgsearch.7');
INSERT INTO mdvalues VALUES (7,NULL,'mgseqno','mgsearch.21');
INSERT INTO mdvalues VALUES (8,NULL,'mgseqno','mgsearch.14');
INSERT INTO mdvalues VALUES (9,NULL,'mgseqno','mgsearch.2');
INSERT INTO mdvalues VALUES (9,NULL,'mgseqno','mgsearch.2');
INSERT INTO mdvalues VALUES (11,NULL,'mgseqno','mgsearch.3');
INSERT INTO mdvalues VALUES (10,NULL,'mgseqno','mgsearch.29');
INSERT INTO mdvalues VALUES (10,NULL,'mgseqno','mgsearch.29');
INSERT INTO mdvalues VALUES (12,NULL,'mgseqno','mgsearch.9');
INSERT INTO mdvalues VALUES (13,NULL,'mgseqno','mgsearch.16');
INSERT INTO mdvalues VALUES (14,NULL,'mgseqno','mgsearch.23');
INSERT INTO mdvalues VALUES (15,NULL,'mgseqno','mgsearch.4');
INSERT INTO mdvalues VALUES (16,NULL,'mgseqno','mgsearch.28');
INSERT INTO mdvalues VALUES (16,NULL,'mgseqno','mgsearch.28');
INSERT INTO mdvalues VALUES (17,NULL,'mgseqno','mgsearch.17');
INSERT INTO mdvalues VALUES (18,NULL,'mgseqno','mgsearch.24');
INSERT INTO mdvalues VALUES (18,NULL,'mgseqno','mgsearch.24');
INSERT INTO mdvalues VALUES (19,NULL,'mgseqno','mgsearch.10');
INSERT INTO mdvalues VALUES (22,NULL,'mgseqno','mgsearch.6');
INSERT INTO mdvalues VALUES (22,NULL,'mgseqno','mgsearch.6');
INSERT INTO mdvalues VALUES (23,NULL,'mgseqno','mgsearch.19');
INSERT INTO mdvalues VALUES (26,NULL,'mgseqno','mgsearch.22');
INSERT INTO mdvalues VALUES (24,NULL,'mgseqno','mgsearch.12');
INSERT INTO mdvalues VALUES (25,NULL,'mgseqno','mgsearch.18');
INSERT INTO mdvalues VALUES (27,NULL,'mgseqno','mgsearch.8');
INSERT INTO mdvalues VALUES (28,NULL,'mgseqno','mgsearch.15');
INSERT INTO mdvalues VALUES (29,NULL,'mgseqno','mgsearch.27');
INSERT INTO mdvalues VALUES (30,NULL,'mgseqno','mgsearch.58');
INSERT INTO mdvalues VALUES (31,NULL,'mgseqno','mgsearch.66');
INSERT INTO mdvalues VALUES (32,NULL,'mgseqno','mgsearch.42');
INSERT INTO mdvalues VALUES (33,NULL,'mgseqno','mgsearch.56');
INSERT INTO mdvalues VALUES (34,NULL,'mgseqno','mgsearch.35');
INSERT INTO mdvalues VALUES (35,NULL,'mgseqno','mgsearch.75');
INSERT INTO mdvalues VALUES (36,NULL,'mgseqno','mgsearch.37');
INSERT INTO mdvalues VALUES (37,NULL,'mgseqno','mgsearch.59');
INSERT INTO mdvalues VALUES (38,NULL,'mgseqno','mgsearch.71');
INSERT INTO mdvalues VALUES (39,NULL,'mgseqno','mgsearch.43');
INSERT INTO mdvalues VALUES (40,NULL,'mgseqno','mgsearch.77');
INSERT INTO mdvalues VALUES (41,NULL,'mgseqno','mgsearch.82');
INSERT INTO mdvalues VALUES (41,NULL,'mgseqno','mgsearch.82');
INSERT INTO mdvalues VALUES (42,NULL,'mgseqno','mgsearch.74');
INSERT INTO mdvalues VALUES (43,NULL,'mgseqno','mgsearch.81');
INSERT INTO mdvalues VALUES (43,NULL,'mgseqno','mgsearch.81');
INSERT INTO mdvalues VALUES (45,NULL,'mgseqno','mgsearch.76');
INSERT INTO mdvalues VALUES (44,NULL,'mgseqno','mgsearch.33');
INSERT INTO mdvalues VALUES (46,NULL,'mgseqno','mgsearch.49');
INSERT INTO mdvalues VALUES (47,NULL,'mgseqno','mgsearch.45');
INSERT INTO mdvalues VALUES (48,NULL,'mgseqno','mgsearch.57');
INSERT INTO mdvalues VALUES (49,NULL,'mgseqno','mgsearch.34');
INSERT INTO mdvalues VALUES (50,NULL,'mgseqno','mgsearch.40');
INSERT INTO mdvalues VALUES (52,NULL,'mgseqno','mgsearch.64');
INSERT INTO mdvalues VALUES (53,NULL,'mgseqno','mgsearch.36');
INSERT INTO mdvalues VALUES (54,NULL,'mgseqno','mgsearch.41');
INSERT INTO mdvalues VALUES (55,NULL,'mgseqno','mgsearch.72');
INSERT INTO mdvalues VALUES (56,NULL,'mgseqno','mgsearch.63');
INSERT INTO mdvalues VALUES (57,NULL,'mgseqno','mgsearch.69');
INSERT INTO mdvalues VALUES (58,NULL,'mgseqno','mgsearch.70');
INSERT INTO mdvalues VALUES (59,NULL,'mgseqno','mgsearch.65');
INSERT INTO mdvalues VALUES (60,NULL,'mgseqno','mgsearch.32');
INSERT INTO mdvalues VALUES (60,NULL,'mgseqno','mgsearch.32');
INSERT INTO mdvalues VALUES (61,NULL,'mgseqno','mgsearch.39');
INSERT INTO mdvalues VALUES (62,NULL,'mgseqno','mgsearch.60');
INSERT INTO mdvalues VALUES (63,NULL,'mgseqno','mgsearch.73');
INSERT INTO mdvalues VALUES (64,NULL,'mgseqno','mgsearch.48');
INSERT INTO mdvalues VALUES (65,NULL,'mgseqno','mgsearch.46');
INSERT INTO mdvalues VALUES (66,NULL,'mgseqno','mgsearch.62');
INSERT INTO mdvalues VALUES (67,NULL,'mgseqno','mgsearch.78');
INSERT INTO mdvalues VALUES (68,NULL,'mgseqno','mgsearch.53');
INSERT INTO mdvalues VALUES (69,NULL,'mgseqno','mgsearch.47');
INSERT INTO mdvalues VALUES (70,NULL,'mgseqno','mgsearch.52');
INSERT INTO mdvalues VALUES (71,NULL,'mgseqno','mgsearch.51');
INSERT INTO mdvalues VALUES (72,NULL,'mgseqno','mgsearch.55');
INSERT INTO mdvalues VALUES (73,NULL,'mgseqno','mgsearch.38');
INSERT INTO mdvalues VALUES (74,NULL,'mgseqno','mgsearch.44');
INSERT INTO mdvalues VALUES (75,NULL,'mgseqno','mgsearch.68');
INSERT INTO mdvalues VALUES (76,NULL,'mgseqno','mgsearch.80');
INSERT INTO mdvalues VALUES (77,NULL,'mgseqno','mgsearch.79');
INSERT INTO mdvalues VALUES (78,NULL,'mgseqno','mgsearch.54');
INSERT INTO mdvalues VALUES (80,NULL,'mgseqno','mgsearch.67');
INSERT INTO mdvalues VALUES (79,NULL,'mgseqno','mgsearch.61');
INSERT INTO mdvalues VALUES (81,NULL,'mgseqno','mgsearch.50');
INSERT INTO mdvalues VALUES (82,NULL,'mgseqno','mgsearch.100');
INSERT INTO mdvalues VALUES (83,NULL,'mgseqno','mgsearch.106');
INSERT INTO mdvalues VALUES (83,NULL,'mgseqno','mgsearch.106');
INSERT INTO mdvalues VALUES (84,NULL,'mgseqno','mgsearch.95');
INSERT INTO mdvalues VALUES (85,NULL,'mgseqno','mgsearch.101');
INSERT INTO mdvalues VALUES (86,NULL,'mgseqno','mgsearch.87');
INSERT INTO mdvalues VALUES (87,NULL,'mgseqno','mgsearch.91');
INSERT INTO mdvalues VALUES (88,NULL,'mgseqno','mgsearch.99');
INSERT INTO mdvalues VALUES (88,NULL,'mgseqno','mgsearch.99');
INSERT INTO mdvalues VALUES (89,NULL,'classified','FAO Better Farming series');
INSERT INTO mdvalues VALUES (89,NULL,'Language','English');
INSERT INTO mdvalues VALUES (90,NULL,'mgseqno','mgsearch.94');
INSERT INTO mdvalues VALUES (91,NULL,'mgseqno','mgsearch.90');
INSERT INTO mdvalues VALUES (92,NULL,'mgseqno','mgsearch.85');
INSERT INTO mdvalues VALUES (92,NULL,'mgseqno','mgsearch.85');
INSERT INTO mdvalues VALUES (93,NULL,'mgseqno','mgsearch.104');
INSERT INTO mdvalues VALUES (94,NULL,'mgseqno','mgsearch.105');
INSERT INTO mdvalues VALUES (95,NULL,'mgseqno','mgsearch.102');
INSERT INTO mdvalues VALUES (95,NULL,'mgseqno','mgsearch.102');
INSERT INTO mdvalues VALUES (96,NULL,'mgseqno','mgsearch.86');
INSERT INTO mdvalues VALUES (97,NULL,'mgseqno','mgsearch.93');
INSERT INTO mdvalues VALUES (97,NULL,'mgseqno','mgsearch.93');
INSERT INTO mdvalues VALUES (98,NULL,'mgseqno','mgsearch.97');
INSERT INTO mdvalues VALUES (98,NULL,'mgseqno','mgsearch.97');
INSERT INTO mdvalues VALUES (99,NULL,'mgseqno','mgsearch.89');
INSERT INTO mdvalues VALUES (100,NULL,'mgseqno','mgsearch.103');
INSERT INTO mdvalues VALUES (100,NULL,'mgseqno','mgsearch.103');
INSERT INTO mdvalues VALUES (101,NULL,'mgseqno','mgsearch.92');
INSERT INTO mdvalues VALUES (103,NULL,'mgseqno','mgsearch.96');
INSERT INTO mdvalues VALUES (102,NULL,'mgseqno','mgsearch.88');
INSERT INTO mdvalues VALUES (104,NULL,'mgseqno','mgsearch.98');
INSERT INTO mdvalues VALUES (104,NULL,'mgseqno','mgsearch.98');
INSERT INTO mdvalues VALUES (105,NULL,'mgseqno','mgsearch.131');
INSERT INTO mdvalues VALUES (106,NULL,'mgseqno','mgsearch.124');
INSERT INTO mdvalues VALUES (107,NULL,'mgseqno','mgsearch.115');
INSERT INTO mdvalues VALUES (108,NULL,'mgseqno','mgsearch.114');
INSERT INTO mdvalues VALUES (108,NULL,'mgseqno','mgsearch.114');
INSERT INTO mdvalues VALUES (109,NULL,'mgseqno','mgsearch.128');
INSERT INTO mdvalues VALUES (110,NULL,'mgseqno','mgsearch.121');
INSERT INTO mdvalues VALUES (110,NULL,'mgseqno','mgsearch.121');
INSERT INTO mdvalues VALUES (112,NULL,'mgseqno','mgsearch.125');
INSERT INTO mdvalues VALUES (113,NULL,'mgseqno','mgsearch.113');
INSERT INTO mdvalues VALUES (114,NULL,'mgseqno','mgsearch.118');
INSERT INTO mdvalues VALUES (114,NULL,'mgseqno','mgsearch.118');
INSERT INTO mdvalues VALUES (115,NULL,'mgseqno','mgsearch.109');
INSERT INTO mdvalues VALUES (115,NULL,'mgseqno','mgsearch.109');
INSERT INTO mdvalues VALUES (116,NULL,'mgseqno','mgsearch.120');
INSERT INTO mdvalues VALUES (118,NULL,'mgseqno','mgsearch.123');
INSERT INTO mdvalues VALUES (117,NULL,'mgseqno','mgsearch.127');
INSERT INTO mdvalues VALUES (121,NULL,'mgseqno','mgsearch.116');
INSERT INTO mdvalues VALUES (121,NULL,'mgseqno','mgsearch.116');
INSERT INTO mdvalues VALUES (120,NULL,'mgseqno','mgsearch.122');
INSERT INTO mdvalues VALUES (119,NULL,'mgseqno','mgsearch.130');
INSERT INTO mdvalues VALUES (123,NULL,'mgseqno','mgsearch.110');
INSERT INTO mdvalues VALUES (122,NULL,'mgseqno','mgsearch.126');
INSERT INTO mdvalues VALUES (122,NULL,'mgseqno','mgsearch.126');
INSERT INTO mdvalues VALUES (124,NULL,'mgseqno','mgsearch.119');
INSERT INTO mdvalues VALUES (124,NULL,'mgseqno','mgsearch.119');
INSERT INTO mdvalues VALUES (125,NULL,'mgseqno','mgsearch.129');
INSERT INTO mdvalues VALUES (126,NULL,'mgseqno','mgsearch.112');
INSERT INTO mdvalues VALUES (127,NULL,'mgseqno','mgsearch.117');
INSERT INTO mdvalues VALUES (128,NULL,'mgseqno','mgsearch.111');
INSERT INTO mdvalues VALUES (130,NULL,'mgseqno','mgsearch.152');
INSERT INTO mdvalues VALUES (130,NULL,'mgseqno','mgsearch.152');
INSERT INTO mdvalues VALUES (129,NULL,'mgseqno','mgsearch.166');
INSERT INTO mdvalues VALUES (132,NULL,'mgseqno','mgsearch.146');
INSERT INTO mdvalues VALUES (131,NULL,'mgseqno','mgsearch.164');
INSERT INTO mdvalues VALUES (135,NULL,'mgseqno','mgsearch.137');
INSERT INTO mdvalues VALUES (134,NULL,'mgseqno','mgsearch.176');
INSERT INTO mdvalues VALUES (134,NULL,'mgseqno','mgsearch.176');
INSERT INTO mdvalues VALUES (133,NULL,'mgseqno','mgsearch.178');
INSERT INTO mdvalues VALUES (137,NULL,'mgseqno','mgsearch.153');
INSERT INTO mdvalues VALUES (137,NULL,'mgseqno','mgsearch.153');
INSERT INTO mdvalues VALUES (136,NULL,'mgseqno','mgsearch.167');
INSERT INTO mdvalues VALUES (136,NULL,'mgseqno','mgsearch.167');
INSERT INTO mdvalues VALUES (138,NULL,'mgseqno','mgsearch.147');
INSERT INTO mdvalues VALUES (139,NULL,'mgseqno','mgsearch.134');
INSERT INTO mdvalues VALUES (139,NULL,'mgseqno','mgsearch.134');
INSERT INTO mdvalues VALUES (140,NULL,'mgseqno','mgsearch.175');
INSERT INTO mdvalues VALUES (141,NULL,'mgseqno','mgsearch.177');
INSERT INTO mdvalues VALUES (142,NULL,'mgseqno','mgsearch.135');
INSERT INTO mdvalues VALUES (143,NULL,'mgseqno','mgsearch.142');
INSERT INTO mdvalues VALUES (144,NULL,'mgseqno','mgsearch.149');
INSERT INTO mdvalues VALUES (145,NULL,'mgseqno','mgsearch.139');
INSERT INTO mdvalues VALUES (146,NULL,'mgseqno','mgsearch.155');
INSERT INTO mdvalues VALUES (147,NULL,'mgseqno','mgsearch.165');
INSERT INTO mdvalues VALUES (147,NULL,'mgseqno','mgsearch.165');
INSERT INTO mdvalues VALUES (148,NULL,'mgseqno','mgsearch.168');
INSERT INTO mdvalues VALUES (149,NULL,'mgseqno','mgsearch.136');
INSERT INTO mdvalues VALUES (150,NULL,'mgseqno','mgsearch.156');
INSERT INTO mdvalues VALUES (151,NULL,'mgseqno','mgsearch.179');
INSERT INTO mdvalues VALUES (152,NULL,'mgseqno','mgsearch.173');
INSERT INTO mdvalues VALUES (152,NULL,'mgseqno','mgsearch.173');
INSERT INTO mdvalues VALUES (154,NULL,'mgseqno','mgsearch.159');
INSERT INTO mdvalues VALUES (153,NULL,'mgseqno','mgsearch.170');
INSERT INTO mdvalues VALUES (153,NULL,'mgseqno','mgsearch.170');
INSERT INTO mdvalues VALUES (155,NULL,'mgseqno','mgsearch.161');
INSERT INTO mdvalues VALUES (157,NULL,'mgseqno','mgsearch.172');
INSERT INTO mdvalues VALUES (157,NULL,'mgseqno','mgsearch.172');
INSERT INTO mdvalues VALUES (160,NULL,'mgseqno','mgsearch.140');
INSERT INTO mdvalues VALUES (159,NULL,'mgseqno','mgsearch.158');
INSERT INTO mdvalues VALUES (158,NULL,'mgseqno','mgsearch.160');
INSERT INTO mdvalues VALUES (161,NULL,'mgseqno','mgsearch.144');
INSERT INTO mdvalues VALUES (162,NULL,'mgseqno','mgsearch.151');
INSERT INTO mdvalues VALUES (165,NULL,'mgseqno','mgsearch.154');
INSERT INTO mdvalues VALUES (164,NULL,'mgseqno','mgsearch.150');
INSERT INTO mdvalues VALUES (163,NULL,'mgseqno','mgsearch.145');
INSERT INTO mdvalues VALUES (167,NULL,'mgseqno','mgsearch.138');
INSERT INTO mdvalues VALUES (166,NULL,'mgseqno','mgsearch.163');
INSERT INTO mdvalues VALUES (166,NULL,'mgseqno','mgsearch.163');
INSERT INTO mdvalues VALUES (168,NULL,'mgseqno','mgsearch.148');
INSERT INTO mdvalues VALUES (169,NULL,'mgseqno','mgsearch.141');
INSERT INTO mdvalues VALUES (170,NULL,'mgseqno','mgsearch.171');
INSERT INTO mdvalues VALUES (171,NULL,'mgseqno','mgsearch.157');
INSERT INTO mdvalues VALUES (172,NULL,'mgseqno','mgsearch.162');
INSERT INTO mdvalues VALUES (174,NULL,'mgseqno','mgsearch.169');
INSERT INTO mdvalues VALUES (173,NULL,'mgseqno','mgsearch.174');
INSERT INTO mdvalues VALUES (173,NULL,'mgseqno','mgsearch.174');
INSERT INTO mdvalues VALUES (175,NULL,'mgseqno','mgsearch.143');

--
-- Table structure for table `metadata`
--

CREATE TABLE metadata (
  MetadataRef int(11) NOT NULL auto_increment,
  DocID varchar(64) default NULL,
  MetaID varchar(64) default NULL,
  GroupID varchar(64) default NULL,
  PRIMARY KEY  (MetadataRef)
) TYPE=MyISAM;

--
-- Dumping data for table `metadata`
--

INSERT INTO metadata VALUES (1,'20050201:1','DM20','1.6.2');
INSERT INTO metadata VALUES (2,'20050201:1','DM26','1.8.1');
INSERT INTO metadata VALUES (3,'20050201:1','DM13','1.5.1');
INSERT INTO metadata VALUES (4,'20050201:1','DM5','1.3');
INSERT INTO metadata VALUES (5,'20050201:1','DM25','1.8');
INSERT INTO metadata VALUES (6,'20050201:1','DM7','1.4.1');
INSERT INTO metadata VALUES (7,'20050201:1','DM21','1.6.3');
INSERT INTO metadata VALUES (8,'20050201:1','DM14','1.5.2');
INSERT INTO metadata VALUES (9,'20050201:1','DM2','1');
INSERT INTO metadata VALUES (10,'20050201:1','DM29','1.10');
INSERT INTO metadata VALUES (11,'20050201:1','DM3','1.1');
INSERT INTO metadata VALUES (12,'20050201:1','DM9','1.4.3');
INSERT INTO metadata VALUES (13,'20050201:1','DM16','1.5.4');
INSERT INTO metadata VALUES (14,'20050201:1','DM23','1.6.5');
INSERT INTO metadata VALUES (15,'20050201:1','DM4','1.2');
INSERT INTO metadata VALUES (16,'20050201:1','DM28','1.9');
INSERT INTO metadata VALUES (17,'20050201:1','DM17','1.5.5');
INSERT INTO metadata VALUES (18,'20050201:1','DM24','1.7');
INSERT INTO metadata VALUES (19,'20050201:1','DM10','1.4.4');
INSERT INTO metadata VALUES (20,'20050201:1','DM1','default');
INSERT INTO metadata VALUES (21,'20050201:1','DM11','1.4.5');
INSERT INTO metadata VALUES (22,'20050201:1','DM6','1.4');
INSERT INTO metadata VALUES (23,'20050201:1','DM19','1.6.1');
INSERT INTO metadata VALUES (24,'20050201:1','DM12','1.5');
INSERT INTO metadata VALUES (25,'20050201:1','DM18','1.6');
INSERT INTO metadata VALUES (26,'20050201:1','DM22','1.6.4');
INSERT INTO metadata VALUES (27,'20050201:1','DM8','1.4.2');
INSERT INTO metadata VALUES (28,'20050201:1','DM15','1.5.3');
INSERT INTO metadata VALUES (29,'20050201:1','DM27','1.8.2');
INSERT INTO metadata VALUES (30,'20050201:2','DM28','1.7.5');
INSERT INTO metadata VALUES (31,'20050201:2','DM36','1.8.1');
INSERT INTO metadata VALUES (32,'20050201:2','DM12','1.5.1');
INSERT INTO metadata VALUES (33,'20050201:2','DM26','1.7.3');
INSERT INTO metadata VALUES (34,'20050201:2','DM5','1.3');
INSERT INTO metadata VALUES (35,'20050201:2','DM45','1.9.2');
INSERT INTO metadata VALUES (36,'20050201:2','DM7','1.4.1');
INSERT INTO metadata VALUES (37,'20050201:2','DM29','1.7.6');
INSERT INTO metadata VALUES (38,'20050201:2','DM41','1.8.6');
INSERT INTO metadata VALUES (39,'20050201:2','DM13','1.5.2');
INSERT INTO metadata VALUES (40,'20050201:2','DM47','1.10.1');
INSERT INTO metadata VALUES (41,'20050201:2','DM52','1.12');
INSERT INTO metadata VALUES (42,'20050201:2','DM44','1.9.1');
INSERT INTO metadata VALUES (43,'20050201:2','DM51','1.11.3');
INSERT INTO metadata VALUES (44,'20050201:2','DM3','1.1');
INSERT INTO metadata VALUES (45,'20050201:2','DM46','1.10');
INSERT INTO metadata VALUES (46,'20050201:2','DM19','1.5.8');
INSERT INTO metadata VALUES (47,'20050201:2','DM15','1.5.4');
INSERT INTO metadata VALUES (48,'20050201:2','DM27','1.7.4');
INSERT INTO metadata VALUES (49,'20050201:2','DM4','1.2');
INSERT INTO metadata VALUES (50,'20050201:2','DM10','1.4.4');
INSERT INTO metadata VALUES (51,'20050201:2','DM1','default');
INSERT INTO metadata VALUES (52,'20050201:2','DM34','1.7.11');
INSERT INTO metadata VALUES (53,'20050201:2','DM6','1.4');
INSERT INTO metadata VALUES (54,'20050201:2','DM11','1.5');
INSERT INTO metadata VALUES (55,'20050201:2','DM42','1.8.7');
INSERT INTO metadata VALUES (56,'20050201:2','DM33','1.7.10');
INSERT INTO metadata VALUES (57,'20050201:2','DM39','1.8.4');
INSERT INTO metadata VALUES (58,'20050201:2','DM40','1.8.5');
INSERT INTO metadata VALUES (59,'20050201:2','DM35','1.8');
INSERT INTO metadata VALUES (60,'20050201:2','DM2','1');
INSERT INTO metadata VALUES (61,'20050201:2','DM9','1.4.3');
INSERT INTO metadata VALUES (62,'20050201:2','DM30','1.7.7');
INSERT INTO metadata VALUES (63,'20050201:2','DM43','1.9');
INSERT INTO metadata VALUES (64,'20050201:2','DM18','1.5.7');
INSERT INTO metadata VALUES (65,'20050201:2','DM16','1.5.5');
INSERT INTO metadata VALUES (66,'20050201:2','DM32','1.7.9');
INSERT INTO metadata VALUES (67,'20050201:2','DM48','1.11');
INSERT INTO metadata VALUES (68,'20050201:2','DM23','1.7');
INSERT INTO metadata VALUES (69,'20050201:2','DM17','1.5.6');
INSERT INTO metadata VALUES (70,'20050201:2','DM22','1.6.1');
INSERT INTO metadata VALUES (71,'20050201:2','DM21','1.6');
INSERT INTO metadata VALUES (72,'20050201:2','DM25','1.7.2');
INSERT INTO metadata VALUES (73,'20050201:2','DM8','1.4.2');
INSERT INTO metadata VALUES (74,'20050201:2','DM14','1.5.3');
INSERT INTO metadata VALUES (75,'20050201:2','DM38','1.8.3');
INSERT INTO metadata VALUES (76,'20050201:2','DM50','1.11.2');
INSERT INTO metadata VALUES (77,'20050201:2','DM49','1.11.1');
INSERT INTO metadata VALUES (78,'20050201:2','DM24','1.7.1');
INSERT INTO metadata VALUES (79,'20050201:2','DM31','1.7.8');
INSERT INTO metadata VALUES (80,'20050201:2','DM37','1.8.2');
INSERT INTO metadata VALUES (81,'20050201:2','DM20','1.5.9');
INSERT INTO metadata VALUES (82,'20050201:3','DM17','1.2.12');
INSERT INTO metadata VALUES (83,'20050201:3','DM23','1.5.1');
INSERT INTO metadata VALUES (84,'20050201:3','DM12','1.2.7');
INSERT INTO metadata VALUES (85,'20050201:3','DM18','1.3');
INSERT INTO metadata VALUES (86,'20050201:3','DM4','1.1.1');
INSERT INTO metadata VALUES (87,'20050201:3','DM8','1.2.3');
INSERT INTO metadata VALUES (88,'20050201:3','DM16','1.2.11');
INSERT INTO metadata VALUES (89,'20050201:3','DM1','default');
INSERT INTO metadata VALUES (90,'20050201:3','DM11','1.2.6');
INSERT INTO metadata VALUES (91,'20050201:3','DM7','1.2.2');
INSERT INTO metadata VALUES (92,'20050201:3','DM2','1');
INSERT INTO metadata VALUES (93,'20050201:3','DM21','1.4');
INSERT INTO metadata VALUES (94,'20050201:3','DM22','1.5');
INSERT INTO metadata VALUES (95,'20050201:3','DM19','1.3.1');
INSERT INTO metadata VALUES (96,'20050201:3','DM3','1.1');
INSERT INTO metadata VALUES (97,'20050201:3','DM10','1.2.5');
INSERT INTO metadata VALUES (98,'20050201:3','DM14','1.2.9');
INSERT INTO metadata VALUES (99,'20050201:3','DM6','1.2.1');
INSERT INTO metadata VALUES (100,'20050201:3','DM20','1.3.2');
INSERT INTO metadata VALUES (101,'20050201:3','DM9','1.2.4');
INSERT INTO metadata VALUES (102,'20050201:3','DM5','1.2');
INSERT INTO metadata VALUES (103,'20050201:3','DM13','1.2.8');
INSERT INTO metadata VALUES (104,'20050201:3','DM15','1.2.10');
INSERT INTO metadata VALUES (105,'20050201:4','DM24','1.7.3');
INSERT INTO metadata VALUES (106,'20050201:4','DM17','1.5.1');
INSERT INTO metadata VALUES (107,'20050201:4','DM8','1.3');
INSERT INTO metadata VALUES (108,'20050201:4','DM7','1.2.3');
INSERT INTO metadata VALUES (109,'20050201:4','DM21','1.7');
INSERT INTO metadata VALUES (110,'20050201:4','DM14','1.4.1');
INSERT INTO metadata VALUES (111,'20050201:4','DM1','default');
INSERT INTO metadata VALUES (112,'20050201:4','DM18','1.5.2');
INSERT INTO metadata VALUES (113,'20050201:4','DM6','1.2.2');
INSERT INTO metadata VALUES (114,'20050201:4','DM11','1.3.3');
INSERT INTO metadata VALUES (115,'20050201:4','DM2','1');
INSERT INTO metadata VALUES (116,'20050201:4','DM13','1.4');
INSERT INTO metadata VALUES (117,'20050201:4','DM20','1.6');
INSERT INTO metadata VALUES (118,'20050201:4','DM16','1.5');
INSERT INTO metadata VALUES (119,'20050201:4','DM23','1.7.2');
INSERT INTO metadata VALUES (120,'20050201:4','DM15','1.4.2');
INSERT INTO metadata VALUES (121,'20050201:4','DM9','1.3.1');
INSERT INTO metadata VALUES (122,'20050201:4','DM19','1.5.3');
INSERT INTO metadata VALUES (123,'20050201:4','DM3','1.1');
INSERT INTO metadata VALUES (124,'20050201:4','DM12','1.3.4');
INSERT INTO metadata VALUES (125,'20050201:4','DM22','1.7.1');
INSERT INTO metadata VALUES (126,'20050201:4','DM5','1.2.1');
INSERT INTO metadata VALUES (127,'20050201:4','DM10','1.3.2');
INSERT INTO metadata VALUES (128,'20050201:4','DM4','1.2');
INSERT INTO metadata VALUES (129,'20050201:5','DM34','1.7.5');
INSERT INTO metadata VALUES (130,'20050201:5','DM20','1.6.2');
INSERT INTO metadata VALUES (131,'20050201:5','DM32','1.7.3');
INSERT INTO metadata VALUES (132,'20050201:5','DM14','1.5.1');
INSERT INTO metadata VALUES (133,'20050201:5','DM46','1.8');
INSERT INTO metadata VALUES (134,'20050201:5','DM44','1.7.15');
INSERT INTO metadata VALUES (135,'20050201:5','DM5','1.3');
INSERT INTO metadata VALUES (136,'20050201:5','DM35','1.7.6');
INSERT INTO metadata VALUES (137,'20050201:5','DM21','1.6.3');
INSERT INTO metadata VALUES (138,'20050201:5','DM15','1.5.2');
INSERT INTO metadata VALUES (139,'20050201:5','DM2','1');
INSERT INTO metadata VALUES (140,'20050201:5','DM43','1.7.14');
INSERT INTO metadata VALUES (141,'20050201:5','DM45','1.7.16');
INSERT INTO metadata VALUES (142,'20050201:5','DM3','1.1');
INSERT INTO metadata VALUES (143,'20050201:5','DM10','1.3.5');
INSERT INTO metadata VALUES (144,'20050201:5','DM17','1.5.4');
INSERT INTO metadata VALUES (145,'20050201:5','DM7','1.3.2');
INSERT INTO metadata VALUES (146,'20050201:5','DM23','1.6.5');
INSERT INTO metadata VALUES (147,'20050201:5','DM33','1.7.4');
INSERT INTO metadata VALUES (148,'20050201:5','DM36','1.7.7');
INSERT INTO metadata VALUES (149,'20050201:5','DM4','1.2');
INSERT INTO metadata VALUES (150,'20050201:5','DM24','1.6.6');
INSERT INTO metadata VALUES (151,'20050201:5','DM47','1.9');
INSERT INTO metadata VALUES (152,'20050201:5','DM41','1.7.12');
INSERT INTO metadata VALUES (153,'20050201:5','DM38','1.7.9');
INSERT INTO metadata VALUES (154,'20050201:5','DM27','1.6.9');
INSERT INTO metadata VALUES (155,'20050201:5','DM29','1.7');
INSERT INTO metadata VALUES (156,'20050201:5','DM1','default');
INSERT INTO metadata VALUES (157,'20050201:5','DM40','1.7.11');
INSERT INTO metadata VALUES (158,'20050201:5','DM28','1.6.10');
INSERT INTO metadata VALUES (159,'20050201:5','DM26','1.6.8');
INSERT INTO metadata VALUES (160,'20050201:5','DM8','1.3.3');
INSERT INTO metadata VALUES (161,'20050201:5','DM12','1.4');
INSERT INTO metadata VALUES (162,'20050201:5','DM19','1.6.1');
INSERT INTO metadata VALUES (163,'20050201:5','DM13','1.5');
INSERT INTO metadata VALUES (164,'20050201:5','DM18','1.6');
INSERT INTO metadata VALUES (165,'20050201:5','DM22','1.6.4');
INSERT INTO metadata VALUES (166,'20050201:5','DM31','1.7.2');
INSERT INTO metadata VALUES (167,'20050201:5','DM6','1.3.1');
INSERT INTO metadata VALUES (168,'20050201:5','DM16','1.5.3');
INSERT INTO metadata VALUES (169,'20050201:5','DM9','1.3.4');
INSERT INTO metadata VALUES (170,'20050201:5','DM39','1.7.10');
INSERT INTO metadata VALUES (171,'20050201:5','DM25','1.6.7');
INSERT INTO metadata VALUES (172,'20050201:5','DM30','1.7.1');
INSERT INTO metadata VALUES (173,'20050201:5','DM42','1.7.13');
INSERT INTO metadata VALUES (174,'20050201:5','DM37','1.7.8');
INSERT INTO metadata VALUES (175,'20050201:5','DM11','1.3.6');
INSERT INTO metadata VALUES (176,'20050201:6','DM1','default');

--
-- Table structure for table `namespaces`
--

CREATE TABLE namespaces (
  NamespaceRef int(11) NOT NULL auto_increment,
  MetadataRef int(11) default NULL,
  DocID varchar(64) default NULL,
  MetaID varchar(64) default NULL,
  NamespaceID varchar(64) default NULL,
  NamespaceType varchar(64) default NULL,
  FileType varchar(64) default NULL,
  FileLoc tinytext,
  Creator varchar(128) default NULL,
  PRIMARY KEY  (NamespaceRef)
) TYPE=MyISAM;

--
-- Dumping data for table `namespaces`
--

INSERT INTO namespaces VALUES (1,1,NULL,NULL,'1','gsdl3',NULL,NULL,NULL);
INSERT INTO namespaces VALUES (2,2,NULL,NULL,'2','gsdl3',NULL,NULL,NULL);
INSERT INTO namespaces VALUES (3,3,NULL,NULL,'3','gsdl3',NULL,NULL,NULL);
INSERT INTO namespaces VALUES (4,4,NULL,NULL,'4','gsdl3',NULL,NULL,NULL);
INSERT INTO namespaces VALUES (5,5,NULL,NULL,'5','gsdl3',NULL,NULL,NULL);
INSERT INTO namespaces VALUES (6,6,NULL,NULL,'6','gsdl3',NULL,NULL,NULL);
INSERT INTO namespaces VALUES (7,7,NULL,NULL,'7','gsdl3',NULL,NULL,NULL);
INSERT INTO namespaces VALUES (8,8,NULL,NULL,'8','gsdl3',NULL,NULL,NULL);
INSERT INTO namespaces VALUES (9,9,NULL,NULL,'9','gsdl3',NULL,NULL,NULL);
INSERT INTO namespaces VALUES (10,10,NULL,NULL,'10','gsdl3',NULL,NULL,NULL);
INSERT INTO namespaces VALUES (11,11,NULL,NULL,'11','gsdl3',NULL,NULL,NULL);
INSERT INTO namespaces VALUES (12,12,NULL,NULL,'12','gsdl3',NULL,NULL,NULL);
INSERT INTO namespaces VALUES (13,13,NULL,NULL,'13','gsdl3',NULL,NULL,NULL);
INSERT INTO namespaces VALUES (14,14,NULL,NULL,'14','gsdl3',NULL,NULL,NULL);
INSERT INTO namespaces VALUES (15,15,NULL,NULL,'15','gsdl3',NULL,NULL,NULL);
INSERT INTO namespaces VALUES (16,16,NULL,NULL,'16','gsdl3',NULL,NULL,NULL);
INSERT INTO namespaces VALUES (17,17,NULL,NULL,'17','gsdl3',NULL,NULL,NULL);
INSERT INTO namespaces VALUES (18,18,NULL,NULL,'18','gsdl3',NULL,NULL,NULL);
INSERT INTO namespaces VALUES (19,19,NULL,NULL,'19','gsdl3',NULL,NULL,NULL);
INSERT INTO namespaces VALUES (20,20,NULL,NULL,'20','gsdl3',NULL,NULL,NULL);
INSERT INTO namespaces VALUES (21,21,NULL,NULL,'21','gsdl3',NULL,NULL,NULL);
INSERT INTO namespaces VALUES (22,22,NULL,NULL,'22','gsdl3',NULL,NULL,NULL);
INSERT INTO namespaces VALUES (23,23,NULL,NULL,'23','gsdl3',NULL,NULL,NULL);
INSERT INTO namespaces VALUES (24,24,NULL,NULL,'24','gsdl3',NULL,NULL,NULL);
INSERT INTO namespaces VALUES (25,25,NULL,NULL,'25','gsdl3',NULL,NULL,NULL);
INSERT INTO namespaces VALUES (26,26,NULL,NULL,'26','gsdl3',NULL,NULL,NULL);
INSERT INTO namespaces VALUES (27,27,NULL,NULL,'27','gsdl3',NULL,NULL,NULL);
INSERT INTO namespaces VALUES (28,28,NULL,NULL,'28','gsdl3',NULL,NULL,NULL);
INSERT INTO namespaces VALUES (29,29,NULL,NULL,'29','gsdl3',NULL,NULL,NULL);
INSERT INTO namespaces VALUES (30,30,NULL,NULL,'30','gsdl3',NULL,NULL,NULL);
INSERT INTO namespaces VALUES (31,31,NULL,NULL,'31','gsdl3',NULL,NULL,NULL);
INSERT INTO namespaces VALUES (32,32,NULL,NULL,'32','gsdl3',NULL,NULL,NULL);
INSERT INTO namespaces VALUES (33,33,NULL,NULL,'33','gsdl3',NULL,NULL,NULL);
INSERT INTO namespaces VALUES (34,34,NULL,NULL,'34','gsdl3',NULL,NULL,NULL);
INSERT INTO namespaces VALUES (35,35,NULL,NULL,'35','gsdl3',NULL,NULL,NULL);
INSERT INTO namespaces VALUES (36,36,NULL,NULL,'36','gsdl3',NULL,NULL,NULL);
INSERT INTO namespaces VALUES (37,37,NULL,NULL,'37','gsdl3',NULL,NULL,NULL);
INSERT INTO namespaces VALUES (38,38,NULL,NULL,'38','gsdl3',NULL,NULL,NULL);
INSERT INTO namespaces VALUES (39,39,NULL,NULL,'39','gsdl3',NULL,NULL,NULL);
INSERT INTO namespaces VALUES (40,40,NULL,NULL,'40','gsdl3',NULL,NULL,NULL);
INSERT INTO namespaces VALUES (41,41,NULL,NULL,'41','gsdl3',NULL,NULL,NULL);
INSERT INTO namespaces VALUES (42,42,NULL,NULL,'42','gsdl3',NULL,NULL,NULL);
INSERT INTO namespaces VALUES (43,43,NULL,NULL,'43','gsdl3',NULL,NULL,NULL);
INSERT INTO namespaces VALUES (44,44,NULL,NULL,'44','gsdl3',NULL,NULL,NULL);
INSERT INTO namespaces VALUES (45,45,NULL,NULL,'45','gsdl3',NULL,NULL,NULL);
INSERT INTO namespaces VALUES (46,46,NULL,NULL,'46','gsdl3',NULL,NULL,NULL);
INSERT INTO namespaces VALUES (47,47,NULL,NULL,'47','gsdl3',NULL,NULL,NULL);
INSERT INTO namespaces VALUES (48,48,NULL,NULL,'48','gsdl3',NULL,NULL,NULL);
INSERT INTO namespaces VALUES (49,49,NULL,NULL,'49','gsdl3',NULL,NULL,NULL);
INSERT INTO namespaces VALUES (50,50,NULL,NULL,'50','gsdl3',NULL,NULL,NULL);
INSERT INTO namespaces VALUES (51,51,NULL,NULL,'51','gsdl3',NULL,NULL,NULL);
INSERT INTO namespaces VALUES (52,52,NULL,NULL,'52','gsdl3',NULL,NULL,NULL);
INSERT INTO namespaces VALUES (53,53,NULL,NULL,'53','gsdl3',NULL,NULL,NULL);
INSERT INTO namespaces VALUES (54,54,NULL,NULL,'54','gsdl3',NULL,NULL,NULL);
INSERT INTO namespaces VALUES (55,55,NULL,NULL,'55','gsdl3',NULL,NULL,NULL);
INSERT INTO namespaces VALUES (56,56,NULL,NULL,'56','gsdl3',NULL,NULL,NULL);
INSERT INTO namespaces VALUES (57,57,NULL,NULL,'57','gsdl3',NULL,NULL,NULL);
INSERT INTO namespaces VALUES (58,58,NULL,NULL,'58','gsdl3',NULL,NULL,NULL);
INSERT INTO namespaces VALUES (59,59,NULL,NULL,'59','gsdl3',NULL,NULL,NULL);
INSERT INTO namespaces VALUES (60,60,NULL,NULL,'60','gsdl3',NULL,NULL,NULL);
INSERT INTO namespaces VALUES (61,61,NULL,NULL,'61','gsdl3',NULL,NULL,NULL);
INSERT INTO namespaces VALUES (62,62,NULL,NULL,'62','gsdl3',NULL,NULL,NULL);
INSERT INTO namespaces VALUES (63,63,NULL,NULL,'63','gsdl3',NULL,NULL,NULL);
INSERT INTO namespaces VALUES (64,64,NULL,NULL,'64','gsdl3',NULL,NULL,NULL);
INSERT INTO namespaces VALUES (65,65,NULL,NULL,'65','gsdl3',NULL,NULL,NULL);
INSERT INTO namespaces VALUES (66,66,NULL,NULL,'66','gsdl3',NULL,NULL,NULL);
INSERT INTO namespaces VALUES (67,67,NULL,NULL,'67','gsdl3',NULL,NULL,NULL);
INSERT INTO namespaces VALUES (68,68,NULL,NULL,'68','gsdl3',NULL,NULL,NULL);
INSERT INTO namespaces VALUES (69,69,NULL,NULL,'69','gsdl3',NULL,NULL,NULL);
INSERT INTO namespaces VALUES (70,70,NULL,NULL,'70','gsdl3',NULL,NULL,NULL);
INSERT INTO namespaces VALUES (71,71,NULL,NULL,'71','gsdl3',NULL,NULL,NULL);
INSERT INTO namespaces VALUES (72,72,NULL,NULL,'72','gsdl3',NULL,NULL,NULL);
INSERT INTO namespaces VALUES (73,73,NULL,NULL,'73','gsdl3',NULL,NULL,NULL);
INSERT INTO namespaces VALUES (74,74,NULL,NULL,'74','gsdl3',NULL,NULL,NULL);
INSERT INTO namespaces VALUES (75,75,NULL,NULL,'75','gsdl3',NULL,NULL,NULL);
INSERT INTO namespaces VALUES (76,76,NULL,NULL,'76','gsdl3',NULL,NULL,NULL);
INSERT INTO namespaces VALUES (77,77,NULL,NULL,'77','gsdl3',NULL,NULL,NULL);
INSERT INTO namespaces VALUES (78,78,NULL,NULL,'78','gsdl3',NULL,NULL,NULL);
INSERT INTO namespaces VALUES (79,79,NULL,NULL,'79','gsdl3',NULL,NULL,NULL);
INSERT INTO namespaces VALUES (80,80,NULL,NULL,'80','gsdl3',NULL,NULL,NULL);
INSERT INTO namespaces VALUES (81,81,NULL,NULL,'81','gsdl3',NULL,NULL,NULL);
INSERT INTO namespaces VALUES (82,82,NULL,NULL,'82','gsdl3',NULL,NULL,NULL);
INSERT INTO namespaces VALUES (83,83,NULL,NULL,'83','gsdl3',NULL,NULL,NULL);
INSERT INTO namespaces VALUES (84,84,NULL,NULL,'84','gsdl3',NULL,NULL,NULL);
INSERT INTO namespaces VALUES (85,85,NULL,NULL,'85','gsdl3',NULL,NULL,NULL);
INSERT INTO namespaces VALUES (86,86,NULL,NULL,'86','gsdl3',NULL,NULL,NULL);
INSERT INTO namespaces VALUES (87,87,NULL,NULL,'87','gsdl3',NULL,NULL,NULL);
INSERT INTO namespaces VALUES (88,88,NULL,NULL,'88','gsdl3',NULL,NULL,NULL);
INSERT INTO namespaces VALUES (89,89,NULL,NULL,'89','gsdl3',NULL,NULL,NULL);
INSERT INTO namespaces VALUES (90,90,NULL,NULL,'90','gsdl3',NULL,NULL,NULL);
INSERT INTO namespaces VALUES (91,91,NULL,NULL,'91','gsdl3',NULL,NULL,NULL);
INSERT INTO namespaces VALUES (92,92,NULL,NULL,'92','gsdl3',NULL,NULL,NULL);
INSERT INTO namespaces VALUES (93,93,NULL,NULL,'93','gsdl3',NULL,NULL,NULL);
INSERT INTO namespaces VALUES (94,94,NULL,NULL,'94','gsdl3',NULL,NULL,NULL);
INSERT INTO namespaces VALUES (95,95,NULL,NULL,'95','gsdl3',NULL,NULL,NULL);
INSERT INTO namespaces VALUES (96,96,NULL,NULL,'96','gsdl3',NULL,NULL,NULL);
INSERT INTO namespaces VALUES (97,97,NULL,NULL,'97','gsdl3',NULL,NULL,NULL);
INSERT INTO namespaces VALUES (98,98,NULL,NULL,'98','gsdl3',NULL,NULL,NULL);
INSERT INTO namespaces VALUES (99,99,NULL,NULL,'99','gsdl3',NULL,NULL,NULL);
INSERT INTO namespaces VALUES (100,100,NULL,NULL,'100','gsdl3',NULL,NULL,NULL);
INSERT INTO namespaces VALUES (101,101,NULL,NULL,'101','gsdl3',NULL,NULL,NULL);
INSERT INTO namespaces VALUES (102,102,NULL,NULL,'102','gsdl3',NULL,NULL,NULL);
INSERT INTO namespaces VALUES (103,103,NULL,NULL,'103','gsdl3',NULL,NULL,NULL);
INSERT INTO namespaces VALUES (104,104,NULL,NULL,'104','gsdl3',NULL,NULL,NULL);
INSERT INTO namespaces VALUES (105,105,NULL,NULL,'105','gsdl3',NULL,NULL,NULL);
INSERT INTO namespaces VALUES (106,106,NULL,NULL,'106','gsdl3',NULL,NULL,NULL);
INSERT INTO namespaces VALUES (107,107,NULL,NULL,'107','gsdl3',NULL,NULL,NULL);
INSERT INTO namespaces VALUES (108,108,NULL,NULL,'108','gsdl3',NULL,NULL,NULL);
INSERT INTO namespaces VALUES (109,109,NULL,NULL,'109','gsdl3',NULL,NULL,NULL);
INSERT INTO namespaces VALUES (110,110,NULL,NULL,'110','gsdl3',NULL,NULL,NULL);
INSERT INTO namespaces VALUES (111,111,NULL,NULL,'111','gsdl3',NULL,NULL,NULL);
INSERT INTO namespaces VALUES (112,112,NULL,NULL,'112','gsdl3',NULL,NULL,NULL);
INSERT INTO namespaces VALUES (113,113,NULL,NULL,'113','gsdl3',NULL,NULL,NULL);
INSERT INTO namespaces VALUES (114,114,NULL,NULL,'114','gsdl3',NULL,NULL,NULL);
INSERT INTO namespaces VALUES (115,115,NULL,NULL,'115','gsdl3',NULL,NULL,NULL);
INSERT INTO namespaces VALUES (116,116,NULL,NULL,'116','gsdl3',NULL,NULL,NULL);
INSERT INTO namespaces VALUES (117,117,NULL,NULL,'117','gsdl3',NULL,NULL,NULL);
INSERT INTO namespaces VALUES (118,118,NULL,NULL,'118','gsdl3',NULL,NULL,NULL);
INSERT INTO namespaces VALUES (119,119,NULL,NULL,'119','gsdl3',NULL,NULL,NULL);
INSERT INTO namespaces VALUES (120,120,NULL,NULL,'120','gsdl3',NULL,NULL,NULL);
INSERT INTO namespaces VALUES (121,121,NULL,NULL,'121','gsdl3',NULL,NULL,NULL);
INSERT INTO namespaces VALUES (122,122,NULL,NULL,'122','gsdl3',NULL,NULL,NULL);
INSERT INTO namespaces VALUES (123,123,NULL,NULL,'123','gsdl3',NULL,NULL,NULL);
INSERT INTO namespaces VALUES (124,124,NULL,NULL,'124','gsdl3',NULL,NULL,NULL);
INSERT INTO namespaces VALUES (125,125,NULL,NULL,'125','gsdl3',NULL,NULL,NULL);
INSERT INTO namespaces VALUES (126,126,NULL,NULL,'126','gsdl3',NULL,NULL,NULL);
INSERT INTO namespaces VALUES (127,127,NULL,NULL,'127','gsdl3',NULL,NULL,NULL);
INSERT INTO namespaces VALUES (128,128,NULL,NULL,'128','gsdl3',NULL,NULL,NULL);
INSERT INTO namespaces VALUES (129,129,NULL,NULL,'129','gsdl3',NULL,NULL,NULL);
INSERT INTO namespaces VALUES (130,130,NULL,NULL,'130','gsdl3',NULL,NULL,NULL);
INSERT INTO namespaces VALUES (131,131,NULL,NULL,'131','gsdl3',NULL,NULL,NULL);
INSERT INTO namespaces VALUES (132,132,NULL,NULL,'132','gsdl3',NULL,NULL,NULL);
INSERT INTO namespaces VALUES (133,133,NULL,NULL,'133','gsdl3',NULL,NULL,NULL);
INSERT INTO namespaces VALUES (134,134,NULL,NULL,'134','gsdl3',NULL,NULL,NULL);
INSERT INTO namespaces VALUES (135,135,NULL,NULL,'135','gsdl3',NULL,NULL,NULL);
INSERT INTO namespaces VALUES (136,136,NULL,NULL,'136','gsdl3',NULL,NULL,NULL);
INSERT INTO namespaces VALUES (137,137,NULL,NULL,'137','gsdl3',NULL,NULL,NULL);
INSERT INTO namespaces VALUES (138,138,NULL,NULL,'138','gsdl3',NULL,NULL,NULL);
INSERT INTO namespaces VALUES (139,139,NULL,NULL,'139','gsdl3',NULL,NULL,NULL);
INSERT INTO namespaces VALUES (140,140,NULL,NULL,'140','gsdl3',NULL,NULL,NULL);
INSERT INTO namespaces VALUES (141,141,NULL,NULL,'141','gsdl3',NULL,NULL,NULL);
INSERT INTO namespaces VALUES (142,142,NULL,NULL,'142','gsdl3',NULL,NULL,NULL);
INSERT INTO namespaces VALUES (143,143,NULL,NULL,'143','gsdl3',NULL,NULL,NULL);
INSERT INTO namespaces VALUES (144,144,NULL,NULL,'144','gsdl3',NULL,NULL,NULL);
INSERT INTO namespaces VALUES (145,145,NULL,NULL,'145','gsdl3',NULL,NULL,NULL);
INSERT INTO namespaces VALUES (146,146,NULL,NULL,'146','gsdl3',NULL,NULL,NULL);
INSERT INTO namespaces VALUES (147,147,NULL,NULL,'147','gsdl3',NULL,NULL,NULL);
INSERT INTO namespaces VALUES (148,148,NULL,NULL,'148','gsdl3',NULL,NULL,NULL);
INSERT INTO namespaces VALUES (149,149,NULL,NULL,'149','gsdl3',NULL,NULL,NULL);
INSERT INTO namespaces VALUES (150,150,NULL,NULL,'150','gsdl3',NULL,NULL,NULL);
INSERT INTO namespaces VALUES (151,151,NULL,NULL,'151','gsdl3',NULL,NULL,NULL);
INSERT INTO namespaces VALUES (152,152,NULL,NULL,'152','gsdl3',NULL,NULL,NULL);
INSERT INTO namespaces VALUES (153,153,NULL,NULL,'153','gsdl3',NULL,NULL,NULL);
INSERT INTO namespaces VALUES (154,154,NULL,NULL,'154','gsdl3',NULL,NULL,NULL);
INSERT INTO namespaces VALUES (155,155,NULL,NULL,'155','gsdl3',NULL,NULL,NULL);
INSERT INTO namespaces VALUES (156,156,NULL,NULL,'156','gsdl3',NULL,NULL,NULL);
INSERT INTO namespaces VALUES (157,157,NULL,NULL,'157','gsdl3',NULL,NULL,NULL);
INSERT INTO namespaces VALUES (158,158,NULL,NULL,'158','gsdl3',NULL,NULL,NULL);
INSERT INTO namespaces VALUES (159,159,NULL,NULL,'159','gsdl3',NULL,NULL,NULL);
INSERT INTO namespaces VALUES (160,160,NULL,NULL,'160','gsdl3',NULL,NULL,NULL);
INSERT INTO namespaces VALUES (161,161,NULL,NULL,'161','gsdl3',NULL,NULL,NULL);
INSERT INTO namespaces VALUES (162,162,NULL,NULL,'162','gsdl3',NULL,NULL,NULL);
INSERT INTO namespaces VALUES (163,163,NULL,NULL,'163','gsdl3',NULL,NULL,NULL);
INSERT INTO namespaces VALUES (164,164,NULL,NULL,'164','gsdl3',NULL,NULL,NULL);
INSERT INTO namespaces VALUES (165,165,NULL,NULL,'165','gsdl3',NULL,NULL,NULL);
INSERT INTO namespaces VALUES (166,166,NULL,NULL,'166','gsdl3',NULL,NULL,NULL);
INSERT INTO namespaces VALUES (167,167,NULL,NULL,'167','gsdl3',NULL,NULL,NULL);
INSERT INTO namespaces VALUES (168,168,NULL,NULL,'168','gsdl3',NULL,NULL,NULL);
INSERT INTO namespaces VALUES (169,169,NULL,NULL,'169','gsdl3',NULL,NULL,NULL);
INSERT INTO namespaces VALUES (170,170,NULL,NULL,'170','gsdl3',NULL,NULL,NULL);
INSERT INTO namespaces VALUES (171,171,NULL,NULL,'171','gsdl3',NULL,NULL,NULL);
INSERT INTO namespaces VALUES (172,172,NULL,NULL,'172','gsdl3',NULL,NULL,NULL);
INSERT INTO namespaces VALUES (173,173,NULL,NULL,'173','gsdl3',NULL,NULL,NULL);
INSERT INTO namespaces VALUES (174,174,NULL,NULL,'174','gsdl3',NULL,NULL,NULL);
INSERT INTO namespaces VALUES (175,175,NULL,NULL,'175','gsdl3',NULL,NULL,NULL);

--
-- Table structure for table `structure`
--

CREATE TABLE structure (
  StructureRef int(11) NOT NULL auto_increment,
  DocID varchar(64) default NULL,
  StructureID varchar(64) default NULL,
  StructureType varchar(64) default NULL,
  Label varchar(128) default NULL,
  PRIMARY KEY  (StructureRef)
) TYPE=MyISAM;

--
-- Dumping data for table `structure`
--

INSERT INTO structure VALUES (1,'20050201:1','Section','Section','Section');
INSERT INTO structure VALUES (2,'20050201:1','All','Whole Document','All');
INSERT INTO structure VALUES (3,'20050201:2','Section','Section','Section');
INSERT INTO structure VALUES (4,'20050201:2','All','Whole Document','All');
INSERT INTO structure VALUES (5,'20050201:3','Section','Section','Section');
INSERT INTO structure VALUES (6,'20050201:3','All','Whole Document','All');
INSERT INTO structure VALUES (7,'20050201:4','Section','Section','Section');
INSERT INTO structure VALUES (8,'20050201:4','All','Whole Document','All');
INSERT INTO structure VALUES (9,'20050201:5','Section','Section','Section');
INSERT INTO structure VALUES (10,'20050201:5','All','Whole Document','All');
INSERT INTO structure VALUES (11,'20050201:6','All','Whole Document','All');

